{"id":14852,"date":"2019-11-08T10:13:29","date_gmt":"2019-11-08T09:13:29","guid":{"rendered":"https:\/\/global-exam.com\/blog\/?page_id=14852"},"modified":"2022-09-15T17:10:23","modified_gmt":"2022-09-15T15:10:23","slug":"examenes","status":"publish","type":"page","link":"https:\/\/global-exam.com\/blog\/es\/examenes\/","title":{"rendered":"Ex\u00e1menes de idioma"},"content":{"rendered":"<p>Preparar tu certificaci\u00f3n ling\u00fc\u00edstica<\/p>\n<p style=\"text-align: left;\">\u00bfQuieres certificar tu nivel de idiomas? Asegur\u00e1te el \u00e9xito prepar\u00e1ndote para el examen.<\/p>\n<p style=\"text-align: left;\">En este blog encontrar\u00e1s nuestros consejos, recomendaciones y buenas pr\u00e1cticas para mejorar tu puntuaci\u00f3n y aprobar tu examen de idiomas. Nuestros art\u00edculos est\u00e1n dise\u00f1ados para ayudarte a entender las instrucciones y la estructura de tu examen a la perfecci\u00f3n. Tambi\u00e9n puedes leer nuestras recomendaciones pr\u00e1cticas y hojas de repaso para obtener la mejor puntuaci\u00f3n posible. Desde el momento en que te inscribes en el examen hasta el momento en que obtengas tu certificaci\u00f3n, \u00a1d\u00e9jate guiar por los preparativos de Global Exam!<\/p>\n","protected":false},"excerpt":{"rendered":"<p>Preparar tu certificaci\u00f3n ling\u00fc\u00edstica \u00bfQuieres certificar tu nivel de idiomas? Asegur\u00e1te el \u00e9xito prepar\u00e1ndote para el examen. En este blog encontrar\u00e1s nuestros [&hellip;]<\/p>\n","protected":false},"author":2,"featured_media":0,"parent":0,"menu_order":0,"comment_status":"closed","ping_status":"closed","template":"","meta":[],"acf":[],"yoast_head":"<!-- This site is optimized with the Yoast SEO plugin v17.2.1 - https:\/\/yoast.com\/wordpress\/plugins\/seo\/ -->\n<title>Ex\u00e1menes de idioma<\/title>\n<meta name=\"robots\" content=\"index, follow, max-snippet:-1, max-image-preview:large, max-video-preview:-1\" \/>\n<link rel=\"canonical\" href=\"https:\/\/global-exam.com\/blog\/es\/examenes\/\" \/>\n<meta property=\"og:locale\" content=\"fr_FR\" \/>\n<meta property=\"og:type\" content=\"article\" \/>\n<meta property=\"og:title\" content=\"Ex\u00e1menes de idioma\" \/>\n<meta property=\"og:description\" content=\"Preparar tu certificaci\u00f3n ling\u00fc\u00edstica \u00bfQuieres certificar tu nivel de idiomas? Asegur\u00e1te el \u00e9xito prepar\u00e1ndote para el examen. En este blog encontrar\u00e1s nuestros [&hellip;]\" \/>\n<meta property=\"og:url\" content=\"https:\/\/global-exam.com\/blog\/es\/examenes\/\" \/>\n<meta property=\"og:site_name\" content=\"GlobalExam Blog\" \/>\n<meta property=\"article:publisher\" content=\"https:\/\/www.facebook.com\/Global.Exam\" \/>\n<meta property=\"article:modified_time\" content=\"2022-09-15T15:10:23+00:00\" \/>\n<meta name=\"twitter:card\" content=\"summary_large_image\" \/>\n<meta name=\"twitter:site\" content=\"@Global_Exam\" \/>\n<meta name=\"twitter:label1\" content=\"Dur\u00e9e de lecture estim\u00e9e\" \/>\n\t<meta name=\"twitter:data1\" content=\"1 minute\" \/>\n<script type=\"application\/ld+json\" class=\"yoast-schema-graph\">{\"@context\":\"https:\/\/schema.org\",\"@graph\":[{\"@type\":\"WebSite\",\"@id\":\"https:\/\/global-exam.com\/blog\/#website\",\"url\":\"https:\/\/global-exam.com\/blog\/\",\"name\":\"GlobalExam Blog\",\"description\":\"Le blog du sp\\u00e9cialiste de la certification linguistique\",\"potentialAction\":[{\"@type\":\"SearchAction\",\"target\":{\"@type\":\"EntryPoint\",\"urlTemplate\":\"https:\/\/global-exam.com\/blog\/?s={search_term_string}\"},\"query-input\":\"required name=search_term_string\"}],\"inLanguage\":\"fr-FR\"},{\"@type\":\"WebPage\",\"@id\":\"https:\/\/global-exam.com\/blog\/es\/examenes\/#webpage\",\"url\":\"https:\/\/global-exam.com\/blog\/es\/examenes\/\",\"name\":\"Ex\\u00e1menes de idioma\",\"isPartOf\":{\"@id\":\"https:\/\/global-exam.com\/blog\/#website\"},\"datePublished\":\"2019-11-08T09:13:29+00:00\",\"dateModified\":\"2022-09-15T15:10:23+00:00\",\"breadcrumb\":{\"@id\":\"https:\/\/global-exam.com\/blog\/es\/examenes\/#breadcrumb\"},\"inLanguage\":\"fr-FR\",\"potentialAction\":[{\"@type\":\"ReadAction\",\"target\":[\"https:\/\/global-exam.com\/blog\/es\/examenes\/\"]}]},{\"@type\":\"BreadcrumbList\",\"@id\":\"https:\/\/global-exam.com\/blog\/es\/examenes\/#breadcrumb\",\"itemListElement\":[{\"@type\":\"ListItem\",\"position\":1,\"name\":\"Ex\\u00e1menes de idioma\"}]}]}<\/script>\n<!-- \/ Yoast SEO plugin. -->","yoast_head_json":{"title":"Ex\u00e1menes de idioma","robots":{"index":"index","follow":"follow","max-snippet":"max-snippet:-1","max-image-preview":"max-image-preview:large","max-video-preview":"max-video-preview:-1"},"canonical":"https:\/\/global-exam.com\/blog\/es\/examenes\/","og_locale":"fr_FR","og_type":"article","og_title":"Ex\u00e1menes de idioma","og_description":"Preparar tu certificaci\u00f3n ling\u00fc\u00edstica \u00bfQuieres certificar tu nivel de idiomas? Asegur\u00e1te el \u00e9xito prepar\u00e1ndote para el examen. En este blog encontrar\u00e1s nuestros [&hellip;]","og_url":"https:\/\/global-exam.com\/blog\/es\/examenes\/","og_site_name":"GlobalExam Blog","article_publisher":"https:\/\/www.facebook.com\/Global.Exam","article_modified_time":"2022-09-15T15:10:23+00:00","twitter_card":"summary_large_image","twitter_site":"@Global_Exam","twitter_misc":{"Dur\u00e9e de lecture estim\u00e9e":"1 minute"},"schema":{"@context":"https:\/\/schema.org","@graph":[{"@type":"WebSite","@id":"https:\/\/global-exam.com\/blog\/#website","url":"https:\/\/global-exam.com\/blog\/","name":"GlobalExam Blog","description":"Le blog du sp\u00e9cialiste de la certification linguistique","potentialAction":[{"@type":"SearchAction","target":{"@type":"EntryPoint","urlTemplate":"https:\/\/global-exam.com\/blog\/?s={search_term_string}"},"query-input":"required name=search_term_string"}],"inLanguage":"fr-FR"},{"@type":"WebPage","@id":"https:\/\/global-exam.com\/blog\/es\/examenes\/#webpage","url":"https:\/\/global-exam.com\/blog\/es\/examenes\/","name":"Ex\u00e1menes de idioma","isPartOf":{"@id":"https:\/\/global-exam.com\/blog\/#website"},"datePublished":"2019-11-08T09:13:29+00:00","dateModified":"2022-09-15T15:10:23+00:00","breadcrumb":{"@id":"https:\/\/global-exam.com\/blog\/es\/examenes\/#breadcrumb"},"inLanguage":"fr-FR","potentialAction":[{"@type":"ReadAction","target":["https:\/\/global-exam.com\/blog\/es\/examenes\/"]}]},{"@type":"BreadcrumbList","@id":"https:\/\/global-exam.com\/blog\/es\/examenes\/#breadcrumb","itemListElement":[{"@type":"ListItem","position":1,"name":"Ex\u00e1menes de idioma"}]}]}},"lang":"es","translations":{"es":14852,"fr":2839,"en":3050,"pt":19555,"ja":19595,"zh":19642,"de":20114,"it":21123,"ko":21173,"id":22157,"th":22242,"vi":22318},"pll_sync_post":[],"_links":{"self":[{"href":"https:\/\/global-exam.com\/blog\/wp-json\/wp\/v2\/pages\/14852"}],"collection":[{"href":"https:\/\/global-exam.com\/blog\/wp-json\/wp\/v2\/pages"}],"about":[{"href":"https:\/\/global-exam.com\/blog\/wp-json\/wp\/v2\/types\/page"}],"author":[{"embeddable":true,"href":"https:\/\/global-exam.com\/blog\/wp-json\/wp\/v2\/users\/2"}],"replies":[{"embeddable":true,"href":"https:\/\/global-exam.com\/blog\/wp-json\/wp\/v2\/comments?post=14852"}],"version-history":[{"count":33,"href":"https:\/\/global-exam.com\/blog\/wp-json\/wp\/v2\/pages\/14852\/revisions"}],"predecessor-version":[{"id":79475,"href":"https:\/\/global-exam.com\/blog\/wp-json\/wp\/v2\/pages\/14852\/revisions\/79475"}],"wp:attachment":[{"href":"https:\/\/global-exam.com\/blog\/wp-json\/wp\/v2\/media?parent=14852"}],"curies":[{"name":"wp","href":"https:\/\/api.w.org\/{rel}","templated":true}]}}