{"id":2853,"date":"2019-02-13T12:32:26","date_gmt":"2019-02-13T11:32:26","guid":{"rendered":"https:\/\/global-exam.com\/?page_id=2853"},"modified":"2022-08-17T16:18:28","modified_gmt":"2022-08-17T14:18:28","slug":"delf","status":"publish","type":"page","link":"https:\/\/global-exam.com\/blog\/fr\/examens\/delf\/","title":{"rendered":"DELF : conseils et pr\u00e9paration au test"},"content":{"rendered":"<p>Passer le DELF<\/p>\n<p style=\"text-align: center;\">Le DELF (Dipl\u00f4me d\u2019\u00c9tudes en Langue Fran\u00e7aise) est un test officiel d\u00e9livr\u00e9 par le <strong>Minist\u00e8re de l&rsquo;\u00c9ducation Fran\u00e7aise<\/strong> pour certifier les comp\u00e9tences de Fran\u00e7ais d&rsquo;un candidat dont ce n&rsquo;est pas la langue maternelle. L&rsquo;\u00e9valuation se base sur les <strong>niveaux du CECRL<\/strong>.<\/p>\n<p style=\"text-align: center;\">Le DELF mesure les <strong>niveaux allant de A1 \u00e0 B2<\/strong>, c&rsquo;est-\u00e0-dire des <strong>d\u00e9butants<\/strong> aux niveaux <strong>interm\u00e9diaires<\/strong>. <strong>Quatre comp\u00e9tences<\/strong> sont \u00e9valu\u00e9es : compr\u00e9hension orale, compr\u00e9hension \u00e9crite, expression orale et expression \u00e9crite. Vous pouvez \u00e9valuer votre niveau sur ces comp\u00e9tences dans le cadre d&rsquo;une <a href=\"https:\/\/global-exam.com\/fr\/exam\/delf\" target=\"_blank\" rel=\"noopener\">pr\u00e9paration au DELF<\/a> comme celle propos\u00e9e par GlobalExam.<\/p>\n<p style=\"text-align: center;\">Le test dure <strong>1 heure et 20 minutes au total<\/strong>. Il est <strong>not\u00e9 sur 100<\/strong>, avec un \u00e9quivalent du niveau sur l&rsquo;\u00e9chelle du CECRL.<\/p>\n","protected":false},"excerpt":{"rendered":"<p>Passer le DELF Le DELF (Dipl\u00f4me d\u2019\u00c9tudes en Langue Fran\u00e7aise) est un test officiel d\u00e9livr\u00e9 par le Minist\u00e8re de l&rsquo;\u00c9ducation Fran\u00e7aise pour [&hellip;]<\/p>\n","protected":false},"author":1,"featured_media":0,"parent":2839,"menu_order":0,"comment_status":"closed","ping_status":"closed","template":"","meta":[],"acf":[],"yoast_head":"<!-- This site is optimized with the Yoast SEO plugin v17.2.1 - https:\/\/yoast.com\/wordpress\/plugins\/seo\/ -->\n<title>DELF : conseils et pr\u00e9paration au test - GlobalExam Blog<\/title>\n<meta name=\"robots\" content=\"index, follow, max-snippet:-1, max-image-preview:large, max-video-preview:-1\" \/>\n<link rel=\"canonical\" href=\"https:\/\/global-exam.com\/blog\/fr\/examens\/delf\/\" \/>\n<meta property=\"og:locale\" content=\"fr_FR\" \/>\n<meta property=\"og:type\" content=\"article\" \/>\n<meta property=\"og:title\" content=\"DELF : conseils et pr\u00e9paration au test - GlobalExam Blog\" \/>\n<meta property=\"og:description\" content=\"Passer le DELF Le DELF (Dipl\u00f4me d\u2019\u00c9tudes en Langue Fran\u00e7aise) est un test officiel d\u00e9livr\u00e9 par le Minist\u00e8re de l&rsquo;\u00c9ducation Fran\u00e7aise pour [&hellip;]\" \/>\n<meta property=\"og:url\" content=\"https:\/\/global-exam.com\/blog\/fr\/examens\/delf\/\" \/>\n<meta property=\"og:site_name\" content=\"GlobalExam Blog\" \/>\n<meta property=\"article:publisher\" content=\"https:\/\/www.facebook.com\/Global.Exam\" \/>\n<meta property=\"article:modified_time\" content=\"2022-08-17T14:18:28+00:00\" \/>\n<meta name=\"twitter:card\" content=\"summary_large_image\" \/>\n<meta name=\"twitter:site\" content=\"@Global_Exam\" \/>\n<meta name=\"twitter:label1\" content=\"Dur\u00e9e de lecture estim\u00e9e\" \/>\n\t<meta name=\"twitter:data1\" content=\"1 minute\" \/>\n<script type=\"application\/ld+json\" class=\"yoast-schema-graph\">{\"@context\":\"https:\/\/schema.org\",\"@graph\":[{\"@type\":\"WebSite\",\"@id\":\"https:\/\/global-exam.com\/blog\/#website\",\"url\":\"https:\/\/global-exam.com\/blog\/\",\"name\":\"GlobalExam Blog\",\"description\":\"Le blog du sp\\u00e9cialiste de la certification linguistique\",\"potentialAction\":[{\"@type\":\"SearchAction\",\"target\":{\"@type\":\"EntryPoint\",\"urlTemplate\":\"https:\/\/global-exam.com\/blog\/?s={search_term_string}\"},\"query-input\":\"required name=search_term_string\"}],\"inLanguage\":\"fr-FR\"},{\"@type\":\"WebPage\",\"@id\":\"https:\/\/global-exam.com\/blog\/fr\/examens\/delf\/#webpage\",\"url\":\"https:\/\/global-exam.com\/blog\/fr\/examens\/delf\/\",\"name\":\"DELF : conseils et pr\\u00e9paration au test - GlobalExam Blog\",\"isPartOf\":{\"@id\":\"https:\/\/global-exam.com\/blog\/#website\"},\"datePublished\":\"2019-02-13T11:32:26+00:00\",\"dateModified\":\"2022-08-17T14:18:28+00:00\",\"breadcrumb\":{\"@id\":\"https:\/\/global-exam.com\/blog\/fr\/examens\/delf\/#breadcrumb\"},\"inLanguage\":\"fr-FR\",\"potentialAction\":[{\"@type\":\"ReadAction\",\"target\":[\"https:\/\/global-exam.com\/blog\/fr\/examens\/delf\/\"]}]},{\"@type\":\"BreadcrumbList\",\"@id\":\"https:\/\/global-exam.com\/blog\/fr\/examens\/delf\/#breadcrumb\",\"itemListElement\":[{\"@type\":\"ListItem\",\"position\":1,\"name\":\"Les examens de langue\",\"item\":\"https:\/\/global-exam.com\/blog\/fr\/examens\/\"},{\"@type\":\"ListItem\",\"position\":2,\"name\":\"DELF : conseils et pr\\u00e9paration au test\"}]}]}<\/script>\n<!-- \/ Yoast SEO plugin. -->","yoast_head_json":{"title":"DELF : conseils et pr\u00e9paration au test - GlobalExam Blog","robots":{"index":"index","follow":"follow","max-snippet":"max-snippet:-1","max-image-preview":"max-image-preview:large","max-video-preview":"max-video-preview:-1"},"canonical":"https:\/\/global-exam.com\/blog\/fr\/examens\/delf\/","og_locale":"fr_FR","og_type":"article","og_title":"DELF : conseils et pr\u00e9paration au test - GlobalExam Blog","og_description":"Passer le DELF Le DELF (Dipl\u00f4me d\u2019\u00c9tudes en Langue Fran\u00e7aise) est un test officiel d\u00e9livr\u00e9 par le Minist\u00e8re de l&rsquo;\u00c9ducation Fran\u00e7aise pour [&hellip;]","og_url":"https:\/\/global-exam.com\/blog\/fr\/examens\/delf\/","og_site_name":"GlobalExam Blog","article_publisher":"https:\/\/www.facebook.com\/Global.Exam","article_modified_time":"2022-08-17T14:18:28+00:00","twitter_card":"summary_large_image","twitter_site":"@Global_Exam","twitter_misc":{"Dur\u00e9e de lecture estim\u00e9e":"1 minute"},"schema":{"@context":"https:\/\/schema.org","@graph":[{"@type":"WebSite","@id":"https:\/\/global-exam.com\/blog\/#website","url":"https:\/\/global-exam.com\/blog\/","name":"GlobalExam Blog","description":"Le blog du sp\u00e9cialiste de la certification linguistique","potentialAction":[{"@type":"SearchAction","target":{"@type":"EntryPoint","urlTemplate":"https:\/\/global-exam.com\/blog\/?s={search_term_string}"},"query-input":"required name=search_term_string"}],"inLanguage":"fr-FR"},{"@type":"WebPage","@id":"https:\/\/global-exam.com\/blog\/fr\/examens\/delf\/#webpage","url":"https:\/\/global-exam.com\/blog\/fr\/examens\/delf\/","name":"DELF : conseils et pr\u00e9paration au test - GlobalExam Blog","isPartOf":{"@id":"https:\/\/global-exam.com\/blog\/#website"},"datePublished":"2019-02-13T11:32:26+00:00","dateModified":"2022-08-17T14:18:28+00:00","breadcrumb":{"@id":"https:\/\/global-exam.com\/blog\/fr\/examens\/delf\/#breadcrumb"},"inLanguage":"fr-FR","potentialAction":[{"@type":"ReadAction","target":["https:\/\/global-exam.com\/blog\/fr\/examens\/delf\/"]}]},{"@type":"BreadcrumbList","@id":"https:\/\/global-exam.com\/blog\/fr\/examens\/delf\/#breadcrumb","itemListElement":[{"@type":"ListItem","position":1,"name":"Les examens de langue","item":"https:\/\/global-exam.com\/blog\/fr\/examens\/"},{"@type":"ListItem","position":2,"name":"DELF : conseils et pr\u00e9paration au test"}]}]}},"lang":"fr","translations":{"en":3135,"fr":2853,"es":18503,"de":20198,"it":21137},"pll_sync_post":[],"_links":{"self":[{"href":"https:\/\/global-exam.com\/blog\/wp-json\/wp\/v2\/pages\/2853"}],"collection":[{"href":"https:\/\/global-exam.com\/blog\/wp-json\/wp\/v2\/pages"}],"about":[{"href":"https:\/\/global-exam.com\/blog\/wp-json\/wp\/v2\/types\/page"}],"author":[{"embeddable":true,"href":"https:\/\/global-exam.com\/blog\/wp-json\/wp\/v2\/users\/1"}],"replies":[{"embeddable":true,"href":"https:\/\/global-exam.com\/blog\/wp-json\/wp\/v2\/comments?post=2853"}],"version-history":[{"count":20,"href":"https:\/\/global-exam.com\/blog\/wp-json\/wp\/v2\/pages\/2853\/revisions"}],"predecessor-version":[{"id":78112,"href":"https:\/\/global-exam.com\/blog\/wp-json\/wp\/v2\/pages\/2853\/revisions\/78112"}],"up":[{"embeddable":true,"href":"https:\/\/global-exam.com\/blog\/wp-json\/wp\/v2\/pages\/2839"}],"wp:attachment":[{"href":"https:\/\/global-exam.com\/blog\/wp-json\/wp\/v2\/media?parent=2853"}],"curies":[{"name":"wp","href":"https:\/\/api.w.org\/{rel}","templated":true}]}}