{"id":2865,"date":"2019-02-13T12:34:15","date_gmt":"2019-02-13T11:34:15","guid":{"rendered":"https:\/\/global-exam.com\/?page_id=2865"},"modified":"2022-08-18T11:51:00","modified_gmt":"2022-08-18T09:51:00","slug":"toeic-bridge","status":"publish","type":"page","link":"https:\/\/global-exam.com\/blog\/fr\/examens\/toeic-bridge\/","title":{"rendered":"TOEIC BRIDGE"},"content":{"rendered":"<p>Passer le TOEIC BRIDGE<\/p>\n<p style=\"text-align: center;\">Le TOEIC Bridge est un test d\u2019anglais con\u00e7u pour les\u00a0<strong>personnes non anglophones<\/strong>\u00a0disposant d\u2019un\u00a0<strong>niveau d\u00e9butant<\/strong> en anglais. Administr\u00e9 sur papier, le TOEIC Bridge est compos\u00e9 de 100 questions \u00e0 choix multiples (QCM) portant sur l\u2019anglais g\u00e9n\u00e9ral et relatif au <strong>monde de l\u2019entreprise<\/strong>. Ce test s\u2019adresse donc aux\u00a0<strong>\u00e9tudiants d\u00e9butants<\/strong>\u00a0tout comme aux\u00a0<strong>salari\u00e9s<\/strong> souhaitant valoriser leurs comp\u00e9tences aupr\u00e8s des recruteurs.<\/p>\n<p style=\"text-align: center;\">Le <strong>score total, entre 10 et 180<\/strong>, est calcul\u00e9 en additionnant les scores des sections (Listening + Reading).<\/p>\n","protected":false},"excerpt":{"rendered":"<p>Passer le TOEIC BRIDGE Le TOEIC Bridge est un test d\u2019anglais con\u00e7u pour les\u00a0personnes non anglophones\u00a0disposant d\u2019un\u00a0niveau d\u00e9butant en anglais. Administr\u00e9 sur [&hellip;]<\/p>\n","protected":false},"author":1,"featured_media":0,"parent":2839,"menu_order":0,"comment_status":"closed","ping_status":"closed","template":"","meta":[],"acf":[],"yoast_head":"<!-- This site is optimized with the Yoast SEO plugin v17.2.1 - https:\/\/yoast.com\/wordpress\/plugins\/seo\/ -->\n<title>TOEIC BRIDGE - GlobalExam Blog<\/title>\n<meta name=\"description\" content=\"Pour passer le TOEIC Bridge il faut une bonne pr\u00e9paration avec des fiches de vocabulaire et des recommandations. GlobalExam vous accompagne dans votre r\u00e9ussite.\" \/>\n<meta name=\"robots\" content=\"index, follow, max-snippet:-1, max-image-preview:large, max-video-preview:-1\" \/>\n<link rel=\"canonical\" href=\"https:\/\/global-exam.com\/blog\/fr\/examens\/toeic-bridge\/\" \/>\n<meta property=\"og:locale\" content=\"fr_FR\" \/>\n<meta property=\"og:type\" content=\"article\" \/>\n<meta property=\"og:title\" content=\"TOEIC BRIDGE - GlobalExam Blog\" \/>\n<meta property=\"og:description\" content=\"Pour passer le TOEIC Bridge il faut une bonne pr\u00e9paration avec des fiches de vocabulaire et des recommandations. GlobalExam vous accompagne dans votre r\u00e9ussite.\" \/>\n<meta property=\"og:url\" content=\"https:\/\/global-exam.com\/blog\/fr\/examens\/toeic-bridge\/\" \/>\n<meta property=\"og:site_name\" content=\"GlobalExam Blog\" \/>\n<meta property=\"article:publisher\" content=\"https:\/\/www.facebook.com\/Global.Exam\" \/>\n<meta property=\"article:modified_time\" content=\"2022-08-18T09:51:00+00:00\" \/>\n<meta name=\"twitter:card\" content=\"summary_large_image\" \/>\n<meta name=\"twitter:site\" content=\"@Global_Exam\" \/>\n<meta name=\"twitter:label1\" content=\"Dur\u00e9e de lecture estim\u00e9e\" \/>\n\t<meta name=\"twitter:data1\" content=\"2 minutes\" \/>\n<script type=\"application\/ld+json\" class=\"yoast-schema-graph\">{\"@context\":\"https:\/\/schema.org\",\"@graph\":[{\"@type\":\"WebSite\",\"@id\":\"https:\/\/global-exam.com\/blog\/#website\",\"url\":\"https:\/\/global-exam.com\/blog\/\",\"name\":\"GlobalExam Blog\",\"description\":\"Le blog du sp\\u00e9cialiste de la certification linguistique\",\"potentialAction\":[{\"@type\":\"SearchAction\",\"target\":{\"@type\":\"EntryPoint\",\"urlTemplate\":\"https:\/\/global-exam.com\/blog\/?s={search_term_string}\"},\"query-input\":\"required name=search_term_string\"}],\"inLanguage\":\"fr-FR\"},{\"@type\":\"WebPage\",\"@id\":\"https:\/\/global-exam.com\/blog\/fr\/examens\/toeic-bridge\/#webpage\",\"url\":\"https:\/\/global-exam.com\/blog\/fr\/examens\/toeic-bridge\/\",\"name\":\"TOEIC BRIDGE - GlobalExam Blog\",\"isPartOf\":{\"@id\":\"https:\/\/global-exam.com\/blog\/#website\"},\"datePublished\":\"2019-02-13T11:34:15+00:00\",\"dateModified\":\"2022-08-18T09:51:00+00:00\",\"description\":\"Pour passer le TOEIC Bridge il faut une bonne pr\\u00e9paration avec des fiches de vocabulaire et des recommandations. GlobalExam vous accompagne dans votre r\\u00e9ussite.\",\"breadcrumb\":{\"@id\":\"https:\/\/global-exam.com\/blog\/fr\/examens\/toeic-bridge\/#breadcrumb\"},\"inLanguage\":\"fr-FR\",\"potentialAction\":[{\"@type\":\"ReadAction\",\"target\":[\"https:\/\/global-exam.com\/blog\/fr\/examens\/toeic-bridge\/\"]}]},{\"@type\":\"BreadcrumbList\",\"@id\":\"https:\/\/global-exam.com\/blog\/fr\/examens\/toeic-bridge\/#breadcrumb\",\"itemListElement\":[{\"@type\":\"ListItem\",\"position\":1,\"name\":\"Les examens de langue\",\"item\":\"https:\/\/global-exam.com\/blog\/fr\/examens\/\"},{\"@type\":\"ListItem\",\"position\":2,\"name\":\"TOEIC BRIDGE\"}]}]}<\/script>\n<!-- \/ Yoast SEO plugin. -->","yoast_head_json":{"title":"TOEIC BRIDGE - GlobalExam Blog","description":"Pour passer le TOEIC Bridge il faut une bonne pr\u00e9paration avec des fiches de vocabulaire et des recommandations. GlobalExam vous accompagne dans votre r\u00e9ussite.","robots":{"index":"index","follow":"follow","max-snippet":"max-snippet:-1","max-image-preview":"max-image-preview:large","max-video-preview":"max-video-preview:-1"},"canonical":"https:\/\/global-exam.com\/blog\/fr\/examens\/toeic-bridge\/","og_locale":"fr_FR","og_type":"article","og_title":"TOEIC BRIDGE - GlobalExam Blog","og_description":"Pour passer le TOEIC Bridge il faut une bonne pr\u00e9paration avec des fiches de vocabulaire et des recommandations. GlobalExam vous accompagne dans votre r\u00e9ussite.","og_url":"https:\/\/global-exam.com\/blog\/fr\/examens\/toeic-bridge\/","og_site_name":"GlobalExam Blog","article_publisher":"https:\/\/www.facebook.com\/Global.Exam","article_modified_time":"2022-08-18T09:51:00+00:00","twitter_card":"summary_large_image","twitter_site":"@Global_Exam","twitter_misc":{"Dur\u00e9e de lecture estim\u00e9e":"2 minutes"},"schema":{"@context":"https:\/\/schema.org","@graph":[{"@type":"WebSite","@id":"https:\/\/global-exam.com\/blog\/#website","url":"https:\/\/global-exam.com\/blog\/","name":"GlobalExam Blog","description":"Le blog du sp\u00e9cialiste de la certification linguistique","potentialAction":[{"@type":"SearchAction","target":{"@type":"EntryPoint","urlTemplate":"https:\/\/global-exam.com\/blog\/?s={search_term_string}"},"query-input":"required name=search_term_string"}],"inLanguage":"fr-FR"},{"@type":"WebPage","@id":"https:\/\/global-exam.com\/blog\/fr\/examens\/toeic-bridge\/#webpage","url":"https:\/\/global-exam.com\/blog\/fr\/examens\/toeic-bridge\/","name":"TOEIC BRIDGE - GlobalExam Blog","isPartOf":{"@id":"https:\/\/global-exam.com\/blog\/#website"},"datePublished":"2019-02-13T11:34:15+00:00","dateModified":"2022-08-18T09:51:00+00:00","description":"Pour passer le TOEIC Bridge il faut une bonne pr\u00e9paration avec des fiches de vocabulaire et des recommandations. GlobalExam vous accompagne dans votre r\u00e9ussite.","breadcrumb":{"@id":"https:\/\/global-exam.com\/blog\/fr\/examens\/toeic-bridge\/#breadcrumb"},"inLanguage":"fr-FR","potentialAction":[{"@type":"ReadAction","target":["https:\/\/global-exam.com\/blog\/fr\/examens\/toeic-bridge\/"]}]},{"@type":"BreadcrumbList","@id":"https:\/\/global-exam.com\/blog\/fr\/examens\/toeic-bridge\/#breadcrumb","itemListElement":[{"@type":"ListItem","position":1,"name":"Les examens de langue","item":"https:\/\/global-exam.com\/blog\/fr\/examens\/"},{"@type":"ListItem","position":2,"name":"TOEIC BRIDGE"}]}]}},"lang":"fr","translations":{"fr":2865,"es":18568,"en":3127,"ja":19610},"pll_sync_post":[],"_links":{"self":[{"href":"https:\/\/global-exam.com\/blog\/wp-json\/wp\/v2\/pages\/2865"}],"collection":[{"href":"https:\/\/global-exam.com\/blog\/wp-json\/wp\/v2\/pages"}],"about":[{"href":"https:\/\/global-exam.com\/blog\/wp-json\/wp\/v2\/types\/page"}],"author":[{"embeddable":true,"href":"https:\/\/global-exam.com\/blog\/wp-json\/wp\/v2\/users\/1"}],"replies":[{"embeddable":true,"href":"https:\/\/global-exam.com\/blog\/wp-json\/wp\/v2\/comments?post=2865"}],"version-history":[{"count":11,"href":"https:\/\/global-exam.com\/blog\/wp-json\/wp\/v2\/pages\/2865\/revisions"}],"predecessor-version":[{"id":78220,"href":"https:\/\/global-exam.com\/blog\/wp-json\/wp\/v2\/pages\/2865\/revisions\/78220"}],"up":[{"embeddable":true,"href":"https:\/\/global-exam.com\/blog\/wp-json\/wp\/v2\/pages\/2839"}],"wp:attachment":[{"href":"https:\/\/global-exam.com\/blog\/wp-json\/wp\/v2\/media?parent=2865"}],"curies":[{"name":"wp","href":"https:\/\/api.w.org\/{rel}","templated":true}]}}