{"id":34311,"date":"2020-10-15T15:49:09","date_gmt":"2020-10-15T13:49:09","guid":{"rendered":"https:\/\/global-exam.com\/blog\/?page_id=34311"},"modified":"2022-08-31T14:37:35","modified_gmt":"2022-08-31T12:37:35","slug":"languagecert","status":"publish","type":"page","link":"https:\/\/global-exam.com\/blog\/fr\/examens\/languagecert\/","title":{"rendered":"LanguageCert : test d&rsquo;anglais"},"content":{"rendered":"<p>Passer le LanguageCert<\/p>\n<p style=\"text-align: center;\">LanguageCert est une organisation d\u00e9di\u00e9e \u00e0 l\u2019\u00e9valuation et \u00e0 la certification des <strong>comp\u00e9tences linguistiques.\u00a0<\/strong>Le test \u00e9value le niveau d&rsquo;anglais des candidats de A1 \u00e0 C2 sur l&rsquo;\u00e9chelle du CECRL.<\/p>\n","protected":false},"excerpt":{"rendered":"<p>Passer le LanguageCert LanguageCert est une organisation d\u00e9di\u00e9e \u00e0 l\u2019\u00e9valuation et \u00e0 la certification des comp\u00e9tences linguistiques.\u00a0Le test \u00e9value le niveau d&rsquo;anglais [&hellip;]<\/p>\n","protected":false},"author":2,"featured_media":0,"parent":2839,"menu_order":0,"comment_status":"closed","ping_status":"closed","template":"","meta":[],"acf":[],"yoast_head":"<!-- This site is optimized with the Yoast SEO plugin v17.2.1 - https:\/\/yoast.com\/wordpress\/plugins\/seo\/ -->\n<title>LanguageCert : test d&#039;anglais - GlobalExam Blog<\/title>\n<meta name=\"robots\" content=\"index, follow, max-snippet:-1, max-image-preview:large, max-video-preview:-1\" \/>\n<link rel=\"canonical\" href=\"https:\/\/global-exam.com\/blog\/fr\/examens\/languagecert\/\" \/>\n<meta property=\"og:locale\" content=\"fr_FR\" \/>\n<meta property=\"og:type\" content=\"article\" \/>\n<meta property=\"og:title\" content=\"LanguageCert : test d&#039;anglais - GlobalExam Blog\" \/>\n<meta property=\"og:description\" content=\"Passer le LanguageCert LanguageCert est une organisation d\u00e9di\u00e9e \u00e0 l\u2019\u00e9valuation et \u00e0 la certification des comp\u00e9tences linguistiques.\u00a0Le test \u00e9value le niveau d&rsquo;anglais [&hellip;]\" \/>\n<meta property=\"og:url\" content=\"https:\/\/global-exam.com\/blog\/fr\/examens\/languagecert\/\" \/>\n<meta property=\"og:site_name\" content=\"GlobalExam Blog\" \/>\n<meta property=\"article:publisher\" content=\"https:\/\/www.facebook.com\/Global.Exam\" \/>\n<meta property=\"article:modified_time\" content=\"2022-08-31T12:37:35+00:00\" \/>\n<meta name=\"twitter:card\" content=\"summary_large_image\" \/>\n<meta name=\"twitter:site\" content=\"@Global_Exam\" \/>\n<script type=\"application\/ld+json\" class=\"yoast-schema-graph\">{\"@context\":\"https:\/\/schema.org\",\"@graph\":[{\"@type\":\"WebSite\",\"@id\":\"https:\/\/global-exam.com\/blog\/#website\",\"url\":\"https:\/\/global-exam.com\/blog\/\",\"name\":\"GlobalExam Blog\",\"description\":\"Le blog du sp\\u00e9cialiste de la certification linguistique\",\"potentialAction\":[{\"@type\":\"SearchAction\",\"target\":{\"@type\":\"EntryPoint\",\"urlTemplate\":\"https:\/\/global-exam.com\/blog\/?s={search_term_string}\"},\"query-input\":\"required name=search_term_string\"}],\"inLanguage\":\"fr-FR\"},{\"@type\":\"WebPage\",\"@id\":\"https:\/\/global-exam.com\/blog\/fr\/examens\/languagecert\/#webpage\",\"url\":\"https:\/\/global-exam.com\/blog\/fr\/examens\/languagecert\/\",\"name\":\"LanguageCert : test d'anglais - GlobalExam Blog\",\"isPartOf\":{\"@id\":\"https:\/\/global-exam.com\/blog\/#website\"},\"datePublished\":\"2020-10-15T13:49:09+00:00\",\"dateModified\":\"2022-08-31T12:37:35+00:00\",\"breadcrumb\":{\"@id\":\"https:\/\/global-exam.com\/blog\/fr\/examens\/languagecert\/#breadcrumb\"},\"inLanguage\":\"fr-FR\",\"potentialAction\":[{\"@type\":\"ReadAction\",\"target\":[\"https:\/\/global-exam.com\/blog\/fr\/examens\/languagecert\/\"]}]},{\"@type\":\"BreadcrumbList\",\"@id\":\"https:\/\/global-exam.com\/blog\/fr\/examens\/languagecert\/#breadcrumb\",\"itemListElement\":[{\"@type\":\"ListItem\",\"position\":1,\"name\":\"Les examens de langue\",\"item\":\"https:\/\/global-exam.com\/blog\/fr\/examens\/\"},{\"@type\":\"ListItem\",\"position\":2,\"name\":\"LanguageCert : test d&rsquo;anglais\"}]}]}<\/script>\n<!-- \/ Yoast SEO plugin. -->","yoast_head_json":{"title":"LanguageCert : test d'anglais - GlobalExam Blog","robots":{"index":"index","follow":"follow","max-snippet":"max-snippet:-1","max-image-preview":"max-image-preview:large","max-video-preview":"max-video-preview:-1"},"canonical":"https:\/\/global-exam.com\/blog\/fr\/examens\/languagecert\/","og_locale":"fr_FR","og_type":"article","og_title":"LanguageCert : test d'anglais - GlobalExam Blog","og_description":"Passer le LanguageCert LanguageCert est une organisation d\u00e9di\u00e9e \u00e0 l\u2019\u00e9valuation et \u00e0 la certification des comp\u00e9tences linguistiques.\u00a0Le test \u00e9value le niveau d&rsquo;anglais [&hellip;]","og_url":"https:\/\/global-exam.com\/blog\/fr\/examens\/languagecert\/","og_site_name":"GlobalExam Blog","article_publisher":"https:\/\/www.facebook.com\/Global.Exam","article_modified_time":"2022-08-31T12:37:35+00:00","twitter_card":"summary_large_image","twitter_site":"@Global_Exam","schema":{"@context":"https:\/\/schema.org","@graph":[{"@type":"WebSite","@id":"https:\/\/global-exam.com\/blog\/#website","url":"https:\/\/global-exam.com\/blog\/","name":"GlobalExam Blog","description":"Le blog du sp\u00e9cialiste de la certification linguistique","potentialAction":[{"@type":"SearchAction","target":{"@type":"EntryPoint","urlTemplate":"https:\/\/global-exam.com\/blog\/?s={search_term_string}"},"query-input":"required name=search_term_string"}],"inLanguage":"fr-FR"},{"@type":"WebPage","@id":"https:\/\/global-exam.com\/blog\/fr\/examens\/languagecert\/#webpage","url":"https:\/\/global-exam.com\/blog\/fr\/examens\/languagecert\/","name":"LanguageCert : test d'anglais - GlobalExam Blog","isPartOf":{"@id":"https:\/\/global-exam.com\/blog\/#website"},"datePublished":"2020-10-15T13:49:09+00:00","dateModified":"2022-08-31T12:37:35+00:00","breadcrumb":{"@id":"https:\/\/global-exam.com\/blog\/fr\/examens\/languagecert\/#breadcrumb"},"inLanguage":"fr-FR","potentialAction":[{"@type":"ReadAction","target":["https:\/\/global-exam.com\/blog\/fr\/examens\/languagecert\/"]}]},{"@type":"BreadcrumbList","@id":"https:\/\/global-exam.com\/blog\/fr\/examens\/languagecert\/#breadcrumb","itemListElement":[{"@type":"ListItem","position":1,"name":"Les examens de langue","item":"https:\/\/global-exam.com\/blog\/fr\/examens\/"},{"@type":"ListItem","position":2,"name":"LanguageCert : test d&rsquo;anglais"}]}]}},"lang":"fr","translations":{"en":34358,"fr":34311,"es":36970},"pll_sync_post":[],"_links":{"self":[{"href":"https:\/\/global-exam.com\/blog\/wp-json\/wp\/v2\/pages\/34311"}],"collection":[{"href":"https:\/\/global-exam.com\/blog\/wp-json\/wp\/v2\/pages"}],"about":[{"href":"https:\/\/global-exam.com\/blog\/wp-json\/wp\/v2\/types\/page"}],"author":[{"embeddable":true,"href":"https:\/\/global-exam.com\/blog\/wp-json\/wp\/v2\/users\/2"}],"replies":[{"embeddable":true,"href":"https:\/\/global-exam.com\/blog\/wp-json\/wp\/v2\/comments?post=34311"}],"version-history":[{"count":10,"href":"https:\/\/global-exam.com\/blog\/wp-json\/wp\/v2\/pages\/34311\/revisions"}],"predecessor-version":[{"id":79204,"href":"https:\/\/global-exam.com\/blog\/wp-json\/wp\/v2\/pages\/34311\/revisions\/79204"}],"up":[{"embeddable":true,"href":"https:\/\/global-exam.com\/blog\/wp-json\/wp\/v2\/pages\/2839"}],"wp:attachment":[{"href":"https:\/\/global-exam.com\/blog\/wp-json\/wp\/v2\/media?parent=34311"}],"curies":[{"name":"wp","href":"https:\/\/api.w.org\/{rel}","templated":true}]}}