{"id":46386,"date":"2021-04-30T09:24:11","date_gmt":"2021-04-30T07:24:11","guid":{"rendered":"https:\/\/global-exam.com\/blog\/?page_id=46386"},"modified":"2022-08-31T15:02:09","modified_gmt":"2022-08-31T13:02:09","slug":"pipplet-flex","status":"publish","type":"page","link":"https:\/\/global-exam.com\/blog\/fr\/examens\/pipplet-flex\/","title":{"rendered":"Pipplet FLEX"},"content":{"rendered":"<p style=\"text-align: center;\">Passer le PIPPLET FLEX<\/p>\n<p style=\"text-align: center;\">Le PIPPLET FLEX (<strong>Fl<\/strong>uency <strong>Ex<\/strong>am) est une certification inscrite en France aupr\u00e8s de<strong> France Comp\u00e9tences<\/strong> et reconnue au titre du <strong>Compte Personnel de Formation (CPF).<\/strong> Elle est donc utilis\u00e9e par une <strong>multitude d&rsquo;entreprises \u00e0 l&rsquo;\u00e9chelle internationale<\/strong> pour \u00e9valuer les comp\u00e9tences des candidat.es lors de recrutements ou de processus de formation par exemple.<\/p>\n","protected":false},"excerpt":{"rendered":"<p>Passer le PIPPLET FLEX Le PIPPLET FLEX (Fluency Exam) est une certification inscrite en France aupr\u00e8s de France Comp\u00e9tences et reconnue au [&hellip;]<\/p>\n","protected":false},"author":2,"featured_media":0,"parent":2839,"menu_order":0,"comment_status":"closed","ping_status":"closed","template":"","meta":[],"acf":[],"yoast_head":"<!-- This site is optimized with the Yoast SEO plugin v17.2.1 - https:\/\/yoast.com\/wordpress\/plugins\/seo\/ -->\n<title>Pipplet FLEX - GlobalExam Blog<\/title>\n<meta name=\"robots\" content=\"index, follow, max-snippet:-1, max-image-preview:large, max-video-preview:-1\" \/>\n<link rel=\"canonical\" href=\"https:\/\/global-exam.com\/blog\/fr\/examens\/pipplet-flex\/\" \/>\n<meta property=\"og:locale\" content=\"fr_FR\" \/>\n<meta property=\"og:type\" content=\"article\" \/>\n<meta property=\"og:title\" content=\"Pipplet FLEX - GlobalExam Blog\" \/>\n<meta property=\"og:description\" content=\"Passer le PIPPLET FLEX Le PIPPLET FLEX (Fluency Exam) est une certification inscrite en France aupr\u00e8s de France Comp\u00e9tences et reconnue au [&hellip;]\" \/>\n<meta property=\"og:url\" content=\"https:\/\/global-exam.com\/blog\/fr\/examens\/pipplet-flex\/\" \/>\n<meta property=\"og:site_name\" content=\"GlobalExam Blog\" \/>\n<meta property=\"article:publisher\" content=\"https:\/\/www.facebook.com\/Global.Exam\" \/>\n<meta property=\"article:modified_time\" content=\"2022-08-31T13:02:09+00:00\" \/>\n<meta name=\"twitter:card\" content=\"summary_large_image\" \/>\n<meta name=\"twitter:site\" content=\"@Global_Exam\" \/>\n<meta name=\"twitter:label1\" content=\"Dur\u00e9e de lecture estim\u00e9e\" \/>\n\t<meta name=\"twitter:data1\" content=\"2 minutes\" \/>\n<script type=\"application\/ld+json\" class=\"yoast-schema-graph\">{\"@context\":\"https:\/\/schema.org\",\"@graph\":[{\"@type\":\"WebSite\",\"@id\":\"https:\/\/global-exam.com\/blog\/#website\",\"url\":\"https:\/\/global-exam.com\/blog\/\",\"name\":\"GlobalExam Blog\",\"description\":\"Le blog du sp\\u00e9cialiste de la certification linguistique\",\"potentialAction\":[{\"@type\":\"SearchAction\",\"target\":{\"@type\":\"EntryPoint\",\"urlTemplate\":\"https:\/\/global-exam.com\/blog\/?s={search_term_string}\"},\"query-input\":\"required name=search_term_string\"}],\"inLanguage\":\"fr-FR\"},{\"@type\":\"WebPage\",\"@id\":\"https:\/\/global-exam.com\/blog\/fr\/examens\/pipplet-flex\/#webpage\",\"url\":\"https:\/\/global-exam.com\/blog\/fr\/examens\/pipplet-flex\/\",\"name\":\"Pipplet FLEX - GlobalExam Blog\",\"isPartOf\":{\"@id\":\"https:\/\/global-exam.com\/blog\/#website\"},\"datePublished\":\"2021-04-30T07:24:11+00:00\",\"dateModified\":\"2022-08-31T13:02:09+00:00\",\"breadcrumb\":{\"@id\":\"https:\/\/global-exam.com\/blog\/fr\/examens\/pipplet-flex\/#breadcrumb\"},\"inLanguage\":\"fr-FR\",\"potentialAction\":[{\"@type\":\"ReadAction\",\"target\":[\"https:\/\/global-exam.com\/blog\/fr\/examens\/pipplet-flex\/\"]}]},{\"@type\":\"BreadcrumbList\",\"@id\":\"https:\/\/global-exam.com\/blog\/fr\/examens\/pipplet-flex\/#breadcrumb\",\"itemListElement\":[{\"@type\":\"ListItem\",\"position\":1,\"name\":\"Les examens de langue\",\"item\":\"https:\/\/global-exam.com\/blog\/fr\/examens\/\"},{\"@type\":\"ListItem\",\"position\":2,\"name\":\"Pipplet FLEX\"}]}]}<\/script>\n<!-- \/ Yoast SEO plugin. -->","yoast_head_json":{"title":"Pipplet FLEX - GlobalExam Blog","robots":{"index":"index","follow":"follow","max-snippet":"max-snippet:-1","max-image-preview":"max-image-preview:large","max-video-preview":"max-video-preview:-1"},"canonical":"https:\/\/global-exam.com\/blog\/fr\/examens\/pipplet-flex\/","og_locale":"fr_FR","og_type":"article","og_title":"Pipplet FLEX - GlobalExam Blog","og_description":"Passer le PIPPLET FLEX Le PIPPLET FLEX (Fluency Exam) est une certification inscrite en France aupr\u00e8s de France Comp\u00e9tences et reconnue au [&hellip;]","og_url":"https:\/\/global-exam.com\/blog\/fr\/examens\/pipplet-flex\/","og_site_name":"GlobalExam Blog","article_publisher":"https:\/\/www.facebook.com\/Global.Exam","article_modified_time":"2022-08-31T13:02:09+00:00","twitter_card":"summary_large_image","twitter_site":"@Global_Exam","twitter_misc":{"Dur\u00e9e de lecture estim\u00e9e":"2 minutes"},"schema":{"@context":"https:\/\/schema.org","@graph":[{"@type":"WebSite","@id":"https:\/\/global-exam.com\/blog\/#website","url":"https:\/\/global-exam.com\/blog\/","name":"GlobalExam Blog","description":"Le blog du sp\u00e9cialiste de la certification linguistique","potentialAction":[{"@type":"SearchAction","target":{"@type":"EntryPoint","urlTemplate":"https:\/\/global-exam.com\/blog\/?s={search_term_string}"},"query-input":"required name=search_term_string"}],"inLanguage":"fr-FR"},{"@type":"WebPage","@id":"https:\/\/global-exam.com\/blog\/fr\/examens\/pipplet-flex\/#webpage","url":"https:\/\/global-exam.com\/blog\/fr\/examens\/pipplet-flex\/","name":"Pipplet FLEX - GlobalExam Blog","isPartOf":{"@id":"https:\/\/global-exam.com\/blog\/#website"},"datePublished":"2021-04-30T07:24:11+00:00","dateModified":"2022-08-31T13:02:09+00:00","breadcrumb":{"@id":"https:\/\/global-exam.com\/blog\/fr\/examens\/pipplet-flex\/#breadcrumb"},"inLanguage":"fr-FR","potentialAction":[{"@type":"ReadAction","target":["https:\/\/global-exam.com\/blog\/fr\/examens\/pipplet-flex\/"]}]},{"@type":"BreadcrumbList","@id":"https:\/\/global-exam.com\/blog\/fr\/examens\/pipplet-flex\/#breadcrumb","itemListElement":[{"@type":"ListItem","position":1,"name":"Les examens de langue","item":"https:\/\/global-exam.com\/blog\/fr\/examens\/"},{"@type":"ListItem","position":2,"name":"Pipplet FLEX"}]}]}},"lang":"fr","translations":{"fr":46386},"pll_sync_post":[],"_links":{"self":[{"href":"https:\/\/global-exam.com\/blog\/wp-json\/wp\/v2\/pages\/46386"}],"collection":[{"href":"https:\/\/global-exam.com\/blog\/wp-json\/wp\/v2\/pages"}],"about":[{"href":"https:\/\/global-exam.com\/blog\/wp-json\/wp\/v2\/types\/page"}],"author":[{"embeddable":true,"href":"https:\/\/global-exam.com\/blog\/wp-json\/wp\/v2\/users\/2"}],"replies":[{"embeddable":true,"href":"https:\/\/global-exam.com\/blog\/wp-json\/wp\/v2\/comments?post=46386"}],"version-history":[{"count":13,"href":"https:\/\/global-exam.com\/blog\/wp-json\/wp\/v2\/pages\/46386\/revisions"}],"predecessor-version":[{"id":79235,"href":"https:\/\/global-exam.com\/blog\/wp-json\/wp\/v2\/pages\/46386\/revisions\/79235"}],"up":[{"embeddable":true,"href":"https:\/\/global-exam.com\/blog\/wp-json\/wp\/v2\/pages\/2839"}],"wp:attachment":[{"href":"https:\/\/global-exam.com\/blog\/wp-json\/wp\/v2\/media?parent=46386"}],"curies":[{"name":"wp","href":"https:\/\/api.w.org\/{rel}","templated":true}]}}