{"id":59300,"date":"2021-08-11T09:52:50","date_gmt":"2021-08-11T07:52:50","guid":{"rendered":"https:\/\/global-exam.com\/blog\/?page_id=59300"},"modified":"2022-07-20T16:16:31","modified_gmt":"2022-07-20T14:16:31","slug":"categorie-conseils-pour-sentrainer-au-toeic","status":"publish","type":"page","link":"https:\/\/global-exam.com\/blog\/fr\/examens\/toeic\/categorie-conseils-pour-sentrainer-au-toeic\/","title":{"rendered":"Nos conseils pour s&rsquo;entra\u00eener au TOEIC"},"content":{"rendered":"<p>Bien se pr\u00e9parer au TOEIC<\/p>\n<p style=\"text-align: center;\">Dans cette cat\u00e9gorie, GlobalExam vous offre ses <strong>conseils pour vous entra\u00eener au TOEIC<\/strong>\u00a0et mettre toutes les chances de votre c\u00f4t\u00e9 le jour J.<\/p>\n<p style=\"text-align: center;\">Une bonne <a href=\"https:\/\/global-exam.com\/fr\/exam\/toeic\">pr\u00e9paration au TOEIC<\/a> n\u00e9cessite de conna\u00eetre son <strong>fonctionnement<\/strong>, les\u00a0<strong>modalit\u00e9s d\u2019examen<\/strong>, les\u00a0<strong>th\u00e8mes abord\u00e9s<\/strong>\u00a0et les\u00a0<strong>pi\u00e8ges<\/strong>\u00a0<strong>de la langue<\/strong>. Le test comportant toujours la m\u00eame\u00a0<strong>structure<\/strong>, il est important de bien la conna\u00eetre afin de gagner du temps.<\/p>\n<p style=\"text-align: center;\">L\u2019organisation du travail permet de gagner un temps pr\u00e9cieux. Pour mettre toutes les chances de votre c\u00f4t\u00e9, il vous faut \u00e9tablir un<strong>\u00a0calendrier d\u2019entra\u00eenement<\/strong>. De cette fa\u00e7on, vous pourrez optimiser votre temps de pr\u00e9paration et \u00e9viter l\u2019entra\u00eenement intensif la veille de l\u2019examen\u00a0!<\/p>\n<p style=\"text-align: center;\">Faites confiance \u00e0 GlobalExam pour un entra\u00eenement efficace\u00a0! Fiches de r\u00e9visions, calendrier d\u2019entra\u00eenement, examens blancs\u2026 Tout y est\u00a0! Dans cette cat\u00e9gorie, vous retrouverez tous nos conseils pour un entra\u00eenement de qualit\u00e9.<\/p>\n","protected":false},"excerpt":{"rendered":"<p>Bien se pr\u00e9parer au TOEIC Dans cette cat\u00e9gorie, GlobalExam vous offre ses conseils pour vous entra\u00eener au TOEIC\u00a0et mettre toutes les chances [&hellip;]<\/p>\n","protected":false},"author":2,"featured_media":0,"parent":2986,"menu_order":0,"comment_status":"closed","ping_status":"closed","template":"","meta":[],"acf":[],"yoast_head":"<!-- This site is optimized with the Yoast SEO plugin v17.2.1 - https:\/\/yoast.com\/wordpress\/plugins\/seo\/ -->\n<title>R\u00e9ussir sa certification TOEIC : nos conseils | GlobalExam<\/title>\n<meta name=\"description\" content=\"D\u00e9couvrez nos conseils pour apprendre l&#039;anglais et r\u00e9viser les comp\u00e9tences du TOEIC, et mettez toutes les chances de votre c\u00f4t\u00e9 pour votre certification.\" \/>\n<meta name=\"robots\" content=\"index, follow, max-snippet:-1, max-image-preview:large, max-video-preview:-1\" \/>\n<link rel=\"canonical\" href=\"https:\/\/global-exam.com\/blog\/fr\/examens\/toeic\/categorie-conseils-pour-sentrainer-au-toeic\/\" \/>\n<meta property=\"og:locale\" content=\"fr_FR\" \/>\n<meta property=\"og:type\" content=\"article\" \/>\n<meta property=\"og:title\" content=\"R\u00e9ussir sa certification TOEIC : nos conseils | GlobalExam\" \/>\n<meta property=\"og:description\" content=\"D\u00e9couvrez nos conseils pour apprendre l&#039;anglais et r\u00e9viser les comp\u00e9tences du TOEIC, et mettez toutes les chances de votre c\u00f4t\u00e9 pour votre certification.\" \/>\n<meta property=\"og:url\" content=\"https:\/\/global-exam.com\/blog\/fr\/examens\/toeic\/categorie-conseils-pour-sentrainer-au-toeic\/\" \/>\n<meta property=\"og:site_name\" content=\"GlobalExam Blog\" \/>\n<meta property=\"article:publisher\" content=\"https:\/\/www.facebook.com\/Global.Exam\" \/>\n<meta property=\"article:modified_time\" content=\"2022-07-20T14:16:31+00:00\" \/>\n<meta name=\"twitter:card\" content=\"summary_large_image\" \/>\n<meta name=\"twitter:site\" content=\"@Global_Exam\" \/>\n<meta name=\"twitter:label1\" content=\"Dur\u00e9e de lecture estim\u00e9e\" \/>\n\t<meta name=\"twitter:data1\" content=\"1 minute\" \/>\n<script type=\"application\/ld+json\" class=\"yoast-schema-graph\">{\"@context\":\"https:\/\/schema.org\",\"@graph\":[{\"@type\":\"WebSite\",\"@id\":\"https:\/\/global-exam.com\/blog\/#website\",\"url\":\"https:\/\/global-exam.com\/blog\/\",\"name\":\"GlobalExam Blog\",\"description\":\"Le blog du sp\\u00e9cialiste de la certification linguistique\",\"potentialAction\":[{\"@type\":\"SearchAction\",\"target\":{\"@type\":\"EntryPoint\",\"urlTemplate\":\"https:\/\/global-exam.com\/blog\/?s={search_term_string}\"},\"query-input\":\"required name=search_term_string\"}],\"inLanguage\":\"fr-FR\"},{\"@type\":\"WebPage\",\"@id\":\"https:\/\/global-exam.com\/blog\/fr\/examens\/toeic\/categorie-conseils-pour-sentrainer-au-toeic\/#webpage\",\"url\":\"https:\/\/global-exam.com\/blog\/fr\/examens\/toeic\/categorie-conseils-pour-sentrainer-au-toeic\/\",\"name\":\"R\\u00e9ussir sa certification TOEIC : nos conseils | GlobalExam\",\"isPartOf\":{\"@id\":\"https:\/\/global-exam.com\/blog\/#website\"},\"datePublished\":\"2021-08-11T07:52:50+00:00\",\"dateModified\":\"2022-07-20T14:16:31+00:00\",\"description\":\"D\\u00e9couvrez nos conseils pour apprendre l'anglais et r\\u00e9viser les comp\\u00e9tences du TOEIC, et mettez toutes les chances de votre c\\u00f4t\\u00e9 pour votre certification.\",\"breadcrumb\":{\"@id\":\"https:\/\/global-exam.com\/blog\/fr\/examens\/toeic\/categorie-conseils-pour-sentrainer-au-toeic\/#breadcrumb\"},\"inLanguage\":\"fr-FR\",\"potentialAction\":[{\"@type\":\"ReadAction\",\"target\":[\"https:\/\/global-exam.com\/blog\/fr\/examens\/toeic\/categorie-conseils-pour-sentrainer-au-toeic\/\"]}]},{\"@type\":\"BreadcrumbList\",\"@id\":\"https:\/\/global-exam.com\/blog\/fr\/examens\/toeic\/categorie-conseils-pour-sentrainer-au-toeic\/#breadcrumb\",\"itemListElement\":[{\"@type\":\"ListItem\",\"position\":1,\"name\":\"Les examens de langue\",\"item\":\"https:\/\/global-exam.com\/blog\/fr\/examens\/\"},{\"@type\":\"ListItem\",\"position\":2,\"name\":\"TOEIC : pr\\u00e9parer le test\",\"item\":\"https:\/\/global-exam.com\/blog\/fr\/examens\/toeic\/\"},{\"@type\":\"ListItem\",\"position\":3,\"name\":\"Nos conseils pour s&rsquo;entra\\u00eener au TOEIC\"}]}]}<\/script>\n<!-- \/ Yoast SEO plugin. -->","yoast_head_json":{"title":"R\u00e9ussir sa certification TOEIC : nos conseils | GlobalExam","description":"D\u00e9couvrez nos conseils pour apprendre l'anglais et r\u00e9viser les comp\u00e9tences du TOEIC, et mettez toutes les chances de votre c\u00f4t\u00e9 pour votre certification.","robots":{"index":"index","follow":"follow","max-snippet":"max-snippet:-1","max-image-preview":"max-image-preview:large","max-video-preview":"max-video-preview:-1"},"canonical":"https:\/\/global-exam.com\/blog\/fr\/examens\/toeic\/categorie-conseils-pour-sentrainer-au-toeic\/","og_locale":"fr_FR","og_type":"article","og_title":"R\u00e9ussir sa certification TOEIC : nos conseils | GlobalExam","og_description":"D\u00e9couvrez nos conseils pour apprendre l'anglais et r\u00e9viser les comp\u00e9tences du TOEIC, et mettez toutes les chances de votre c\u00f4t\u00e9 pour votre certification.","og_url":"https:\/\/global-exam.com\/blog\/fr\/examens\/toeic\/categorie-conseils-pour-sentrainer-au-toeic\/","og_site_name":"GlobalExam Blog","article_publisher":"https:\/\/www.facebook.com\/Global.Exam","article_modified_time":"2022-07-20T14:16:31+00:00","twitter_card":"summary_large_image","twitter_site":"@Global_Exam","twitter_misc":{"Dur\u00e9e de lecture estim\u00e9e":"1 minute"},"schema":{"@context":"https:\/\/schema.org","@graph":[{"@type":"WebSite","@id":"https:\/\/global-exam.com\/blog\/#website","url":"https:\/\/global-exam.com\/blog\/","name":"GlobalExam Blog","description":"Le blog du sp\u00e9cialiste de la certification linguistique","potentialAction":[{"@type":"SearchAction","target":{"@type":"EntryPoint","urlTemplate":"https:\/\/global-exam.com\/blog\/?s={search_term_string}"},"query-input":"required name=search_term_string"}],"inLanguage":"fr-FR"},{"@type":"WebPage","@id":"https:\/\/global-exam.com\/blog\/fr\/examens\/toeic\/categorie-conseils-pour-sentrainer-au-toeic\/#webpage","url":"https:\/\/global-exam.com\/blog\/fr\/examens\/toeic\/categorie-conseils-pour-sentrainer-au-toeic\/","name":"R\u00e9ussir sa certification TOEIC : nos conseils | GlobalExam","isPartOf":{"@id":"https:\/\/global-exam.com\/blog\/#website"},"datePublished":"2021-08-11T07:52:50+00:00","dateModified":"2022-07-20T14:16:31+00:00","description":"D\u00e9couvrez nos conseils pour apprendre l'anglais et r\u00e9viser les comp\u00e9tences du TOEIC, et mettez toutes les chances de votre c\u00f4t\u00e9 pour votre certification.","breadcrumb":{"@id":"https:\/\/global-exam.com\/blog\/fr\/examens\/toeic\/categorie-conseils-pour-sentrainer-au-toeic\/#breadcrumb"},"inLanguage":"fr-FR","potentialAction":[{"@type":"ReadAction","target":["https:\/\/global-exam.com\/blog\/fr\/examens\/toeic\/categorie-conseils-pour-sentrainer-au-toeic\/"]}]},{"@type":"BreadcrumbList","@id":"https:\/\/global-exam.com\/blog\/fr\/examens\/toeic\/categorie-conseils-pour-sentrainer-au-toeic\/#breadcrumb","itemListElement":[{"@type":"ListItem","position":1,"name":"Les examens de langue","item":"https:\/\/global-exam.com\/blog\/fr\/examens\/"},{"@type":"ListItem","position":2,"name":"TOEIC : pr\u00e9parer le test","item":"https:\/\/global-exam.com\/blog\/fr\/examens\/toeic\/"},{"@type":"ListItem","position":3,"name":"Nos conseils pour s&rsquo;entra\u00eener au TOEIC"}]}]}},"lang":"fr","translations":{"fr":59300},"pll_sync_post":[],"_links":{"self":[{"href":"https:\/\/global-exam.com\/blog\/wp-json\/wp\/v2\/pages\/59300"}],"collection":[{"href":"https:\/\/global-exam.com\/blog\/wp-json\/wp\/v2\/pages"}],"about":[{"href":"https:\/\/global-exam.com\/blog\/wp-json\/wp\/v2\/types\/page"}],"author":[{"embeddable":true,"href":"https:\/\/global-exam.com\/blog\/wp-json\/wp\/v2\/users\/2"}],"replies":[{"embeddable":true,"href":"https:\/\/global-exam.com\/blog\/wp-json\/wp\/v2\/comments?post=59300"}],"version-history":[{"count":9,"href":"https:\/\/global-exam.com\/blog\/wp-json\/wp\/v2\/pages\/59300\/revisions"}],"predecessor-version":[{"id":78023,"href":"https:\/\/global-exam.com\/blog\/wp-json\/wp\/v2\/pages\/59300\/revisions\/78023"}],"up":[{"embeddable":true,"href":"https:\/\/global-exam.com\/blog\/wp-json\/wp\/v2\/pages\/2986"}],"wp:attachment":[{"href":"https:\/\/global-exam.com\/blog\/wp-json\/wp\/v2\/media?parent=59300"}],"curies":[{"name":"wp","href":"https:\/\/api.w.org\/{rel}","templated":true}]}}