{"id":59377,"date":"2021-08-11T10:51:23","date_gmt":"2021-08-11T08:51:23","guid":{"rendered":"https:\/\/global-exam.com\/blog\/?page_id=59377"},"modified":"2022-07-20T16:13:49","modified_gmt":"2022-07-20T14:13:49","slug":"categorie-grammaire-toeic","status":"publish","type":"page","link":"https:\/\/global-exam.com\/blog\/fr\/examens\/toeic\/categorie-grammaire-toeic\/","title":{"rendered":"Grammaire TOEIC"},"content":{"rendered":"<p>Am\u00e9liorer votre niveau de grammaire<\/p>\n<p>\u00c0 l\u2019instar d\u2019un vocabulaire ad\u00e9quat, une\u00a0<strong>grammaire irr\u00e9prochable est essentielle pour r\u00e9ussir votre certification TOEIC<\/strong>. Nos professeurs exp\u00e9riment\u00e9s ont cr\u00e9\u00e9 pour vous des fiches de grammaire de qualit\u00e9, intuitives et pratiques, afin de vous aider \u00e0 r\u00e9viser votre\u00a0<strong>grammaire anglaise.<\/strong><\/p>\n<p>Dans cette cat\u00e9gorie, d\u00e9couvrez toutes nos\u00a0<strong>fiches de grammaire pour progresser en anglais<\/strong>, enrichir votre <a href=\"https:\/\/global-exam.com\/fr\/exam\/toeic\" target=\"_blank\" rel=\"noopener\">entra\u00eenement au TOEIC<\/a>, et obtenir un bon score \u00e0 l&rsquo;examen.<\/p>\n<p>Plus de 15 fiches de r\u00e9visions portant sur la grammaire anglaise n\u2019attendent que vous. Il vous sera possible de les imprimer afin de pouvoir les lire \u00e0 votre guise, ou de les garder sur votre ordinateur.<\/p>\n<p>Pour progresser en anglais et obtenir votre certification TOEIC haut la main, faites confiance \u00e0 GlobalExam, la premi\u00e8re<strong>\u00a0plateforme e-learning d\u00e9di\u00e9e \u00e0 la pr\u00e9paration des tests linguistiques<\/strong>\u00a0!<\/p>\n","protected":false},"excerpt":{"rendered":"<p>Am\u00e9liorer votre niveau de grammaire \u00c0 l\u2019instar d\u2019un vocabulaire ad\u00e9quat, une\u00a0grammaire irr\u00e9prochable est essentielle pour r\u00e9ussir votre certification TOEIC. Nos professeurs exp\u00e9riment\u00e9s [&hellip;]<\/p>\n","protected":false},"author":2,"featured_media":0,"parent":2986,"menu_order":0,"comment_status":"closed","ping_status":"closed","template":"","meta":[],"acf":[],"yoast_head":"<!-- This site is optimized with the Yoast SEO plugin v17.2.1 - https:\/\/yoast.com\/wordpress\/plugins\/seo\/ -->\n<title>Grammaire TOEIC<\/title>\n<meta name=\"description\" content=\"Pour r\u00e9viser la grammaire du TOEIC, GlobalExam a publi\u00e9 des fiches de grammaire d\u00e9di\u00e9es aux g\u00e9rondifs, pronoms, adjectifs, verbes \u00e0 particules, actif\/pasif, etc\" \/>\n<meta name=\"robots\" content=\"index, follow, max-snippet:-1, max-image-preview:large, max-video-preview:-1\" \/>\n<link rel=\"canonical\" href=\"https:\/\/global-exam.com\/blog\/fr\/examens\/toeic\/categorie-grammaire-toeic\/\" \/>\n<meta property=\"og:locale\" content=\"fr_FR\" \/>\n<meta property=\"og:type\" content=\"article\" \/>\n<meta property=\"og:title\" content=\"Grammaire TOEIC\" \/>\n<meta property=\"og:description\" content=\"Pour r\u00e9viser la grammaire du TOEIC, GlobalExam a publi\u00e9 des fiches de grammaire d\u00e9di\u00e9es aux g\u00e9rondifs, pronoms, adjectifs, verbes \u00e0 particules, actif\/pasif, etc\" \/>\n<meta property=\"og:url\" content=\"https:\/\/global-exam.com\/blog\/fr\/examens\/toeic\/categorie-grammaire-toeic\/\" \/>\n<meta property=\"og:site_name\" content=\"GlobalExam Blog\" \/>\n<meta property=\"article:publisher\" content=\"https:\/\/www.facebook.com\/Global.Exam\" \/>\n<meta property=\"article:modified_time\" content=\"2022-07-20T14:13:49+00:00\" \/>\n<meta name=\"twitter:card\" content=\"summary_large_image\" \/>\n<meta name=\"twitter:site\" content=\"@Global_Exam\" \/>\n<meta name=\"twitter:label1\" content=\"Dur\u00e9e de lecture estim\u00e9e\" \/>\n\t<meta name=\"twitter:data1\" content=\"1 minute\" \/>\n<script type=\"application\/ld+json\" class=\"yoast-schema-graph\">{\"@context\":\"https:\/\/schema.org\",\"@graph\":[{\"@type\":\"WebSite\",\"@id\":\"https:\/\/global-exam.com\/blog\/#website\",\"url\":\"https:\/\/global-exam.com\/blog\/\",\"name\":\"GlobalExam Blog\",\"description\":\"Le blog du sp\\u00e9cialiste de la certification linguistique\",\"potentialAction\":[{\"@type\":\"SearchAction\",\"target\":{\"@type\":\"EntryPoint\",\"urlTemplate\":\"https:\/\/global-exam.com\/blog\/?s={search_term_string}\"},\"query-input\":\"required name=search_term_string\"}],\"inLanguage\":\"fr-FR\"},{\"@type\":\"WebPage\",\"@id\":\"https:\/\/global-exam.com\/blog\/fr\/examens\/toeic\/categorie-grammaire-toeic\/#webpage\",\"url\":\"https:\/\/global-exam.com\/blog\/fr\/examens\/toeic\/categorie-grammaire-toeic\/\",\"name\":\"Grammaire TOEIC\",\"isPartOf\":{\"@id\":\"https:\/\/global-exam.com\/blog\/#website\"},\"datePublished\":\"2021-08-11T08:51:23+00:00\",\"dateModified\":\"2022-07-20T14:13:49+00:00\",\"description\":\"Pour r\\u00e9viser la grammaire du TOEIC, GlobalExam a publi\\u00e9 des fiches de grammaire d\\u00e9di\\u00e9es aux g\\u00e9rondifs, pronoms, adjectifs, verbes \\u00e0 particules, actif\/pasif, etc\",\"breadcrumb\":{\"@id\":\"https:\/\/global-exam.com\/blog\/fr\/examens\/toeic\/categorie-grammaire-toeic\/#breadcrumb\"},\"inLanguage\":\"fr-FR\",\"potentialAction\":[{\"@type\":\"ReadAction\",\"target\":[\"https:\/\/global-exam.com\/blog\/fr\/examens\/toeic\/categorie-grammaire-toeic\/\"]}]},{\"@type\":\"BreadcrumbList\",\"@id\":\"https:\/\/global-exam.com\/blog\/fr\/examens\/toeic\/categorie-grammaire-toeic\/#breadcrumb\",\"itemListElement\":[{\"@type\":\"ListItem\",\"position\":1,\"name\":\"Les examens de langue\",\"item\":\"https:\/\/global-exam.com\/blog\/fr\/examens\/\"},{\"@type\":\"ListItem\",\"position\":2,\"name\":\"TOEIC : pr\\u00e9parer le test\",\"item\":\"https:\/\/global-exam.com\/blog\/fr\/examens\/toeic\/\"},{\"@type\":\"ListItem\",\"position\":3,\"name\":\"Grammaire TOEIC\"}]}]}<\/script>\n<!-- \/ Yoast SEO plugin. -->","yoast_head_json":{"title":"Grammaire TOEIC","description":"Pour r\u00e9viser la grammaire du TOEIC, GlobalExam a publi\u00e9 des fiches de grammaire d\u00e9di\u00e9es aux g\u00e9rondifs, pronoms, adjectifs, verbes \u00e0 particules, actif\/pasif, etc","robots":{"index":"index","follow":"follow","max-snippet":"max-snippet:-1","max-image-preview":"max-image-preview:large","max-video-preview":"max-video-preview:-1"},"canonical":"https:\/\/global-exam.com\/blog\/fr\/examens\/toeic\/categorie-grammaire-toeic\/","og_locale":"fr_FR","og_type":"article","og_title":"Grammaire TOEIC","og_description":"Pour r\u00e9viser la grammaire du TOEIC, GlobalExam a publi\u00e9 des fiches de grammaire d\u00e9di\u00e9es aux g\u00e9rondifs, pronoms, adjectifs, verbes \u00e0 particules, actif\/pasif, etc","og_url":"https:\/\/global-exam.com\/blog\/fr\/examens\/toeic\/categorie-grammaire-toeic\/","og_site_name":"GlobalExam Blog","article_publisher":"https:\/\/www.facebook.com\/Global.Exam","article_modified_time":"2022-07-20T14:13:49+00:00","twitter_card":"summary_large_image","twitter_site":"@Global_Exam","twitter_misc":{"Dur\u00e9e de lecture estim\u00e9e":"1 minute"},"schema":{"@context":"https:\/\/schema.org","@graph":[{"@type":"WebSite","@id":"https:\/\/global-exam.com\/blog\/#website","url":"https:\/\/global-exam.com\/blog\/","name":"GlobalExam Blog","description":"Le blog du sp\u00e9cialiste de la certification linguistique","potentialAction":[{"@type":"SearchAction","target":{"@type":"EntryPoint","urlTemplate":"https:\/\/global-exam.com\/blog\/?s={search_term_string}"},"query-input":"required name=search_term_string"}],"inLanguage":"fr-FR"},{"@type":"WebPage","@id":"https:\/\/global-exam.com\/blog\/fr\/examens\/toeic\/categorie-grammaire-toeic\/#webpage","url":"https:\/\/global-exam.com\/blog\/fr\/examens\/toeic\/categorie-grammaire-toeic\/","name":"Grammaire TOEIC","isPartOf":{"@id":"https:\/\/global-exam.com\/blog\/#website"},"datePublished":"2021-08-11T08:51:23+00:00","dateModified":"2022-07-20T14:13:49+00:00","description":"Pour r\u00e9viser la grammaire du TOEIC, GlobalExam a publi\u00e9 des fiches de grammaire d\u00e9di\u00e9es aux g\u00e9rondifs, pronoms, adjectifs, verbes \u00e0 particules, actif\/pasif, etc","breadcrumb":{"@id":"https:\/\/global-exam.com\/blog\/fr\/examens\/toeic\/categorie-grammaire-toeic\/#breadcrumb"},"inLanguage":"fr-FR","potentialAction":[{"@type":"ReadAction","target":["https:\/\/global-exam.com\/blog\/fr\/examens\/toeic\/categorie-grammaire-toeic\/"]}]},{"@type":"BreadcrumbList","@id":"https:\/\/global-exam.com\/blog\/fr\/examens\/toeic\/categorie-grammaire-toeic\/#breadcrumb","itemListElement":[{"@type":"ListItem","position":1,"name":"Les examens de langue","item":"https:\/\/global-exam.com\/blog\/fr\/examens\/"},{"@type":"ListItem","position":2,"name":"TOEIC : pr\u00e9parer le test","item":"https:\/\/global-exam.com\/blog\/fr\/examens\/toeic\/"},{"@type":"ListItem","position":3,"name":"Grammaire TOEIC"}]}]}},"lang":"fr","translations":{"fr":59377},"pll_sync_post":[],"_links":{"self":[{"href":"https:\/\/global-exam.com\/blog\/wp-json\/wp\/v2\/pages\/59377"}],"collection":[{"href":"https:\/\/global-exam.com\/blog\/wp-json\/wp\/v2\/pages"}],"about":[{"href":"https:\/\/global-exam.com\/blog\/wp-json\/wp\/v2\/types\/page"}],"author":[{"embeddable":true,"href":"https:\/\/global-exam.com\/blog\/wp-json\/wp\/v2\/users\/2"}],"replies":[{"embeddable":true,"href":"https:\/\/global-exam.com\/blog\/wp-json\/wp\/v2\/comments?post=59377"}],"version-history":[{"count":8,"href":"https:\/\/global-exam.com\/blog\/wp-json\/wp\/v2\/pages\/59377\/revisions"}],"predecessor-version":[{"id":78020,"href":"https:\/\/global-exam.com\/blog\/wp-json\/wp\/v2\/pages\/59377\/revisions\/78020"}],"up":[{"embeddable":true,"href":"https:\/\/global-exam.com\/blog\/wp-json\/wp\/v2\/pages\/2986"}],"wp:attachment":[{"href":"https:\/\/global-exam.com\/blog\/wp-json\/wp\/v2\/media?parent=59377"}],"curies":[{"name":"wp","href":"https:\/\/api.w.org\/{rel}","templated":true}]}}