{"id":59499,"date":"2021-08-11T13:51:58","date_gmt":"2021-08-11T11:51:58","guid":{"rendered":"https:\/\/global-exam.com\/blog\/?page_id=59499"},"modified":"2022-08-31T14:33:19","modified_gmt":"2022-08-31T12:33:19","slug":"categorie-presentation-du-test-linguaskill","status":"publish","type":"page","link":"https:\/\/global-exam.com\/blog\/fr\/examens\/bulats\/categorie-presentation-du-test-linguaskill\/","title":{"rendered":"Pr\u00e9sentation du test Linguaskill (BULATS)"},"content":{"rendered":"<p>D\u00e9couvrir le Linguaskill<\/p>\n<p>Le Linguaskill (anciennement BULATS) est un <strong>test d\u2019anglais professionnel<\/strong> cr\u00e9\u00e9 par Cambridge Language Assessment. Il s&rsquo;agit d&rsquo;un test visant \u00e0 \u00e9valuer la capacit\u00e9 d\u2019une personne \u00e0 <strong>communiquer en anglais<\/strong>, dans un\u00a0<strong>environnement professionnel<\/strong>. Ainsi, les th\u00e8mes abord\u00e9s sont relatifs \u00e0 l&rsquo;anglais des affaires.<\/p>\n<p>Vous souhaitez tout savoir sur l\u2019examen ? Dans cette cat\u00e9gorie, retrouvez toutes les <strong>informations concernant le test Linguaskill<\/strong>\u00a0:\u00a0<strong>contenu du test, th\u00e8mes abord\u00e9s, score, bar\u00e8me<\/strong>\u2026 Tout y est !<\/p>\n<p>La certification BULATS vous int\u00e9resse ? GlobalExam est en mesure de vous aider \u00e0 pr\u00e9parer votre test efficacement, afin d\u2019obtenir un score optimal. Pour cela, notre \u00e9quipe d\u2019experts vous a pr\u00e9par\u00e9 des\u00a0<strong>examens blancs<\/strong>, des\u00a0<strong>exercices corrig\u00e9s<\/strong>, des\u00a0<strong>enregistrements audios<\/strong>\u00a0et plein d\u2019autres\u00a0<strong>outils d\u2019entra\u00eenement<\/strong>.<\/p>\n","protected":false},"excerpt":{"rendered":"<p>D\u00e9couvrir le Linguaskill Le Linguaskill (anciennement BULATS) est un test d\u2019anglais professionnel cr\u00e9\u00e9 par Cambridge Language Assessment. Il s&rsquo;agit d&rsquo;un test visant [&hellip;]<\/p>\n","protected":false},"author":2,"featured_media":0,"parent":2843,"menu_order":0,"comment_status":"closed","ping_status":"closed","template":"","meta":[],"acf":[],"yoast_head":"<!-- This site is optimized with the Yoast SEO plugin v17.2.1 - https:\/\/yoast.com\/wordpress\/plugins\/seo\/ -->\n<title>Pr\u00e9sentation du test Linguaskill (BULATS)<\/title>\n<meta name=\"description\" content=\"Test d&#039;anglais Linguaskill : acc\u00e9dez \u00e0 toutes les informations relatives \u00e0 cet examen linguistique pour booster votre score le jour J.\" \/>\n<meta name=\"robots\" content=\"index, follow, max-snippet:-1, max-image-preview:large, max-video-preview:-1\" \/>\n<link rel=\"canonical\" href=\"https:\/\/global-exam.com\/blog\/fr\/examens\/bulats\/categorie-presentation-du-test-linguaskill\/\" \/>\n<meta property=\"og:locale\" content=\"fr_FR\" \/>\n<meta property=\"og:type\" content=\"article\" \/>\n<meta property=\"og:title\" content=\"Pr\u00e9sentation du test Linguaskill (BULATS)\" \/>\n<meta property=\"og:description\" content=\"Test d&#039;anglais Linguaskill : acc\u00e9dez \u00e0 toutes les informations relatives \u00e0 cet examen linguistique pour booster votre score le jour J.\" \/>\n<meta property=\"og:url\" content=\"https:\/\/global-exam.com\/blog\/fr\/examens\/bulats\/categorie-presentation-du-test-linguaskill\/\" \/>\n<meta property=\"og:site_name\" content=\"GlobalExam Blog\" \/>\n<meta property=\"article:publisher\" content=\"https:\/\/www.facebook.com\/Global.Exam\" \/>\n<meta property=\"article:modified_time\" content=\"2022-08-31T12:33:19+00:00\" \/>\n<meta name=\"twitter:card\" content=\"summary_large_image\" \/>\n<meta name=\"twitter:site\" content=\"@Global_Exam\" \/>\n<meta name=\"twitter:label1\" content=\"Dur\u00e9e de lecture estim\u00e9e\" \/>\n\t<meta name=\"twitter:data1\" content=\"1 minute\" \/>\n<script type=\"application\/ld+json\" class=\"yoast-schema-graph\">{\"@context\":\"https:\/\/schema.org\",\"@graph\":[{\"@type\":\"WebSite\",\"@id\":\"https:\/\/global-exam.com\/blog\/#website\",\"url\":\"https:\/\/global-exam.com\/blog\/\",\"name\":\"GlobalExam Blog\",\"description\":\"Le blog du sp\\u00e9cialiste de la certification linguistique\",\"potentialAction\":[{\"@type\":\"SearchAction\",\"target\":{\"@type\":\"EntryPoint\",\"urlTemplate\":\"https:\/\/global-exam.com\/blog\/?s={search_term_string}\"},\"query-input\":\"required name=search_term_string\"}],\"inLanguage\":\"fr-FR\"},{\"@type\":\"WebPage\",\"@id\":\"https:\/\/global-exam.com\/blog\/fr\/examens\/bulats\/categorie-presentation-du-test-linguaskill\/#webpage\",\"url\":\"https:\/\/global-exam.com\/blog\/fr\/examens\/bulats\/categorie-presentation-du-test-linguaskill\/\",\"name\":\"Pr\\u00e9sentation du test Linguaskill (BULATS)\",\"isPartOf\":{\"@id\":\"https:\/\/global-exam.com\/blog\/#website\"},\"datePublished\":\"2021-08-11T11:51:58+00:00\",\"dateModified\":\"2022-08-31T12:33:19+00:00\",\"description\":\"Test d'anglais Linguaskill : acc\\u00e9dez \\u00e0 toutes les informations relatives \\u00e0 cet examen linguistique pour booster votre score le jour J.\",\"breadcrumb\":{\"@id\":\"https:\/\/global-exam.com\/blog\/fr\/examens\/bulats\/categorie-presentation-du-test-linguaskill\/#breadcrumb\"},\"inLanguage\":\"fr-FR\",\"potentialAction\":[{\"@type\":\"ReadAction\",\"target\":[\"https:\/\/global-exam.com\/blog\/fr\/examens\/bulats\/categorie-presentation-du-test-linguaskill\/\"]}]},{\"@type\":\"BreadcrumbList\",\"@id\":\"https:\/\/global-exam.com\/blog\/fr\/examens\/bulats\/categorie-presentation-du-test-linguaskill\/#breadcrumb\",\"itemListElement\":[{\"@type\":\"ListItem\",\"position\":1,\"name\":\"Les examens de langue\",\"item\":\"https:\/\/global-exam.com\/blog\/fr\/examens\/\"},{\"@type\":\"ListItem\",\"position\":2,\"name\":\"Linguaskill (BULATS)\",\"item\":\"https:\/\/global-exam.com\/blog\/fr\/examens\/bulats\/\"},{\"@type\":\"ListItem\",\"position\":3,\"name\":\"Pr\\u00e9sentation du test Linguaskill (BULATS)\"}]}]}<\/script>\n<!-- \/ Yoast SEO plugin. -->","yoast_head_json":{"title":"Pr\u00e9sentation du test Linguaskill (BULATS)","description":"Test d'anglais Linguaskill : acc\u00e9dez \u00e0 toutes les informations relatives \u00e0 cet examen linguistique pour booster votre score le jour J.","robots":{"index":"index","follow":"follow","max-snippet":"max-snippet:-1","max-image-preview":"max-image-preview:large","max-video-preview":"max-video-preview:-1"},"canonical":"https:\/\/global-exam.com\/blog\/fr\/examens\/bulats\/categorie-presentation-du-test-linguaskill\/","og_locale":"fr_FR","og_type":"article","og_title":"Pr\u00e9sentation du test Linguaskill (BULATS)","og_description":"Test d'anglais Linguaskill : acc\u00e9dez \u00e0 toutes les informations relatives \u00e0 cet examen linguistique pour booster votre score le jour J.","og_url":"https:\/\/global-exam.com\/blog\/fr\/examens\/bulats\/categorie-presentation-du-test-linguaskill\/","og_site_name":"GlobalExam Blog","article_publisher":"https:\/\/www.facebook.com\/Global.Exam","article_modified_time":"2022-08-31T12:33:19+00:00","twitter_card":"summary_large_image","twitter_site":"@Global_Exam","twitter_misc":{"Dur\u00e9e de lecture estim\u00e9e":"1 minute"},"schema":{"@context":"https:\/\/schema.org","@graph":[{"@type":"WebSite","@id":"https:\/\/global-exam.com\/blog\/#website","url":"https:\/\/global-exam.com\/blog\/","name":"GlobalExam Blog","description":"Le blog du sp\u00e9cialiste de la certification linguistique","potentialAction":[{"@type":"SearchAction","target":{"@type":"EntryPoint","urlTemplate":"https:\/\/global-exam.com\/blog\/?s={search_term_string}"},"query-input":"required name=search_term_string"}],"inLanguage":"fr-FR"},{"@type":"WebPage","@id":"https:\/\/global-exam.com\/blog\/fr\/examens\/bulats\/categorie-presentation-du-test-linguaskill\/#webpage","url":"https:\/\/global-exam.com\/blog\/fr\/examens\/bulats\/categorie-presentation-du-test-linguaskill\/","name":"Pr\u00e9sentation du test Linguaskill (BULATS)","isPartOf":{"@id":"https:\/\/global-exam.com\/blog\/#website"},"datePublished":"2021-08-11T11:51:58+00:00","dateModified":"2022-08-31T12:33:19+00:00","description":"Test d'anglais Linguaskill : acc\u00e9dez \u00e0 toutes les informations relatives \u00e0 cet examen linguistique pour booster votre score le jour J.","breadcrumb":{"@id":"https:\/\/global-exam.com\/blog\/fr\/examens\/bulats\/categorie-presentation-du-test-linguaskill\/#breadcrumb"},"inLanguage":"fr-FR","potentialAction":[{"@type":"ReadAction","target":["https:\/\/global-exam.com\/blog\/fr\/examens\/bulats\/categorie-presentation-du-test-linguaskill\/"]}]},{"@type":"BreadcrumbList","@id":"https:\/\/global-exam.com\/blog\/fr\/examens\/bulats\/categorie-presentation-du-test-linguaskill\/#breadcrumb","itemListElement":[{"@type":"ListItem","position":1,"name":"Les examens de langue","item":"https:\/\/global-exam.com\/blog\/fr\/examens\/"},{"@type":"ListItem","position":2,"name":"Linguaskill (BULATS)","item":"https:\/\/global-exam.com\/blog\/fr\/examens\/bulats\/"},{"@type":"ListItem","position":3,"name":"Pr\u00e9sentation du test Linguaskill (BULATS)"}]}]}},"lang":"fr","translations":{"fr":59499},"pll_sync_post":[],"_links":{"self":[{"href":"https:\/\/global-exam.com\/blog\/wp-json\/wp\/v2\/pages\/59499"}],"collection":[{"href":"https:\/\/global-exam.com\/blog\/wp-json\/wp\/v2\/pages"}],"about":[{"href":"https:\/\/global-exam.com\/blog\/wp-json\/wp\/v2\/types\/page"}],"author":[{"embeddable":true,"href":"https:\/\/global-exam.com\/blog\/wp-json\/wp\/v2\/users\/2"}],"replies":[{"embeddable":true,"href":"https:\/\/global-exam.com\/blog\/wp-json\/wp\/v2\/comments?post=59499"}],"version-history":[{"count":8,"href":"https:\/\/global-exam.com\/blog\/wp-json\/wp\/v2\/pages\/59499\/revisions"}],"predecessor-version":[{"id":79199,"href":"https:\/\/global-exam.com\/blog\/wp-json\/wp\/v2\/pages\/59499\/revisions\/79199"}],"up":[{"embeddable":true,"href":"https:\/\/global-exam.com\/blog\/wp-json\/wp\/v2\/pages\/2843"}],"wp:attachment":[{"href":"https:\/\/global-exam.com\/blog\/wp-json\/wp\/v2\/media?parent=59499"}],"curies":[{"name":"wp","href":"https:\/\/api.w.org\/{rel}","templated":true}]}}