{"id":59557,"date":"2021-08-11T14:15:30","date_gmt":"2021-08-11T12:15:30","guid":{"rendered":"https:\/\/global-exam.com\/blog\/?page_id=59557"},"modified":"2022-08-31T14:33:49","modified_gmt":"2022-08-31T12:33:49","slug":"categorie-sinscrire-au-linguaskill-bulats","status":"publish","type":"page","link":"https:\/\/global-exam.com\/blog\/fr\/examens\/bulats\/categorie-sinscrire-au-linguaskill-bulats\/","title":{"rendered":"S&rsquo;inscrire au Linguaskill (BULATS)"},"content":{"rendered":"<p>Les d\u00e9marches d&rsquo;inscription au Linguaskill<\/p>\n<p>Si vous souhaitez<strong> travailler \u00e0 l\u2019\u00e9tranger<\/strong>, int\u00e9grer une <strong>entreprise<\/strong> op\u00e9rant \u00e0 l\u2019<strong>international<\/strong> ou tout simplement justifier votre niveau d\u2019anglais, le <strong>Linguaskill<\/strong> peut se r\u00e9v\u00e9ler \u00eatre un v\u00e9ritable atout.<\/p>\n<p>La cat\u00e9gorie d&rsquo;articles qui va suivre vise \u00e0 vous accompagner dans votre <strong>d\u00e9marche d&rsquo;inscription<\/strong> au <b>Linguaskill. <\/b>GlobalExam vous explique toutes les <strong>\u00e9tapes<\/strong> et modalit\u00e9s propres \u00e0 l&rsquo;examen !<\/p>\n<p>En premier lieu, nous vous pr\u00e9sentons les<strong> diff\u00e9rents modules<\/strong> \u00e0 votre disposition qui r\u00e9pondent tous \u00e0 des comp\u00e9tences diff\u00e9rentes, que vous souhaitiez <strong>perfectionner<\/strong> votre <strong>prononciation<\/strong> ou travailler votre <strong>\u00e9crit<\/strong>. Cette cat\u00e9gorie a \u00e9galement pour but de vous pr\u00e9senter les diff\u00e9rents<strong> centres de passation<\/strong> en tenant compte des <strong>conditions d\u2019inscription<\/strong> respectives de chacun d\u2019entre eux.<\/p>\n<p>Vous trouverez \u00e9galement toutes les informations relatives aux <strong>tarifs du BULATS<\/strong> en comparaison avec les autres tests d&rsquo;anglais connus de tous (TOEIC et TOEFL). Le <strong>BULATS<\/strong> est un test int\u00e9ressant,<strong> plus \u00e9conomique<\/strong> que les autres.<\/p>\n","protected":false},"excerpt":{"rendered":"<p>Les d\u00e9marches d&rsquo;inscription au Linguaskill Si vous souhaitez travailler \u00e0 l\u2019\u00e9tranger, int\u00e9grer une entreprise op\u00e9rant \u00e0 l\u2019international ou tout simplement justifier votre [&hellip;]<\/p>\n","protected":false},"author":2,"featured_media":0,"parent":2843,"menu_order":0,"comment_status":"closed","ping_status":"closed","template":"","meta":[],"acf":[],"yoast_head":"<!-- This site is optimized with the Yoast SEO plugin v17.2.1 - https:\/\/yoast.com\/wordpress\/plugins\/seo\/ -->\n<title>S&#039;inscrire au Linguaskill (BULATS)<\/title>\n<meta name=\"description\" content=\"Inscrivez-vous au Linguaskill en toute s\u00e9r\u00e9nit\u00e9 en suivant les conseils de GlobalExam et r\u00e9ussissez votre examen haut la main !\" \/>\n<meta name=\"robots\" content=\"index, follow, max-snippet:-1, max-image-preview:large, max-video-preview:-1\" \/>\n<link rel=\"canonical\" href=\"https:\/\/global-exam.com\/blog\/fr\/examens\/bulats\/categorie-sinscrire-au-linguaskill-bulats\/\" \/>\n<meta property=\"og:locale\" content=\"fr_FR\" \/>\n<meta property=\"og:type\" content=\"article\" \/>\n<meta property=\"og:title\" content=\"S&#039;inscrire au Linguaskill (BULATS)\" \/>\n<meta property=\"og:description\" content=\"Inscrivez-vous au Linguaskill en toute s\u00e9r\u00e9nit\u00e9 en suivant les conseils de GlobalExam et r\u00e9ussissez votre examen haut la main !\" \/>\n<meta property=\"og:url\" content=\"https:\/\/global-exam.com\/blog\/fr\/examens\/bulats\/categorie-sinscrire-au-linguaskill-bulats\/\" \/>\n<meta property=\"og:site_name\" content=\"GlobalExam Blog\" \/>\n<meta property=\"article:publisher\" content=\"https:\/\/www.facebook.com\/Global.Exam\" \/>\n<meta property=\"article:modified_time\" content=\"2022-08-31T12:33:49+00:00\" \/>\n<meta name=\"twitter:card\" content=\"summary_large_image\" \/>\n<meta name=\"twitter:site\" content=\"@Global_Exam\" \/>\n<meta name=\"twitter:label1\" content=\"Dur\u00e9e de lecture estim\u00e9e\" \/>\n\t<meta name=\"twitter:data1\" content=\"1 minute\" \/>\n<script type=\"application\/ld+json\" class=\"yoast-schema-graph\">{\"@context\":\"https:\/\/schema.org\",\"@graph\":[{\"@type\":\"WebSite\",\"@id\":\"https:\/\/global-exam.com\/blog\/#website\",\"url\":\"https:\/\/global-exam.com\/blog\/\",\"name\":\"GlobalExam Blog\",\"description\":\"Le blog du sp\\u00e9cialiste de la certification linguistique\",\"potentialAction\":[{\"@type\":\"SearchAction\",\"target\":{\"@type\":\"EntryPoint\",\"urlTemplate\":\"https:\/\/global-exam.com\/blog\/?s={search_term_string}\"},\"query-input\":\"required name=search_term_string\"}],\"inLanguage\":\"fr-FR\"},{\"@type\":\"WebPage\",\"@id\":\"https:\/\/global-exam.com\/blog\/fr\/examens\/bulats\/categorie-sinscrire-au-linguaskill-bulats\/#webpage\",\"url\":\"https:\/\/global-exam.com\/blog\/fr\/examens\/bulats\/categorie-sinscrire-au-linguaskill-bulats\/\",\"name\":\"S'inscrire au Linguaskill (BULATS)\",\"isPartOf\":{\"@id\":\"https:\/\/global-exam.com\/blog\/#website\"},\"datePublished\":\"2021-08-11T12:15:30+00:00\",\"dateModified\":\"2022-08-31T12:33:49+00:00\",\"description\":\"Inscrivez-vous au Linguaskill en toute s\\u00e9r\\u00e9nit\\u00e9 en suivant les conseils de GlobalExam et r\\u00e9ussissez votre examen haut la main !\",\"breadcrumb\":{\"@id\":\"https:\/\/global-exam.com\/blog\/fr\/examens\/bulats\/categorie-sinscrire-au-linguaskill-bulats\/#breadcrumb\"},\"inLanguage\":\"fr-FR\",\"potentialAction\":[{\"@type\":\"ReadAction\",\"target\":[\"https:\/\/global-exam.com\/blog\/fr\/examens\/bulats\/categorie-sinscrire-au-linguaskill-bulats\/\"]}]},{\"@type\":\"BreadcrumbList\",\"@id\":\"https:\/\/global-exam.com\/blog\/fr\/examens\/bulats\/categorie-sinscrire-au-linguaskill-bulats\/#breadcrumb\",\"itemListElement\":[{\"@type\":\"ListItem\",\"position\":1,\"name\":\"Les examens de langue\",\"item\":\"https:\/\/global-exam.com\/blog\/fr\/examens\/\"},{\"@type\":\"ListItem\",\"position\":2,\"name\":\"Linguaskill (BULATS)\",\"item\":\"https:\/\/global-exam.com\/blog\/fr\/examens\/bulats\/\"},{\"@type\":\"ListItem\",\"position\":3,\"name\":\"S&rsquo;inscrire au Linguaskill (BULATS)\"}]}]}<\/script>\n<!-- \/ Yoast SEO plugin. -->","yoast_head_json":{"title":"S'inscrire au Linguaskill (BULATS)","description":"Inscrivez-vous au Linguaskill en toute s\u00e9r\u00e9nit\u00e9 en suivant les conseils de GlobalExam et r\u00e9ussissez votre examen haut la main !","robots":{"index":"index","follow":"follow","max-snippet":"max-snippet:-1","max-image-preview":"max-image-preview:large","max-video-preview":"max-video-preview:-1"},"canonical":"https:\/\/global-exam.com\/blog\/fr\/examens\/bulats\/categorie-sinscrire-au-linguaskill-bulats\/","og_locale":"fr_FR","og_type":"article","og_title":"S'inscrire au Linguaskill (BULATS)","og_description":"Inscrivez-vous au Linguaskill en toute s\u00e9r\u00e9nit\u00e9 en suivant les conseils de GlobalExam et r\u00e9ussissez votre examen haut la main !","og_url":"https:\/\/global-exam.com\/blog\/fr\/examens\/bulats\/categorie-sinscrire-au-linguaskill-bulats\/","og_site_name":"GlobalExam Blog","article_publisher":"https:\/\/www.facebook.com\/Global.Exam","article_modified_time":"2022-08-31T12:33:49+00:00","twitter_card":"summary_large_image","twitter_site":"@Global_Exam","twitter_misc":{"Dur\u00e9e de lecture estim\u00e9e":"1 minute"},"schema":{"@context":"https:\/\/schema.org","@graph":[{"@type":"WebSite","@id":"https:\/\/global-exam.com\/blog\/#website","url":"https:\/\/global-exam.com\/blog\/","name":"GlobalExam Blog","description":"Le blog du sp\u00e9cialiste de la certification linguistique","potentialAction":[{"@type":"SearchAction","target":{"@type":"EntryPoint","urlTemplate":"https:\/\/global-exam.com\/blog\/?s={search_term_string}"},"query-input":"required name=search_term_string"}],"inLanguage":"fr-FR"},{"@type":"WebPage","@id":"https:\/\/global-exam.com\/blog\/fr\/examens\/bulats\/categorie-sinscrire-au-linguaskill-bulats\/#webpage","url":"https:\/\/global-exam.com\/blog\/fr\/examens\/bulats\/categorie-sinscrire-au-linguaskill-bulats\/","name":"S'inscrire au Linguaskill (BULATS)","isPartOf":{"@id":"https:\/\/global-exam.com\/blog\/#website"},"datePublished":"2021-08-11T12:15:30+00:00","dateModified":"2022-08-31T12:33:49+00:00","description":"Inscrivez-vous au Linguaskill en toute s\u00e9r\u00e9nit\u00e9 en suivant les conseils de GlobalExam et r\u00e9ussissez votre examen haut la main !","breadcrumb":{"@id":"https:\/\/global-exam.com\/blog\/fr\/examens\/bulats\/categorie-sinscrire-au-linguaskill-bulats\/#breadcrumb"},"inLanguage":"fr-FR","potentialAction":[{"@type":"ReadAction","target":["https:\/\/global-exam.com\/blog\/fr\/examens\/bulats\/categorie-sinscrire-au-linguaskill-bulats\/"]}]},{"@type":"BreadcrumbList","@id":"https:\/\/global-exam.com\/blog\/fr\/examens\/bulats\/categorie-sinscrire-au-linguaskill-bulats\/#breadcrumb","itemListElement":[{"@type":"ListItem","position":1,"name":"Les examens de langue","item":"https:\/\/global-exam.com\/blog\/fr\/examens\/"},{"@type":"ListItem","position":2,"name":"Linguaskill (BULATS)","item":"https:\/\/global-exam.com\/blog\/fr\/examens\/bulats\/"},{"@type":"ListItem","position":3,"name":"S&rsquo;inscrire au Linguaskill (BULATS)"}]}]}},"lang":"fr","translations":{"fr":59557},"pll_sync_post":[],"_links":{"self":[{"href":"https:\/\/global-exam.com\/blog\/wp-json\/wp\/v2\/pages\/59557"}],"collection":[{"href":"https:\/\/global-exam.com\/blog\/wp-json\/wp\/v2\/pages"}],"about":[{"href":"https:\/\/global-exam.com\/blog\/wp-json\/wp\/v2\/types\/page"}],"author":[{"embeddable":true,"href":"https:\/\/global-exam.com\/blog\/wp-json\/wp\/v2\/users\/2"}],"replies":[{"embeddable":true,"href":"https:\/\/global-exam.com\/blog\/wp-json\/wp\/v2\/comments?post=59557"}],"version-history":[{"count":9,"href":"https:\/\/global-exam.com\/blog\/wp-json\/wp\/v2\/pages\/59557\/revisions"}],"predecessor-version":[{"id":79200,"href":"https:\/\/global-exam.com\/blog\/wp-json\/wp\/v2\/pages\/59557\/revisions\/79200"}],"up":[{"embeddable":true,"href":"https:\/\/global-exam.com\/blog\/wp-json\/wp\/v2\/pages\/2843"}],"wp:attachment":[{"href":"https:\/\/global-exam.com\/blog\/wp-json\/wp\/v2\/media?parent=59557"}],"curies":[{"name":"wp","href":"https:\/\/api.w.org\/{rel}","templated":true}]}}