{"id":59966,"date":"2021-08-12T17:54:13","date_gmt":"2021-08-12T15:54:13","guid":{"rendered":"https:\/\/global-exam.com\/blog\/?page_id=59966"},"modified":"2022-08-17T15:58:25","modified_gmt":"2022-08-17T13:58:25","slug":"categorie-avoir-un-bon-score-au-toefl-junior","status":"publish","type":"page","link":"https:\/\/global-exam.com\/blog\/fr\/examens\/toefl-junior\/categorie-avoir-un-bon-score-au-toefl-junior\/","title":{"rendered":"Avoir un bon score au TOEFL Junior"},"content":{"rendered":"<p>Am\u00e9liorer votre score<\/p>\n<p>Vous souhaitez\u00a0<strong>passer le TOEFL Junior\u00a0?<\/strong>\u00a0Vous aimeriez que vos \u00e9l\u00e8ves pr\u00e9parent cette \u00e9preuve\u00a0? Cet examen destin\u00e9 aux jeunes apprenants \u00e0 partir de 11 ans permet d\u2019\u00e9valuer le niveau de ma\u00eetrise de la langue anglaise des coll\u00e9giens et des lyc\u00e9ens.<\/p>\n<p>C\u2019est un excellent moyen de\u00a0<strong>mesurer leurs connaissances sur la base des niveaux du CECRL<\/strong>.\u00a0 Aussi, le TOEFL Junior vous permettra d\u2019identifier les points forts et les axes d\u2019am\u00e9lioration. Ce sont des informations cl\u00e9 pour pouvoir guider les \u00e9l\u00e8ves vers la voie de la r\u00e9ussite. D\u2019o\u00f9 l\u2019importance de bien conna\u00eetre les sp\u00e9cificit\u00e9s de ce test.<\/p>\n<p>D\u00e9couvrez dans cette section\u00a0<strong>comment interpr\u00e9ter le score pour les diff\u00e9rentes \u00e9preuves<\/strong>, ainsi que le score total. Vous verrez la corr\u00e9lation entre celui-ci et les niveaux du CECRL.\u00a0D\u00e9couvrez \u00e9galement nos 10 conseils pour obtenir les r\u00e9sultats recherch\u00e9s.<\/p>\n","protected":false},"excerpt":{"rendered":"<p>Am\u00e9liorer votre score Vous souhaitez\u00a0passer le TOEFL Junior\u00a0?\u00a0Vous aimeriez que vos \u00e9l\u00e8ves pr\u00e9parent cette \u00e9preuve\u00a0? Cet examen destin\u00e9 aux jeunes apprenants \u00e0 [&hellip;]<\/p>\n","protected":false},"author":24,"featured_media":0,"parent":34294,"menu_order":0,"comment_status":"closed","ping_status":"closed","template":"","meta":[],"acf":[],"yoast_head":"<!-- This site is optimized with the Yoast SEO plugin v17.2.1 - https:\/\/yoast.com\/wordpress\/plugins\/seo\/ -->\n<title>Avoir un bon score au TOEFL Junior<\/title>\n<meta name=\"robots\" content=\"index, follow, max-snippet:-1, max-image-preview:large, max-video-preview:-1\" \/>\n<link rel=\"canonical\" href=\"https:\/\/global-exam.com\/blog\/fr\/examens\/toefl-junior\/categorie-avoir-un-bon-score-au-toefl-junior\/\" \/>\n<meta property=\"og:locale\" content=\"fr_FR\" \/>\n<meta property=\"og:type\" content=\"article\" \/>\n<meta property=\"og:title\" content=\"Avoir un bon score au TOEFL Junior\" \/>\n<meta property=\"og:description\" content=\"Am\u00e9liorer votre score Vous souhaitez\u00a0passer le TOEFL Junior\u00a0?\u00a0Vous aimeriez que vos \u00e9l\u00e8ves pr\u00e9parent cette \u00e9preuve\u00a0? Cet examen destin\u00e9 aux jeunes apprenants \u00e0 [&hellip;]\" \/>\n<meta property=\"og:url\" content=\"https:\/\/global-exam.com\/blog\/fr\/examens\/toefl-junior\/categorie-avoir-un-bon-score-au-toefl-junior\/\" \/>\n<meta property=\"og:site_name\" content=\"GlobalExam Blog\" \/>\n<meta property=\"article:publisher\" content=\"https:\/\/www.facebook.com\/Global.Exam\" \/>\n<meta property=\"article:modified_time\" content=\"2022-08-17T13:58:25+00:00\" \/>\n<meta name=\"twitter:card\" content=\"summary_large_image\" \/>\n<meta name=\"twitter:site\" content=\"@Global_Exam\" \/>\n<meta name=\"twitter:label1\" content=\"Dur\u00e9e de lecture estim\u00e9e\" \/>\n\t<meta name=\"twitter:data1\" content=\"1 minute\" \/>\n<script type=\"application\/ld+json\" class=\"yoast-schema-graph\">{\"@context\":\"https:\/\/schema.org\",\"@graph\":[{\"@type\":\"WebSite\",\"@id\":\"https:\/\/global-exam.com\/blog\/#website\",\"url\":\"https:\/\/global-exam.com\/blog\/\",\"name\":\"GlobalExam Blog\",\"description\":\"Le blog du sp\\u00e9cialiste de la certification linguistique\",\"potentialAction\":[{\"@type\":\"SearchAction\",\"target\":{\"@type\":\"EntryPoint\",\"urlTemplate\":\"https:\/\/global-exam.com\/blog\/?s={search_term_string}\"},\"query-input\":\"required name=search_term_string\"}],\"inLanguage\":\"fr-FR\"},{\"@type\":\"WebPage\",\"@id\":\"https:\/\/global-exam.com\/blog\/fr\/examens\/toefl-junior\/categorie-avoir-un-bon-score-au-toefl-junior\/#webpage\",\"url\":\"https:\/\/global-exam.com\/blog\/fr\/examens\/toefl-junior\/categorie-avoir-un-bon-score-au-toefl-junior\/\",\"name\":\"Avoir un bon score au TOEFL Junior\",\"isPartOf\":{\"@id\":\"https:\/\/global-exam.com\/blog\/#website\"},\"datePublished\":\"2021-08-12T15:54:13+00:00\",\"dateModified\":\"2022-08-17T13:58:25+00:00\",\"breadcrumb\":{\"@id\":\"https:\/\/global-exam.com\/blog\/fr\/examens\/toefl-junior\/categorie-avoir-un-bon-score-au-toefl-junior\/#breadcrumb\"},\"inLanguage\":\"fr-FR\",\"potentialAction\":[{\"@type\":\"ReadAction\",\"target\":[\"https:\/\/global-exam.com\/blog\/fr\/examens\/toefl-junior\/categorie-avoir-un-bon-score-au-toefl-junior\/\"]}]},{\"@type\":\"BreadcrumbList\",\"@id\":\"https:\/\/global-exam.com\/blog\/fr\/examens\/toefl-junior\/categorie-avoir-un-bon-score-au-toefl-junior\/#breadcrumb\",\"itemListElement\":[{\"@type\":\"ListItem\",\"position\":1,\"name\":\"Les examens de langue\",\"item\":\"https:\/\/global-exam.com\/blog\/fr\/examens\/\"},{\"@type\":\"ListItem\",\"position\":2,\"name\":\"TOEFL Junior\",\"item\":\"https:\/\/global-exam.com\/blog\/fr\/examens\/toefl-junior\/\"},{\"@type\":\"ListItem\",\"position\":3,\"name\":\"Avoir un bon score au TOEFL Junior\"}]}]}<\/script>\n<!-- \/ Yoast SEO plugin. -->","yoast_head_json":{"title":"Avoir un bon score au TOEFL Junior","robots":{"index":"index","follow":"follow","max-snippet":"max-snippet:-1","max-image-preview":"max-image-preview:large","max-video-preview":"max-video-preview:-1"},"canonical":"https:\/\/global-exam.com\/blog\/fr\/examens\/toefl-junior\/categorie-avoir-un-bon-score-au-toefl-junior\/","og_locale":"fr_FR","og_type":"article","og_title":"Avoir un bon score au TOEFL Junior","og_description":"Am\u00e9liorer votre score Vous souhaitez\u00a0passer le TOEFL Junior\u00a0?\u00a0Vous aimeriez que vos \u00e9l\u00e8ves pr\u00e9parent cette \u00e9preuve\u00a0? Cet examen destin\u00e9 aux jeunes apprenants \u00e0 [&hellip;]","og_url":"https:\/\/global-exam.com\/blog\/fr\/examens\/toefl-junior\/categorie-avoir-un-bon-score-au-toefl-junior\/","og_site_name":"GlobalExam Blog","article_publisher":"https:\/\/www.facebook.com\/Global.Exam","article_modified_time":"2022-08-17T13:58:25+00:00","twitter_card":"summary_large_image","twitter_site":"@Global_Exam","twitter_misc":{"Dur\u00e9e de lecture estim\u00e9e":"1 minute"},"schema":{"@context":"https:\/\/schema.org","@graph":[{"@type":"WebSite","@id":"https:\/\/global-exam.com\/blog\/#website","url":"https:\/\/global-exam.com\/blog\/","name":"GlobalExam Blog","description":"Le blog du sp\u00e9cialiste de la certification linguistique","potentialAction":[{"@type":"SearchAction","target":{"@type":"EntryPoint","urlTemplate":"https:\/\/global-exam.com\/blog\/?s={search_term_string}"},"query-input":"required name=search_term_string"}],"inLanguage":"fr-FR"},{"@type":"WebPage","@id":"https:\/\/global-exam.com\/blog\/fr\/examens\/toefl-junior\/categorie-avoir-un-bon-score-au-toefl-junior\/#webpage","url":"https:\/\/global-exam.com\/blog\/fr\/examens\/toefl-junior\/categorie-avoir-un-bon-score-au-toefl-junior\/","name":"Avoir un bon score au TOEFL Junior","isPartOf":{"@id":"https:\/\/global-exam.com\/blog\/#website"},"datePublished":"2021-08-12T15:54:13+00:00","dateModified":"2022-08-17T13:58:25+00:00","breadcrumb":{"@id":"https:\/\/global-exam.com\/blog\/fr\/examens\/toefl-junior\/categorie-avoir-un-bon-score-au-toefl-junior\/#breadcrumb"},"inLanguage":"fr-FR","potentialAction":[{"@type":"ReadAction","target":["https:\/\/global-exam.com\/blog\/fr\/examens\/toefl-junior\/categorie-avoir-un-bon-score-au-toefl-junior\/"]}]},{"@type":"BreadcrumbList","@id":"https:\/\/global-exam.com\/blog\/fr\/examens\/toefl-junior\/categorie-avoir-un-bon-score-au-toefl-junior\/#breadcrumb","itemListElement":[{"@type":"ListItem","position":1,"name":"Les examens de langue","item":"https:\/\/global-exam.com\/blog\/fr\/examens\/"},{"@type":"ListItem","position":2,"name":"TOEFL Junior","item":"https:\/\/global-exam.com\/blog\/fr\/examens\/toefl-junior\/"},{"@type":"ListItem","position":3,"name":"Avoir un bon score au TOEFL Junior"}]}]}},"lang":"fr","translations":{"fr":59966},"pll_sync_post":[],"_links":{"self":[{"href":"https:\/\/global-exam.com\/blog\/wp-json\/wp\/v2\/pages\/59966"}],"collection":[{"href":"https:\/\/global-exam.com\/blog\/wp-json\/wp\/v2\/pages"}],"about":[{"href":"https:\/\/global-exam.com\/blog\/wp-json\/wp\/v2\/types\/page"}],"author":[{"embeddable":true,"href":"https:\/\/global-exam.com\/blog\/wp-json\/wp\/v2\/users\/24"}],"replies":[{"embeddable":true,"href":"https:\/\/global-exam.com\/blog\/wp-json\/wp\/v2\/comments?post=59966"}],"version-history":[{"count":6,"href":"https:\/\/global-exam.com\/blog\/wp-json\/wp\/v2\/pages\/59966\/revisions"}],"predecessor-version":[{"id":78093,"href":"https:\/\/global-exam.com\/blog\/wp-json\/wp\/v2\/pages\/59966\/revisions\/78093"}],"up":[{"embeddable":true,"href":"https:\/\/global-exam.com\/blog\/wp-json\/wp\/v2\/pages\/34294"}],"wp:attachment":[{"href":"https:\/\/global-exam.com\/blog\/wp-json\/wp\/v2\/media?parent=59966"}],"curies":[{"name":"wp","href":"https:\/\/api.w.org\/{rel}","templated":true}]}}