{"id":60225,"date":"2021-08-16T14:31:30","date_gmt":"2021-08-16T12:31:30","guid":{"rendered":"https:\/\/global-exam.com\/blog\/?page_id=60225"},"modified":"2022-08-31T14:46:55","modified_gmt":"2022-08-31T12:46:55","slug":"categorie-supports-pour-sentrainer-au-b2-first","status":"publish","type":"page","link":"https:\/\/global-exam.com\/blog\/fr\/examens\/cambridge-fce\/categorie-supports-pour-sentrainer-au-b2-first\/","title":{"rendered":"Supports pour s&rsquo;entra\u00eener au B2 First (FCE)"},"content":{"rendered":"<p>Ressources pour pr\u00e9parer le B2 First<\/p>\n<p>Quoi de mieux que d\u2019avoir les\u00a0<strong>bons supports<\/strong>\u00a0pour s\u2019entra\u00eener au mieux \u00e0 un examen ? C\u2019est exactement ce que nous vous proposons via ce\u00a0<strong>dossier d\u2019articles<\/strong>. Ils vous aideront \u00e0\u00a0<strong>conna\u00eetre les supports<\/strong>\u00a0qui vous seront utiles pour passer l\u2019<strong>examen Cambridge FCE<\/strong>.<\/p>\n<p>Chez\u00a0<strong>GlobalExam<\/strong>\u00a0nous mettons de tr\u00e8s nombreux supports \u00e0 votre disposition pour vous entra\u00eener. Ce que nous souhaitons par-dessus tout, c\u2019est votre r\u00e9ussite au\u00a0<strong>FCE<\/strong>.<\/p>\n<p>Livres, exercices, supports num\u00e9riques, e-books\u2026 Il est primordial de se familiariser avec des\u00a0<strong>supports adapt\u00e9s<\/strong>. Cela vous permettra d\u2019\u00eatre dans des\u00a0<strong>conditions ressemblantes<\/strong>\u00a0\u00e0 celle du vrai examen, et de vous mettre en condition !<\/p>\n<p>D\u00e9couvrez sans plus attendre les supports que vous pourrez utiliser pour vous exercer, en cliquant sur l\u2019article de votre choix.<\/p>\n","protected":false},"excerpt":{"rendered":"<p>Ressources pour pr\u00e9parer le B2 First Quoi de mieux que d\u2019avoir les\u00a0bons supports\u00a0pour s\u2019entra\u00eener au mieux \u00e0 un examen ? C\u2019est exactement [&hellip;]<\/p>\n","protected":false},"author":24,"featured_media":0,"parent":2869,"menu_order":0,"comment_status":"closed","ping_status":"closed","template":"","meta":[],"acf":[],"yoast_head":"<!-- This site is optimized with the Yoast SEO plugin v17.2.1 - https:\/\/yoast.com\/wordpress\/plugins\/seo\/ -->\n<title>Supports pour s&#039;entra\u00eener au B2 First (FCE)<\/title>\n<meta name=\"robots\" content=\"index, follow, max-snippet:-1, max-image-preview:large, max-video-preview:-1\" \/>\n<link rel=\"canonical\" href=\"https:\/\/global-exam.com\/blog\/fr\/examens\/cambridge-fce\/categorie-supports-pour-sentrainer-au-b2-first\/\" \/>\n<meta property=\"og:locale\" content=\"fr_FR\" \/>\n<meta property=\"og:type\" content=\"article\" \/>\n<meta property=\"og:title\" content=\"Supports pour s&#039;entra\u00eener au B2 First (FCE)\" \/>\n<meta property=\"og:description\" content=\"Ressources pour pr\u00e9parer le B2 First Quoi de mieux que d\u2019avoir les\u00a0bons supports\u00a0pour s\u2019entra\u00eener au mieux \u00e0 un examen ? C\u2019est exactement [&hellip;]\" \/>\n<meta property=\"og:url\" content=\"https:\/\/global-exam.com\/blog\/fr\/examens\/cambridge-fce\/categorie-supports-pour-sentrainer-au-b2-first\/\" \/>\n<meta property=\"og:site_name\" content=\"GlobalExam Blog\" \/>\n<meta property=\"article:publisher\" content=\"https:\/\/www.facebook.com\/Global.Exam\" \/>\n<meta property=\"article:modified_time\" content=\"2022-08-31T12:46:55+00:00\" \/>\n<meta name=\"twitter:card\" content=\"summary_large_image\" \/>\n<meta name=\"twitter:site\" content=\"@Global_Exam\" \/>\n<meta name=\"twitter:label1\" content=\"Dur\u00e9e de lecture estim\u00e9e\" \/>\n\t<meta name=\"twitter:data1\" content=\"1 minute\" \/>\n<script type=\"application\/ld+json\" class=\"yoast-schema-graph\">{\"@context\":\"https:\/\/schema.org\",\"@graph\":[{\"@type\":\"WebSite\",\"@id\":\"https:\/\/global-exam.com\/blog\/#website\",\"url\":\"https:\/\/global-exam.com\/blog\/\",\"name\":\"GlobalExam Blog\",\"description\":\"Le blog du sp\\u00e9cialiste de la certification linguistique\",\"potentialAction\":[{\"@type\":\"SearchAction\",\"target\":{\"@type\":\"EntryPoint\",\"urlTemplate\":\"https:\/\/global-exam.com\/blog\/?s={search_term_string}\"},\"query-input\":\"required name=search_term_string\"}],\"inLanguage\":\"fr-FR\"},{\"@type\":\"WebPage\",\"@id\":\"https:\/\/global-exam.com\/blog\/fr\/examens\/cambridge-fce\/categorie-supports-pour-sentrainer-au-b2-first\/#webpage\",\"url\":\"https:\/\/global-exam.com\/blog\/fr\/examens\/cambridge-fce\/categorie-supports-pour-sentrainer-au-b2-first\/\",\"name\":\"Supports pour s'entra\\u00eener au B2 First (FCE)\",\"isPartOf\":{\"@id\":\"https:\/\/global-exam.com\/blog\/#website\"},\"datePublished\":\"2021-08-16T12:31:30+00:00\",\"dateModified\":\"2022-08-31T12:46:55+00:00\",\"breadcrumb\":{\"@id\":\"https:\/\/global-exam.com\/blog\/fr\/examens\/cambridge-fce\/categorie-supports-pour-sentrainer-au-b2-first\/#breadcrumb\"},\"inLanguage\":\"fr-FR\",\"potentialAction\":[{\"@type\":\"ReadAction\",\"target\":[\"https:\/\/global-exam.com\/blog\/fr\/examens\/cambridge-fce\/categorie-supports-pour-sentrainer-au-b2-first\/\"]}]},{\"@type\":\"BreadcrumbList\",\"@id\":\"https:\/\/global-exam.com\/blog\/fr\/examens\/cambridge-fce\/categorie-supports-pour-sentrainer-au-b2-first\/#breadcrumb\",\"itemListElement\":[{\"@type\":\"ListItem\",\"position\":1,\"name\":\"Les examens de langue\",\"item\":\"https:\/\/global-exam.com\/blog\/fr\/examens\/\"},{\"@type\":\"ListItem\",\"position\":2,\"name\":\"B2 First (FCE)\",\"item\":\"https:\/\/global-exam.com\/blog\/fr\/examens\/cambridge-fce\/\"},{\"@type\":\"ListItem\",\"position\":3,\"name\":\"Supports pour s&rsquo;entra\\u00eener au B2 First (FCE)\"}]}]}<\/script>\n<!-- \/ Yoast SEO plugin. -->","yoast_head_json":{"title":"Supports pour s'entra\u00eener au B2 First (FCE)","robots":{"index":"index","follow":"follow","max-snippet":"max-snippet:-1","max-image-preview":"max-image-preview:large","max-video-preview":"max-video-preview:-1"},"canonical":"https:\/\/global-exam.com\/blog\/fr\/examens\/cambridge-fce\/categorie-supports-pour-sentrainer-au-b2-first\/","og_locale":"fr_FR","og_type":"article","og_title":"Supports pour s'entra\u00eener au B2 First (FCE)","og_description":"Ressources pour pr\u00e9parer le B2 First Quoi de mieux que d\u2019avoir les\u00a0bons supports\u00a0pour s\u2019entra\u00eener au mieux \u00e0 un examen ? C\u2019est exactement [&hellip;]","og_url":"https:\/\/global-exam.com\/blog\/fr\/examens\/cambridge-fce\/categorie-supports-pour-sentrainer-au-b2-first\/","og_site_name":"GlobalExam Blog","article_publisher":"https:\/\/www.facebook.com\/Global.Exam","article_modified_time":"2022-08-31T12:46:55+00:00","twitter_card":"summary_large_image","twitter_site":"@Global_Exam","twitter_misc":{"Dur\u00e9e de lecture estim\u00e9e":"1 minute"},"schema":{"@context":"https:\/\/schema.org","@graph":[{"@type":"WebSite","@id":"https:\/\/global-exam.com\/blog\/#website","url":"https:\/\/global-exam.com\/blog\/","name":"GlobalExam Blog","description":"Le blog du sp\u00e9cialiste de la certification linguistique","potentialAction":[{"@type":"SearchAction","target":{"@type":"EntryPoint","urlTemplate":"https:\/\/global-exam.com\/blog\/?s={search_term_string}"},"query-input":"required name=search_term_string"}],"inLanguage":"fr-FR"},{"@type":"WebPage","@id":"https:\/\/global-exam.com\/blog\/fr\/examens\/cambridge-fce\/categorie-supports-pour-sentrainer-au-b2-first\/#webpage","url":"https:\/\/global-exam.com\/blog\/fr\/examens\/cambridge-fce\/categorie-supports-pour-sentrainer-au-b2-first\/","name":"Supports pour s'entra\u00eener au B2 First (FCE)","isPartOf":{"@id":"https:\/\/global-exam.com\/blog\/#website"},"datePublished":"2021-08-16T12:31:30+00:00","dateModified":"2022-08-31T12:46:55+00:00","breadcrumb":{"@id":"https:\/\/global-exam.com\/blog\/fr\/examens\/cambridge-fce\/categorie-supports-pour-sentrainer-au-b2-first\/#breadcrumb"},"inLanguage":"fr-FR","potentialAction":[{"@type":"ReadAction","target":["https:\/\/global-exam.com\/blog\/fr\/examens\/cambridge-fce\/categorie-supports-pour-sentrainer-au-b2-first\/"]}]},{"@type":"BreadcrumbList","@id":"https:\/\/global-exam.com\/blog\/fr\/examens\/cambridge-fce\/categorie-supports-pour-sentrainer-au-b2-first\/#breadcrumb","itemListElement":[{"@type":"ListItem","position":1,"name":"Les examens de langue","item":"https:\/\/global-exam.com\/blog\/fr\/examens\/"},{"@type":"ListItem","position":2,"name":"B2 First (FCE)","item":"https:\/\/global-exam.com\/blog\/fr\/examens\/cambridge-fce\/"},{"@type":"ListItem","position":3,"name":"Supports pour s&rsquo;entra\u00eener au B2 First (FCE)"}]}]}},"lang":"fr","translations":{"fr":60225},"pll_sync_post":[],"_links":{"self":[{"href":"https:\/\/global-exam.com\/blog\/wp-json\/wp\/v2\/pages\/60225"}],"collection":[{"href":"https:\/\/global-exam.com\/blog\/wp-json\/wp\/v2\/pages"}],"about":[{"href":"https:\/\/global-exam.com\/blog\/wp-json\/wp\/v2\/types\/page"}],"author":[{"embeddable":true,"href":"https:\/\/global-exam.com\/blog\/wp-json\/wp\/v2\/users\/24"}],"replies":[{"embeddable":true,"href":"https:\/\/global-exam.com\/blog\/wp-json\/wp\/v2\/comments?post=60225"}],"version-history":[{"count":9,"href":"https:\/\/global-exam.com\/blog\/wp-json\/wp\/v2\/pages\/60225\/revisions"}],"predecessor-version":[{"id":79218,"href":"https:\/\/global-exam.com\/blog\/wp-json\/wp\/v2\/pages\/60225\/revisions\/79218"}],"up":[{"embeddable":true,"href":"https:\/\/global-exam.com\/blog\/wp-json\/wp\/v2\/pages\/2869"}],"wp:attachment":[{"href":"https:\/\/global-exam.com\/blog\/wp-json\/wp\/v2\/media?parent=60225"}],"curies":[{"name":"wp","href":"https:\/\/api.w.org\/{rel}","templated":true}]}}