{"id":60290,"date":"2021-08-16T15:13:04","date_gmt":"2021-08-16T13:13:04","guid":{"rendered":"https:\/\/global-exam.com\/blog\/?page_id=60290"},"modified":"2022-08-31T14:58:24","modified_gmt":"2022-08-31T12:58:24","slug":"categorie-grammaire-c1-advanced","status":"publish","type":"page","link":"https:\/\/global-exam.com\/blog\/fr\/examens\/cambridge-cae\/categorie-grammaire-c1-advanced\/","title":{"rendered":"Grammaire C1 Advanced"},"content":{"rendered":"<p>Ma\u00eetriser la grammaire du C1 Advanced<\/p>\n<p style=\"text-align: left;\"><span style=\"font-weight: 400;\">Le C1 Advanced, anciennement connu sous le nom de Cambridge English Advanced (CAE), est l\u2019une des certifications d&rsquo;anglais les plus recherch\u00e9es par les employeurs<\/span><b> et universit\u00e9s<\/b><span style=\"font-weight: 400;\">. <\/span><span style=\"font-weight: 400;\">Une des cl\u00e9s de votre r\u00e9ussite \u00e0 cet examen est la <\/span><b>ma\u00eetrise de la grammaire<\/b><span style=\"font-weight: 400;\">. Nous d\u00e9dions cette section \u00e0 diff\u00e9rents points fondamentaux qui constituent un <em>must <\/em>si vous voulez que votre pr\u00e9paration soit r\u00e9ussie.<\/span><\/p>\n<p style=\"text-align: left;\"><span style=\"font-weight: 400;\">D\u00e9couvrez \u00e0 travers nos diff\u00e9rentes rubriques diverses <\/span><b>fiches de grammaire<\/b><span style=\"font-weight: 400;\"> pour conna\u00eetre les emplois des <\/span><b>temps<\/b><span style=\"font-weight: 400;\"> du pr\u00e9sent, g\u00e9rondif, de l\u2019infinitif, du conditionnel ou du present perfect. <\/span><span style=\"font-weight: 400;\">Vous trouverez \u00e9galement un point les autres \u00e9l\u00e9ments de grammaire indispensables au passage du C1 Advanced.<\/span><\/p>\n<p style=\"text-align: left;\"><span style=\"font-weight: 400;\">Voici un aper\u00e7u de ce que GlobalExam peut vous offrir \u00e0 travers sa <\/span><b>plateforme e-learning<\/b><span style=\"font-weight: 400;\">. Le <\/span><b>mode entra\u00eenement<\/b><span style=\"font-weight: 400;\"> vous permettra de pratiquer avec des exercices type de chacune des \u00e9preuves du Cambridge C1 Advanced. Une pratique <\/span><b>ludique<\/b><span style=\"font-weight: 400;\">, que vous ferez <\/span><b>\u00e0 votre rythme<\/b><span style=\"font-weight: 400;\"> et en fonction de vos disponibilit\u00e9s, et qui sera accompagn\u00e9e de corrections et explications d\u00e9taill\u00e9es.<\/span><\/p>\n","protected":false},"excerpt":{"rendered":"<p>Ma\u00eetriser la grammaire du C1 Advanced Le C1 Advanced, anciennement connu sous le nom de Cambridge English Advanced (CAE), est l\u2019une des [&hellip;]<\/p>\n","protected":false},"author":24,"featured_media":0,"parent":13299,"menu_order":0,"comment_status":"closed","ping_status":"closed","template":"","meta":[],"acf":[],"yoast_head":"<!-- This site is optimized with the Yoast SEO plugin v17.2.1 - https:\/\/yoast.com\/wordpress\/plugins\/seo\/ -->\n<title>Grammaire C1 Advanced<\/title>\n<meta name=\"robots\" content=\"index, follow, max-snippet:-1, max-image-preview:large, max-video-preview:-1\" \/>\n<link rel=\"canonical\" href=\"https:\/\/global-exam.com\/blog\/fr\/examens\/cambridge-cae\/categorie-grammaire-c1-advanced\/\" \/>\n<meta property=\"og:locale\" content=\"fr_FR\" \/>\n<meta property=\"og:type\" content=\"article\" \/>\n<meta property=\"og:title\" content=\"Grammaire C1 Advanced\" \/>\n<meta property=\"og:description\" content=\"Ma\u00eetriser la grammaire du C1 Advanced Le C1 Advanced, anciennement connu sous le nom de Cambridge English Advanced (CAE), est l\u2019une des [&hellip;]\" \/>\n<meta property=\"og:url\" content=\"https:\/\/global-exam.com\/blog\/fr\/examens\/cambridge-cae\/categorie-grammaire-c1-advanced\/\" \/>\n<meta property=\"og:site_name\" content=\"GlobalExam Blog\" \/>\n<meta property=\"article:publisher\" content=\"https:\/\/www.facebook.com\/Global.Exam\" \/>\n<meta property=\"article:modified_time\" content=\"2022-08-31T12:58:24+00:00\" \/>\n<meta name=\"twitter:card\" content=\"summary_large_image\" \/>\n<meta name=\"twitter:site\" content=\"@Global_Exam\" \/>\n<meta name=\"twitter:label1\" content=\"Dur\u00e9e de lecture estim\u00e9e\" \/>\n\t<meta name=\"twitter:data1\" content=\"1 minute\" \/>\n<script type=\"application\/ld+json\" class=\"yoast-schema-graph\">{\"@context\":\"https:\/\/schema.org\",\"@graph\":[{\"@type\":\"WebSite\",\"@id\":\"https:\/\/global-exam.com\/blog\/#website\",\"url\":\"https:\/\/global-exam.com\/blog\/\",\"name\":\"GlobalExam Blog\",\"description\":\"Le blog du sp\\u00e9cialiste de la certification linguistique\",\"potentialAction\":[{\"@type\":\"SearchAction\",\"target\":{\"@type\":\"EntryPoint\",\"urlTemplate\":\"https:\/\/global-exam.com\/blog\/?s={search_term_string}\"},\"query-input\":\"required name=search_term_string\"}],\"inLanguage\":\"fr-FR\"},{\"@type\":\"WebPage\",\"@id\":\"https:\/\/global-exam.com\/blog\/fr\/examens\/cambridge-cae\/categorie-grammaire-c1-advanced\/#webpage\",\"url\":\"https:\/\/global-exam.com\/blog\/fr\/examens\/cambridge-cae\/categorie-grammaire-c1-advanced\/\",\"name\":\"Grammaire C1 Advanced\",\"isPartOf\":{\"@id\":\"https:\/\/global-exam.com\/blog\/#website\"},\"datePublished\":\"2021-08-16T13:13:04+00:00\",\"dateModified\":\"2022-08-31T12:58:24+00:00\",\"breadcrumb\":{\"@id\":\"https:\/\/global-exam.com\/blog\/fr\/examens\/cambridge-cae\/categorie-grammaire-c1-advanced\/#breadcrumb\"},\"inLanguage\":\"fr-FR\",\"potentialAction\":[{\"@type\":\"ReadAction\",\"target\":[\"https:\/\/global-exam.com\/blog\/fr\/examens\/cambridge-cae\/categorie-grammaire-c1-advanced\/\"]}]},{\"@type\":\"BreadcrumbList\",\"@id\":\"https:\/\/global-exam.com\/blog\/fr\/examens\/cambridge-cae\/categorie-grammaire-c1-advanced\/#breadcrumb\",\"itemListElement\":[{\"@type\":\"ListItem\",\"position\":1,\"name\":\"Les examens de langue\",\"item\":\"https:\/\/global-exam.com\/blog\/fr\/examens\/\"},{\"@type\":\"ListItem\",\"position\":2,\"name\":\"C1 Advanced (CAE)\",\"item\":\"https:\/\/global-exam.com\/blog\/fr\/examens\/cambridge-cae\/\"},{\"@type\":\"ListItem\",\"position\":3,\"name\":\"Grammaire C1 Advanced\"}]}]}<\/script>\n<!-- \/ Yoast SEO plugin. -->","yoast_head_json":{"title":"Grammaire C1 Advanced","robots":{"index":"index","follow":"follow","max-snippet":"max-snippet:-1","max-image-preview":"max-image-preview:large","max-video-preview":"max-video-preview:-1"},"canonical":"https:\/\/global-exam.com\/blog\/fr\/examens\/cambridge-cae\/categorie-grammaire-c1-advanced\/","og_locale":"fr_FR","og_type":"article","og_title":"Grammaire C1 Advanced","og_description":"Ma\u00eetriser la grammaire du C1 Advanced Le C1 Advanced, anciennement connu sous le nom de Cambridge English Advanced (CAE), est l\u2019une des [&hellip;]","og_url":"https:\/\/global-exam.com\/blog\/fr\/examens\/cambridge-cae\/categorie-grammaire-c1-advanced\/","og_site_name":"GlobalExam Blog","article_publisher":"https:\/\/www.facebook.com\/Global.Exam","article_modified_time":"2022-08-31T12:58:24+00:00","twitter_card":"summary_large_image","twitter_site":"@Global_Exam","twitter_misc":{"Dur\u00e9e de lecture estim\u00e9e":"1 minute"},"schema":{"@context":"https:\/\/schema.org","@graph":[{"@type":"WebSite","@id":"https:\/\/global-exam.com\/blog\/#website","url":"https:\/\/global-exam.com\/blog\/","name":"GlobalExam Blog","description":"Le blog du sp\u00e9cialiste de la certification linguistique","potentialAction":[{"@type":"SearchAction","target":{"@type":"EntryPoint","urlTemplate":"https:\/\/global-exam.com\/blog\/?s={search_term_string}"},"query-input":"required name=search_term_string"}],"inLanguage":"fr-FR"},{"@type":"WebPage","@id":"https:\/\/global-exam.com\/blog\/fr\/examens\/cambridge-cae\/categorie-grammaire-c1-advanced\/#webpage","url":"https:\/\/global-exam.com\/blog\/fr\/examens\/cambridge-cae\/categorie-grammaire-c1-advanced\/","name":"Grammaire C1 Advanced","isPartOf":{"@id":"https:\/\/global-exam.com\/blog\/#website"},"datePublished":"2021-08-16T13:13:04+00:00","dateModified":"2022-08-31T12:58:24+00:00","breadcrumb":{"@id":"https:\/\/global-exam.com\/blog\/fr\/examens\/cambridge-cae\/categorie-grammaire-c1-advanced\/#breadcrumb"},"inLanguage":"fr-FR","potentialAction":[{"@type":"ReadAction","target":["https:\/\/global-exam.com\/blog\/fr\/examens\/cambridge-cae\/categorie-grammaire-c1-advanced\/"]}]},{"@type":"BreadcrumbList","@id":"https:\/\/global-exam.com\/blog\/fr\/examens\/cambridge-cae\/categorie-grammaire-c1-advanced\/#breadcrumb","itemListElement":[{"@type":"ListItem","position":1,"name":"Les examens de langue","item":"https:\/\/global-exam.com\/blog\/fr\/examens\/"},{"@type":"ListItem","position":2,"name":"C1 Advanced (CAE)","item":"https:\/\/global-exam.com\/blog\/fr\/examens\/cambridge-cae\/"},{"@type":"ListItem","position":3,"name":"Grammaire C1 Advanced"}]}]}},"lang":"fr","translations":{"fr":60290},"pll_sync_post":[],"_links":{"self":[{"href":"https:\/\/global-exam.com\/blog\/wp-json\/wp\/v2\/pages\/60290"}],"collection":[{"href":"https:\/\/global-exam.com\/blog\/wp-json\/wp\/v2\/pages"}],"about":[{"href":"https:\/\/global-exam.com\/blog\/wp-json\/wp\/v2\/types\/page"}],"author":[{"embeddable":true,"href":"https:\/\/global-exam.com\/blog\/wp-json\/wp\/v2\/users\/24"}],"replies":[{"embeddable":true,"href":"https:\/\/global-exam.com\/blog\/wp-json\/wp\/v2\/comments?post=60290"}],"version-history":[{"count":10,"href":"https:\/\/global-exam.com\/blog\/wp-json\/wp\/v2\/pages\/60290\/revisions"}],"predecessor-version":[{"id":79231,"href":"https:\/\/global-exam.com\/blog\/wp-json\/wp\/v2\/pages\/60290\/revisions\/79231"}],"up":[{"embeddable":true,"href":"https:\/\/global-exam.com\/blog\/wp-json\/wp\/v2\/pages\/13299"}],"wp:attachment":[{"href":"https:\/\/global-exam.com\/blog\/wp-json\/wp\/v2\/media?parent=60290"}],"curies":[{"name":"wp","href":"https:\/\/api.w.org\/{rel}","templated":true}]}}