{"id":60320,"date":"2021-08-16T15:33:39","date_gmt":"2021-08-16T13:33:39","guid":{"rendered":"https:\/\/global-exam.com\/blog\/?page_id=60320"},"modified":"2022-08-31T14:51:10","modified_gmt":"2022-08-31T12:51:10","slug":"categorie-sinscrire-au-bright-english","status":"publish","type":"page","link":"https:\/\/global-exam.com\/blog\/fr\/examens\/bright-english\/categorie-sinscrire-au-bright-english\/","title":{"rendered":"S&rsquo;inscrire au Bright English"},"content":{"rendered":"<p>Les d\u00e9marches d&rsquo;inscription au BRIGHT English<\/p>\n<p>Vous souhaitez mettre toutes les\u00a0<strong>chances<\/strong>\u00a0de votre c\u00f4t\u00e9 pour d\u00e9crocher votre prochain\u00a0<strong>emploi \u00e0 l\u2019\u00e9tranger<\/strong>\u00a0et avez d\u00e9cid\u00e9 de passer le\u00a0<strong>BRIGHT English<\/strong>\u00a0?\u00a0 Excellente d\u00e9cision\u00a0! Ce test tr\u00e8s r\u00e9put\u00e9 et beaucoup demand\u00e9 dans le\u00a0<strong>milieu professionnel anglophone<\/strong>\u00a0va vous ouvrir de nombreuses portes.<\/p>\n<p>Comment se d\u00e9roule une\u00a0<strong>l&rsquo;inscription\u00a0<\/strong> au BRIGHT English ? Quelles sont les\u00a0<strong>\u00e9tapes<\/strong>\u00a0\u00e0 suivre\u00a0? Les d\u00e9lais d\u2019attente\u00a0? Quel en est le\u00a0<strong>co\u00fbt<\/strong>\u00a0total\u00a0?\u00a0<strong>GlobalExam<\/strong>\u00a0a regroup\u00e9 pour vous dans cette cat\u00e9gorie tous les articles li\u00e9s \u00e0 l\u2019<strong>inscription au BRIGHT English<\/strong>, pour vous permettre d\u2019y voir plus clair.<\/p>\n<p>L\u2019<strong>inscription<\/strong>\u00a0au test peut parfois s\u2019av\u00e9rer compliqu\u00e9e, et m\u00eame d\u00e9courager ou d\u00e9cevoir les candidats qui ne trouvent pas de r\u00e9ponses \u00e0 leurs questions. Avec cette cat\u00e9gorie, nous souhaitons vous permettre d\u2019<strong>avancer l\u2019esprit serein<\/strong>\u00a0en vous livrant toutes les\u00a0<strong>informations<\/strong>\u00a0n\u00e9cessaires \u00e0 une\u00a0<strong>inscription<\/strong>\u00a0<strong>efficace<\/strong>. Vous pourrez ainsi conserver toute votre \u00e9nergie pour la\u00a0<strong>pr\u00e9paration au test<\/strong>\u00a0!<\/p>\n","protected":false},"excerpt":{"rendered":"<p>Les d\u00e9marches d&rsquo;inscription au BRIGHT English Vous souhaitez mettre toutes les\u00a0chances\u00a0de votre c\u00f4t\u00e9 pour d\u00e9crocher votre prochain\u00a0emploi \u00e0 l\u2019\u00e9tranger\u00a0et avez d\u00e9cid\u00e9 de [&hellip;]<\/p>\n","protected":false},"author":24,"featured_media":0,"parent":2847,"menu_order":0,"comment_status":"closed","ping_status":"closed","template":"","meta":[],"acf":[],"yoast_head":"<!-- This site is optimized with the Yoast SEO plugin v17.2.1 - https:\/\/yoast.com\/wordpress\/plugins\/seo\/ -->\n<title>S&#039;inscrire au Bright English<\/title>\n<meta name=\"robots\" content=\"index, follow, max-snippet:-1, max-image-preview:large, max-video-preview:-1\" \/>\n<link rel=\"canonical\" href=\"https:\/\/global-exam.com\/blog\/fr\/examens\/bright-english\/categorie-sinscrire-au-bright-english\/\" \/>\n<meta property=\"og:locale\" content=\"fr_FR\" \/>\n<meta property=\"og:type\" content=\"article\" \/>\n<meta property=\"og:title\" content=\"S&#039;inscrire au Bright English\" \/>\n<meta property=\"og:description\" content=\"Les d\u00e9marches d&rsquo;inscription au BRIGHT English Vous souhaitez mettre toutes les\u00a0chances\u00a0de votre c\u00f4t\u00e9 pour d\u00e9crocher votre prochain\u00a0emploi \u00e0 l\u2019\u00e9tranger\u00a0et avez d\u00e9cid\u00e9 de [&hellip;]\" \/>\n<meta property=\"og:url\" content=\"https:\/\/global-exam.com\/blog\/fr\/examens\/bright-english\/categorie-sinscrire-au-bright-english\/\" \/>\n<meta property=\"og:site_name\" content=\"GlobalExam Blog\" \/>\n<meta property=\"article:publisher\" content=\"https:\/\/www.facebook.com\/Global.Exam\" \/>\n<meta property=\"article:modified_time\" content=\"2022-08-31T12:51:10+00:00\" \/>\n<meta name=\"twitter:card\" content=\"summary_large_image\" \/>\n<meta name=\"twitter:site\" content=\"@Global_Exam\" \/>\n<meta name=\"twitter:label1\" content=\"Dur\u00e9e de lecture estim\u00e9e\" \/>\n\t<meta name=\"twitter:data1\" content=\"1 minute\" \/>\n<script type=\"application\/ld+json\" class=\"yoast-schema-graph\">{\"@context\":\"https:\/\/schema.org\",\"@graph\":[{\"@type\":\"WebSite\",\"@id\":\"https:\/\/global-exam.com\/blog\/#website\",\"url\":\"https:\/\/global-exam.com\/blog\/\",\"name\":\"GlobalExam Blog\",\"description\":\"Le blog du sp\\u00e9cialiste de la certification linguistique\",\"potentialAction\":[{\"@type\":\"SearchAction\",\"target\":{\"@type\":\"EntryPoint\",\"urlTemplate\":\"https:\/\/global-exam.com\/blog\/?s={search_term_string}\"},\"query-input\":\"required name=search_term_string\"}],\"inLanguage\":\"fr-FR\"},{\"@type\":\"WebPage\",\"@id\":\"https:\/\/global-exam.com\/blog\/fr\/examens\/bright-english\/categorie-sinscrire-au-bright-english\/#webpage\",\"url\":\"https:\/\/global-exam.com\/blog\/fr\/examens\/bright-english\/categorie-sinscrire-au-bright-english\/\",\"name\":\"S'inscrire au Bright English\",\"isPartOf\":{\"@id\":\"https:\/\/global-exam.com\/blog\/#website\"},\"datePublished\":\"2021-08-16T13:33:39+00:00\",\"dateModified\":\"2022-08-31T12:51:10+00:00\",\"breadcrumb\":{\"@id\":\"https:\/\/global-exam.com\/blog\/fr\/examens\/bright-english\/categorie-sinscrire-au-bright-english\/#breadcrumb\"},\"inLanguage\":\"fr-FR\",\"potentialAction\":[{\"@type\":\"ReadAction\",\"target\":[\"https:\/\/global-exam.com\/blog\/fr\/examens\/bright-english\/categorie-sinscrire-au-bright-english\/\"]}]},{\"@type\":\"BreadcrumbList\",\"@id\":\"https:\/\/global-exam.com\/blog\/fr\/examens\/bright-english\/categorie-sinscrire-au-bright-english\/#breadcrumb\",\"itemListElement\":[{\"@type\":\"ListItem\",\"position\":1,\"name\":\"Les examens de langue\",\"item\":\"https:\/\/global-exam.com\/blog\/fr\/examens\/\"},{\"@type\":\"ListItem\",\"position\":2,\"name\":\"BRIGHT English\",\"item\":\"https:\/\/global-exam.com\/blog\/fr\/examens\/bright-english\/\"},{\"@type\":\"ListItem\",\"position\":3,\"name\":\"S&rsquo;inscrire au Bright English\"}]}]}<\/script>\n<!-- \/ Yoast SEO plugin. -->","yoast_head_json":{"title":"S'inscrire au Bright English","robots":{"index":"index","follow":"follow","max-snippet":"max-snippet:-1","max-image-preview":"max-image-preview:large","max-video-preview":"max-video-preview:-1"},"canonical":"https:\/\/global-exam.com\/blog\/fr\/examens\/bright-english\/categorie-sinscrire-au-bright-english\/","og_locale":"fr_FR","og_type":"article","og_title":"S'inscrire au Bright English","og_description":"Les d\u00e9marches d&rsquo;inscription au BRIGHT English Vous souhaitez mettre toutes les\u00a0chances\u00a0de votre c\u00f4t\u00e9 pour d\u00e9crocher votre prochain\u00a0emploi \u00e0 l\u2019\u00e9tranger\u00a0et avez d\u00e9cid\u00e9 de [&hellip;]","og_url":"https:\/\/global-exam.com\/blog\/fr\/examens\/bright-english\/categorie-sinscrire-au-bright-english\/","og_site_name":"GlobalExam Blog","article_publisher":"https:\/\/www.facebook.com\/Global.Exam","article_modified_time":"2022-08-31T12:51:10+00:00","twitter_card":"summary_large_image","twitter_site":"@Global_Exam","twitter_misc":{"Dur\u00e9e de lecture estim\u00e9e":"1 minute"},"schema":{"@context":"https:\/\/schema.org","@graph":[{"@type":"WebSite","@id":"https:\/\/global-exam.com\/blog\/#website","url":"https:\/\/global-exam.com\/blog\/","name":"GlobalExam Blog","description":"Le blog du sp\u00e9cialiste de la certification linguistique","potentialAction":[{"@type":"SearchAction","target":{"@type":"EntryPoint","urlTemplate":"https:\/\/global-exam.com\/blog\/?s={search_term_string}"},"query-input":"required name=search_term_string"}],"inLanguage":"fr-FR"},{"@type":"WebPage","@id":"https:\/\/global-exam.com\/blog\/fr\/examens\/bright-english\/categorie-sinscrire-au-bright-english\/#webpage","url":"https:\/\/global-exam.com\/blog\/fr\/examens\/bright-english\/categorie-sinscrire-au-bright-english\/","name":"S'inscrire au Bright English","isPartOf":{"@id":"https:\/\/global-exam.com\/blog\/#website"},"datePublished":"2021-08-16T13:33:39+00:00","dateModified":"2022-08-31T12:51:10+00:00","breadcrumb":{"@id":"https:\/\/global-exam.com\/blog\/fr\/examens\/bright-english\/categorie-sinscrire-au-bright-english\/#breadcrumb"},"inLanguage":"fr-FR","potentialAction":[{"@type":"ReadAction","target":["https:\/\/global-exam.com\/blog\/fr\/examens\/bright-english\/categorie-sinscrire-au-bright-english\/"]}]},{"@type":"BreadcrumbList","@id":"https:\/\/global-exam.com\/blog\/fr\/examens\/bright-english\/categorie-sinscrire-au-bright-english\/#breadcrumb","itemListElement":[{"@type":"ListItem","position":1,"name":"Les examens de langue","item":"https:\/\/global-exam.com\/blog\/fr\/examens\/"},{"@type":"ListItem","position":2,"name":"BRIGHT English","item":"https:\/\/global-exam.com\/blog\/fr\/examens\/bright-english\/"},{"@type":"ListItem","position":3,"name":"S&rsquo;inscrire au Bright English"}]}]}},"lang":"fr","translations":{"fr":60320},"pll_sync_post":[],"_links":{"self":[{"href":"https:\/\/global-exam.com\/blog\/wp-json\/wp\/v2\/pages\/60320"}],"collection":[{"href":"https:\/\/global-exam.com\/blog\/wp-json\/wp\/v2\/pages"}],"about":[{"href":"https:\/\/global-exam.com\/blog\/wp-json\/wp\/v2\/types\/page"}],"author":[{"embeddable":true,"href":"https:\/\/global-exam.com\/blog\/wp-json\/wp\/v2\/users\/24"}],"replies":[{"embeddable":true,"href":"https:\/\/global-exam.com\/blog\/wp-json\/wp\/v2\/comments?post=60320"}],"version-history":[{"count":7,"href":"https:\/\/global-exam.com\/blog\/wp-json\/wp\/v2\/pages\/60320\/revisions"}],"predecessor-version":[{"id":79222,"href":"https:\/\/global-exam.com\/blog\/wp-json\/wp\/v2\/pages\/60320\/revisions\/79222"}],"up":[{"embeddable":true,"href":"https:\/\/global-exam.com\/blog\/wp-json\/wp\/v2\/pages\/2847"}],"wp:attachment":[{"href":"https:\/\/global-exam.com\/blog\/wp-json\/wp\/v2\/media?parent=60320"}],"curies":[{"name":"wp","href":"https:\/\/api.w.org\/{rel}","templated":true}]}}