{"id":60511,"date":"2021-08-16T18:03:49","date_gmt":"2021-08-16T16:03:49","guid":{"rendered":"https:\/\/global-exam.com\/blog\/?page_id=60511"},"modified":"2022-08-17T17:31:19","modified_gmt":"2022-08-17T15:31:19","slug":"categorie-consignes-du-test-tcf","status":"publish","type":"page","link":"https:\/\/global-exam.com\/blog\/fr\/examens\/tcf\/categorie-consignes-du-test-tcf\/","title":{"rendered":"Consignes du test TCF"},"content":{"rendered":"<p>Ma\u00eetriser les consignes du TCF<\/p>\n<p>Dans cette cat\u00e9gorie, vous retrouverez en\u00a0<b>d\u00e9tail les explications<\/b>\u00a0sur les\u00a0<b>consignes \u00e0 comprendre<\/b>\u00a0pour\u00a0<b>passer le TCF<\/b> et obtenir son certificat. Que vous souhaitiez <strong>conna\u00eetre votre niveau de fran\u00e7ais<\/strong>, <strong>obtenir la nationalit\u00e9 fran\u00e7aise<\/strong> ou encore\u00a0<b>\u00e9tudier en France<\/b>, les consignes sont \u00e0 peu pr\u00e8s les m\u00eames. Dans tous les cas, une bonne <a href=\"https:\/\/global-exam.com\/fr\/exam\/tcf\" target=\"_blank\" rel=\"noopener\">pr\u00e9paration au TCF<\/a> augmentera vos chances d&rsquo;obtenir le meilleur score.<\/p>\n<p>Le\u00a0<b>TCF<\/b>\u00a0se d\u00e9roule g\u00e9n\u00e9ralement en\u00a0<b>3 \u00e9preuves<\/b>\u00a0: une compr\u00e9hension orale, un test sur la ma\u00eetrise de la structure de la langue et une compr\u00e9hension \u00e9crite.<\/p>\n<p>Les\u00a0<b>trois \u00e9preuves du TCF<\/b>\u00a0se passent de fa\u00e7on successive avec\u00a0<b>4 r\u00e9ponses au choix<\/b>\u00a0\u00e0 chaque questionnaire. Vous devez \u00e0 chaque fois g\u00e9rer un\u00a0<b>timing pr\u00e9cis<\/b>\u00a0en passant d\u2019une question \u00e0 une autre. Et dans ce sens,\u00a0<b>conna\u00eetre les consignes<\/b>\u00a0pour chaque type d\u2019\u00e9preuve est fortement recommand\u00e9 avant de passer le test. Notre cat\u00e9gorie pr\u00e9sente toutes les\u00a0<b>consignes \u00e0 savoir<\/b> sur la compr\u00e9hension orale, \u00e9crite et la structure des textes.<\/p>\n","protected":false},"excerpt":{"rendered":"<p>Ma\u00eetriser les consignes du TCF Dans cette cat\u00e9gorie, vous retrouverez en\u00a0d\u00e9tail les explications\u00a0sur les\u00a0consignes \u00e0 comprendre\u00a0pour\u00a0passer le TCF et obtenir son certificat. [&hellip;]<\/p>\n","protected":false},"author":2,"featured_media":0,"parent":2863,"menu_order":0,"comment_status":"closed","ping_status":"closed","template":"","meta":[],"acf":[],"yoast_head":"<!-- This site is optimized with the Yoast SEO plugin v17.2.1 - https:\/\/yoast.com\/wordpress\/plugins\/seo\/ -->\n<title>Consignes du test TCF<\/title>\n<meta name=\"description\" content=\"Ma\u00eetrisez les consignes du TCF sur le bout des doigts en suivant nos conseils. D\u00e9couvrez la structure de cet examen en fran\u00e7ais.\" \/>\n<meta name=\"robots\" content=\"index, follow, max-snippet:-1, max-image-preview:large, max-video-preview:-1\" \/>\n<link rel=\"canonical\" href=\"https:\/\/global-exam.com\/blog\/fr\/examens\/tcf\/categorie-consignes-du-test-tcf\/\" \/>\n<meta property=\"og:locale\" content=\"fr_FR\" \/>\n<meta property=\"og:type\" content=\"article\" \/>\n<meta property=\"og:title\" content=\"Consignes du test TCF\" \/>\n<meta property=\"og:description\" content=\"Ma\u00eetrisez les consignes du TCF sur le bout des doigts en suivant nos conseils. D\u00e9couvrez la structure de cet examen en fran\u00e7ais.\" \/>\n<meta property=\"og:url\" content=\"https:\/\/global-exam.com\/blog\/fr\/examens\/tcf\/categorie-consignes-du-test-tcf\/\" \/>\n<meta property=\"og:site_name\" content=\"GlobalExam Blog\" \/>\n<meta property=\"article:publisher\" content=\"https:\/\/www.facebook.com\/Global.Exam\" \/>\n<meta property=\"article:modified_time\" content=\"2022-08-17T15:31:19+00:00\" \/>\n<meta name=\"twitter:card\" content=\"summary_large_image\" \/>\n<meta name=\"twitter:site\" content=\"@Global_Exam\" \/>\n<meta name=\"twitter:label1\" content=\"Dur\u00e9e de lecture estim\u00e9e\" \/>\n\t<meta name=\"twitter:data1\" content=\"3 minutes\" \/>\n<script type=\"application\/ld+json\" class=\"yoast-schema-graph\">{\"@context\":\"https:\/\/schema.org\",\"@graph\":[{\"@type\":\"WebSite\",\"@id\":\"https:\/\/global-exam.com\/blog\/#website\",\"url\":\"https:\/\/global-exam.com\/blog\/\",\"name\":\"GlobalExam Blog\",\"description\":\"Le blog du sp\\u00e9cialiste de la certification linguistique\",\"potentialAction\":[{\"@type\":\"SearchAction\",\"target\":{\"@type\":\"EntryPoint\",\"urlTemplate\":\"https:\/\/global-exam.com\/blog\/?s={search_term_string}\"},\"query-input\":\"required name=search_term_string\"}],\"inLanguage\":\"fr-FR\"},{\"@type\":\"WebPage\",\"@id\":\"https:\/\/global-exam.com\/blog\/fr\/examens\/tcf\/categorie-consignes-du-test-tcf\/#webpage\",\"url\":\"https:\/\/global-exam.com\/blog\/fr\/examens\/tcf\/categorie-consignes-du-test-tcf\/\",\"name\":\"Consignes du test TCF\",\"isPartOf\":{\"@id\":\"https:\/\/global-exam.com\/blog\/#website\"},\"datePublished\":\"2021-08-16T16:03:49+00:00\",\"dateModified\":\"2022-08-17T15:31:19+00:00\",\"description\":\"Ma\\u00eetrisez les consignes du TCF sur le bout des doigts en suivant nos conseils. D\\u00e9couvrez la structure de cet examen en fran\\u00e7ais.\",\"breadcrumb\":{\"@id\":\"https:\/\/global-exam.com\/blog\/fr\/examens\/tcf\/categorie-consignes-du-test-tcf\/#breadcrumb\"},\"inLanguage\":\"fr-FR\",\"potentialAction\":[{\"@type\":\"ReadAction\",\"target\":[\"https:\/\/global-exam.com\/blog\/fr\/examens\/tcf\/categorie-consignes-du-test-tcf\/\"]}]},{\"@type\":\"BreadcrumbList\",\"@id\":\"https:\/\/global-exam.com\/blog\/fr\/examens\/tcf\/categorie-consignes-du-test-tcf\/#breadcrumb\",\"itemListElement\":[{\"@type\":\"ListItem\",\"position\":1,\"name\":\"Les examens de langue\",\"item\":\"https:\/\/global-exam.com\/blog\/fr\/examens\/\"},{\"@type\":\"ListItem\",\"position\":2,\"name\":\"TCF : attestez de votre niveau de fran\\u00e7ais\",\"item\":\"https:\/\/global-exam.com\/blog\/fr\/examens\/tcf\/\"},{\"@type\":\"ListItem\",\"position\":3,\"name\":\"Consignes du test TCF\"}]}]}<\/script>\n<!-- \/ Yoast SEO plugin. -->","yoast_head_json":{"title":"Consignes du test TCF","description":"Ma\u00eetrisez les consignes du TCF sur le bout des doigts en suivant nos conseils. D\u00e9couvrez la structure de cet examen en fran\u00e7ais.","robots":{"index":"index","follow":"follow","max-snippet":"max-snippet:-1","max-image-preview":"max-image-preview:large","max-video-preview":"max-video-preview:-1"},"canonical":"https:\/\/global-exam.com\/blog\/fr\/examens\/tcf\/categorie-consignes-du-test-tcf\/","og_locale":"fr_FR","og_type":"article","og_title":"Consignes du test TCF","og_description":"Ma\u00eetrisez les consignes du TCF sur le bout des doigts en suivant nos conseils. D\u00e9couvrez la structure de cet examen en fran\u00e7ais.","og_url":"https:\/\/global-exam.com\/blog\/fr\/examens\/tcf\/categorie-consignes-du-test-tcf\/","og_site_name":"GlobalExam Blog","article_publisher":"https:\/\/www.facebook.com\/Global.Exam","article_modified_time":"2022-08-17T15:31:19+00:00","twitter_card":"summary_large_image","twitter_site":"@Global_Exam","twitter_misc":{"Dur\u00e9e de lecture estim\u00e9e":"3 minutes"},"schema":{"@context":"https:\/\/schema.org","@graph":[{"@type":"WebSite","@id":"https:\/\/global-exam.com\/blog\/#website","url":"https:\/\/global-exam.com\/blog\/","name":"GlobalExam Blog","description":"Le blog du sp\u00e9cialiste de la certification linguistique","potentialAction":[{"@type":"SearchAction","target":{"@type":"EntryPoint","urlTemplate":"https:\/\/global-exam.com\/blog\/?s={search_term_string}"},"query-input":"required name=search_term_string"}],"inLanguage":"fr-FR"},{"@type":"WebPage","@id":"https:\/\/global-exam.com\/blog\/fr\/examens\/tcf\/categorie-consignes-du-test-tcf\/#webpage","url":"https:\/\/global-exam.com\/blog\/fr\/examens\/tcf\/categorie-consignes-du-test-tcf\/","name":"Consignes du test TCF","isPartOf":{"@id":"https:\/\/global-exam.com\/blog\/#website"},"datePublished":"2021-08-16T16:03:49+00:00","dateModified":"2022-08-17T15:31:19+00:00","description":"Ma\u00eetrisez les consignes du TCF sur le bout des doigts en suivant nos conseils. D\u00e9couvrez la structure de cet examen en fran\u00e7ais.","breadcrumb":{"@id":"https:\/\/global-exam.com\/blog\/fr\/examens\/tcf\/categorie-consignes-du-test-tcf\/#breadcrumb"},"inLanguage":"fr-FR","potentialAction":[{"@type":"ReadAction","target":["https:\/\/global-exam.com\/blog\/fr\/examens\/tcf\/categorie-consignes-du-test-tcf\/"]}]},{"@type":"BreadcrumbList","@id":"https:\/\/global-exam.com\/blog\/fr\/examens\/tcf\/categorie-consignes-du-test-tcf\/#breadcrumb","itemListElement":[{"@type":"ListItem","position":1,"name":"Les examens de langue","item":"https:\/\/global-exam.com\/blog\/fr\/examens\/"},{"@type":"ListItem","position":2,"name":"TCF : attestez de votre niveau de fran\u00e7ais","item":"https:\/\/global-exam.com\/blog\/fr\/examens\/tcf\/"},{"@type":"ListItem","position":3,"name":"Consignes du test TCF"}]}]}},"lang":"fr","translations":{"fr":60511},"pll_sync_post":[],"_links":{"self":[{"href":"https:\/\/global-exam.com\/blog\/wp-json\/wp\/v2\/pages\/60511"}],"collection":[{"href":"https:\/\/global-exam.com\/blog\/wp-json\/wp\/v2\/pages"}],"about":[{"href":"https:\/\/global-exam.com\/blog\/wp-json\/wp\/v2\/types\/page"}],"author":[{"embeddable":true,"href":"https:\/\/global-exam.com\/blog\/wp-json\/wp\/v2\/users\/2"}],"replies":[{"embeddable":true,"href":"https:\/\/global-exam.com\/blog\/wp-json\/wp\/v2\/comments?post=60511"}],"version-history":[{"count":8,"href":"https:\/\/global-exam.com\/blog\/wp-json\/wp\/v2\/pages\/60511\/revisions"}],"predecessor-version":[{"id":78130,"href":"https:\/\/global-exam.com\/blog\/wp-json\/wp\/v2\/pages\/60511\/revisions\/78130"}],"up":[{"embeddable":true,"href":"https:\/\/global-exam.com\/blog\/wp-json\/wp\/v2\/pages\/2863"}],"wp:attachment":[{"href":"https:\/\/global-exam.com\/blog\/wp-json\/wp\/v2\/media?parent=60511"}],"curies":[{"name":"wp","href":"https:\/\/api.w.org\/{rel}","templated":true}]}}