{"id":60527,"date":"2021-08-16T18:25:35","date_gmt":"2021-08-16T16:25:35","guid":{"rendered":"https:\/\/global-exam.com\/blog\/?page_id=60527"},"modified":"2022-08-17T17:34:29","modified_gmt":"2022-08-17T15:34:29","slug":"categorie-supports-pour-sentrainer-au-tcf","status":"publish","type":"page","link":"https:\/\/global-exam.com\/blog\/fr\/examens\/tcf\/categorie-supports-pour-sentrainer-au-tcf\/","title":{"rendered":"Supports pour s&rsquo;entra\u00eener au TCF"},"content":{"rendered":"<p>Pr\u00e9parer le TCF<\/p>\n<p>Si les avantages d\u2019<b>obtenir le TCF\u00a0<\/b>ne sont plus \u00e0 d\u00e9montrer, il n\u2019est pas toujours facile de choisir <strong>le bon<\/strong>\u00a0<b>support d\u2019entra\u00eenement<\/b> avant de passer l\u2019examen. Nous avons justement mis en place cette cat\u00e9gorie pour vous pr\u00e9senter les <b>meilleurs supports de pr\u00e9paration au TCF<\/b>.<\/p>\n<p>Si cette m\u00e9thode peut para\u00eetre aujourd&rsquo;hui un peu d\u00e9pass\u00e9e, l&rsquo;utilisation de livres demeure une bonne alternative pour <a href=\"https:\/\/global-exam.com\/fr\/exam\/tcf\" target=\"_blank\" rel=\"noopener\">s\u2019entra\u00eener au TCF<\/a>. On citera dans ce sens\u00a0<i>le guide officiel d\u2019entra\u00eenement au TCF<\/i>,\u00a0<i>l\u2019ABC TCF\u00a0<\/i>et le livre\u00a0<i>R\u00e9ussir le TCF\u00a0: exercices et activit\u00e9s d\u2019entra\u00eenement<\/i>.<\/p>\n<p>Vous retrouverez \u00e9galement dans cette cat\u00e9gorie des\u00a0<b>fiches pratiques<\/b>\u00a0pour vos r\u00e9visions, des fiches qui expliquent en d\u00e9tail les\u00a0<b>r\u00e8gles essentielles<\/b>\u00a0\u00e0 savoir ainsi que toutes les\u00a0<b>informations pratiques<\/b>.<\/p>\n","protected":false},"excerpt":{"rendered":"<p>Pr\u00e9parer le TCF Si les avantages d\u2019obtenir le TCF\u00a0ne sont plus \u00e0 d\u00e9montrer, il n\u2019est pas toujours facile de choisir le bon\u00a0support [&hellip;]<\/p>\n","protected":false},"author":2,"featured_media":0,"parent":2863,"menu_order":0,"comment_status":"closed","ping_status":"closed","template":"","meta":[],"acf":[],"yoast_head":"<!-- This site is optimized with the Yoast SEO plugin v17.2.1 - https:\/\/yoast.com\/wordpress\/plugins\/seo\/ -->\n<title>Supports pour s&#039;entra\u00eener au TCF<\/title>\n<meta name=\"description\" content=\"D\u00e9couvrez les meilleurs supports pour pr\u00e9parer le passage de la certification TCF pour valider votre niveau de fran\u00e7ais.\" \/>\n<meta name=\"robots\" content=\"index, follow, max-snippet:-1, max-image-preview:large, max-video-preview:-1\" \/>\n<link rel=\"canonical\" href=\"https:\/\/global-exam.com\/blog\/fr\/examens\/tcf\/categorie-supports-pour-sentrainer-au-tcf\/\" \/>\n<meta property=\"og:locale\" content=\"fr_FR\" \/>\n<meta property=\"og:type\" content=\"article\" \/>\n<meta property=\"og:title\" content=\"Supports pour s&#039;entra\u00eener au TCF\" \/>\n<meta property=\"og:description\" content=\"D\u00e9couvrez les meilleurs supports pour pr\u00e9parer le passage de la certification TCF pour valider votre niveau de fran\u00e7ais.\" \/>\n<meta property=\"og:url\" content=\"https:\/\/global-exam.com\/blog\/fr\/examens\/tcf\/categorie-supports-pour-sentrainer-au-tcf\/\" \/>\n<meta property=\"og:site_name\" content=\"GlobalExam Blog\" \/>\n<meta property=\"article:publisher\" content=\"https:\/\/www.facebook.com\/Global.Exam\" \/>\n<meta property=\"article:modified_time\" content=\"2022-08-17T15:34:29+00:00\" \/>\n<meta name=\"twitter:card\" content=\"summary_large_image\" \/>\n<meta name=\"twitter:site\" content=\"@Global_Exam\" \/>\n<meta name=\"twitter:label1\" content=\"Dur\u00e9e de lecture estim\u00e9e\" \/>\n\t<meta name=\"twitter:data1\" content=\"1 minute\" \/>\n<script type=\"application\/ld+json\" class=\"yoast-schema-graph\">{\"@context\":\"https:\/\/schema.org\",\"@graph\":[{\"@type\":\"WebSite\",\"@id\":\"https:\/\/global-exam.com\/blog\/#website\",\"url\":\"https:\/\/global-exam.com\/blog\/\",\"name\":\"GlobalExam Blog\",\"description\":\"Le blog du sp\\u00e9cialiste de la certification linguistique\",\"potentialAction\":[{\"@type\":\"SearchAction\",\"target\":{\"@type\":\"EntryPoint\",\"urlTemplate\":\"https:\/\/global-exam.com\/blog\/?s={search_term_string}\"},\"query-input\":\"required name=search_term_string\"}],\"inLanguage\":\"fr-FR\"},{\"@type\":\"WebPage\",\"@id\":\"https:\/\/global-exam.com\/blog\/fr\/examens\/tcf\/categorie-supports-pour-sentrainer-au-tcf\/#webpage\",\"url\":\"https:\/\/global-exam.com\/blog\/fr\/examens\/tcf\/categorie-supports-pour-sentrainer-au-tcf\/\",\"name\":\"Supports pour s'entra\\u00eener au TCF\",\"isPartOf\":{\"@id\":\"https:\/\/global-exam.com\/blog\/#website\"},\"datePublished\":\"2021-08-16T16:25:35+00:00\",\"dateModified\":\"2022-08-17T15:34:29+00:00\",\"description\":\"D\\u00e9couvrez les meilleurs supports pour pr\\u00e9parer le passage de la certification TCF pour valider votre niveau de fran\\u00e7ais.\",\"breadcrumb\":{\"@id\":\"https:\/\/global-exam.com\/blog\/fr\/examens\/tcf\/categorie-supports-pour-sentrainer-au-tcf\/#breadcrumb\"},\"inLanguage\":\"fr-FR\",\"potentialAction\":[{\"@type\":\"ReadAction\",\"target\":[\"https:\/\/global-exam.com\/blog\/fr\/examens\/tcf\/categorie-supports-pour-sentrainer-au-tcf\/\"]}]},{\"@type\":\"BreadcrumbList\",\"@id\":\"https:\/\/global-exam.com\/blog\/fr\/examens\/tcf\/categorie-supports-pour-sentrainer-au-tcf\/#breadcrumb\",\"itemListElement\":[{\"@type\":\"ListItem\",\"position\":1,\"name\":\"Les examens de langue\",\"item\":\"https:\/\/global-exam.com\/blog\/fr\/examens\/\"},{\"@type\":\"ListItem\",\"position\":2,\"name\":\"TCF : attestez de votre niveau de fran\\u00e7ais\",\"item\":\"https:\/\/global-exam.com\/blog\/fr\/examens\/tcf\/\"},{\"@type\":\"ListItem\",\"position\":3,\"name\":\"Supports pour s&rsquo;entra\\u00eener au TCF\"}]}]}<\/script>\n<!-- \/ Yoast SEO plugin. -->","yoast_head_json":{"title":"Supports pour s'entra\u00eener au TCF","description":"D\u00e9couvrez les meilleurs supports pour pr\u00e9parer le passage de la certification TCF pour valider votre niveau de fran\u00e7ais.","robots":{"index":"index","follow":"follow","max-snippet":"max-snippet:-1","max-image-preview":"max-image-preview:large","max-video-preview":"max-video-preview:-1"},"canonical":"https:\/\/global-exam.com\/blog\/fr\/examens\/tcf\/categorie-supports-pour-sentrainer-au-tcf\/","og_locale":"fr_FR","og_type":"article","og_title":"Supports pour s'entra\u00eener au TCF","og_description":"D\u00e9couvrez les meilleurs supports pour pr\u00e9parer le passage de la certification TCF pour valider votre niveau de fran\u00e7ais.","og_url":"https:\/\/global-exam.com\/blog\/fr\/examens\/tcf\/categorie-supports-pour-sentrainer-au-tcf\/","og_site_name":"GlobalExam Blog","article_publisher":"https:\/\/www.facebook.com\/Global.Exam","article_modified_time":"2022-08-17T15:34:29+00:00","twitter_card":"summary_large_image","twitter_site":"@Global_Exam","twitter_misc":{"Dur\u00e9e de lecture estim\u00e9e":"1 minute"},"schema":{"@context":"https:\/\/schema.org","@graph":[{"@type":"WebSite","@id":"https:\/\/global-exam.com\/blog\/#website","url":"https:\/\/global-exam.com\/blog\/","name":"GlobalExam Blog","description":"Le blog du sp\u00e9cialiste de la certification linguistique","potentialAction":[{"@type":"SearchAction","target":{"@type":"EntryPoint","urlTemplate":"https:\/\/global-exam.com\/blog\/?s={search_term_string}"},"query-input":"required name=search_term_string"}],"inLanguage":"fr-FR"},{"@type":"WebPage","@id":"https:\/\/global-exam.com\/blog\/fr\/examens\/tcf\/categorie-supports-pour-sentrainer-au-tcf\/#webpage","url":"https:\/\/global-exam.com\/blog\/fr\/examens\/tcf\/categorie-supports-pour-sentrainer-au-tcf\/","name":"Supports pour s'entra\u00eener au TCF","isPartOf":{"@id":"https:\/\/global-exam.com\/blog\/#website"},"datePublished":"2021-08-16T16:25:35+00:00","dateModified":"2022-08-17T15:34:29+00:00","description":"D\u00e9couvrez les meilleurs supports pour pr\u00e9parer le passage de la certification TCF pour valider votre niveau de fran\u00e7ais.","breadcrumb":{"@id":"https:\/\/global-exam.com\/blog\/fr\/examens\/tcf\/categorie-supports-pour-sentrainer-au-tcf\/#breadcrumb"},"inLanguage":"fr-FR","potentialAction":[{"@type":"ReadAction","target":["https:\/\/global-exam.com\/blog\/fr\/examens\/tcf\/categorie-supports-pour-sentrainer-au-tcf\/"]}]},{"@type":"BreadcrumbList","@id":"https:\/\/global-exam.com\/blog\/fr\/examens\/tcf\/categorie-supports-pour-sentrainer-au-tcf\/#breadcrumb","itemListElement":[{"@type":"ListItem","position":1,"name":"Les examens de langue","item":"https:\/\/global-exam.com\/blog\/fr\/examens\/"},{"@type":"ListItem","position":2,"name":"TCF : attestez de votre niveau de fran\u00e7ais","item":"https:\/\/global-exam.com\/blog\/fr\/examens\/tcf\/"},{"@type":"ListItem","position":3,"name":"Supports pour s&rsquo;entra\u00eener au TCF"}]}]}},"lang":"fr","translations":{"fr":60527},"pll_sync_post":[],"_links":{"self":[{"href":"https:\/\/global-exam.com\/blog\/wp-json\/wp\/v2\/pages\/60527"}],"collection":[{"href":"https:\/\/global-exam.com\/blog\/wp-json\/wp\/v2\/pages"}],"about":[{"href":"https:\/\/global-exam.com\/blog\/wp-json\/wp\/v2\/types\/page"}],"author":[{"embeddable":true,"href":"https:\/\/global-exam.com\/blog\/wp-json\/wp\/v2\/users\/2"}],"replies":[{"embeddable":true,"href":"https:\/\/global-exam.com\/blog\/wp-json\/wp\/v2\/comments?post=60527"}],"version-history":[{"count":9,"href":"https:\/\/global-exam.com\/blog\/wp-json\/wp\/v2\/pages\/60527\/revisions"}],"predecessor-version":[{"id":78135,"href":"https:\/\/global-exam.com\/blog\/wp-json\/wp\/v2\/pages\/60527\/revisions\/78135"}],"up":[{"embeddable":true,"href":"https:\/\/global-exam.com\/blog\/wp-json\/wp\/v2\/pages\/2863"}],"wp:attachment":[{"href":"https:\/\/global-exam.com\/blog\/wp-json\/wp\/v2\/media?parent=60527"}],"curies":[{"name":"wp","href":"https:\/\/api.w.org\/{rel}","templated":true}]}}