{"id":60642,"date":"2021-08-17T09:56:11","date_gmt":"2021-08-17T07:56:11","guid":{"rendered":"https:\/\/global-exam.com\/blog\/?page_id=60642"},"modified":"2022-08-18T15:20:23","modified_gmt":"2022-08-18T13:20:23","slug":"categorie-avoir-un-bon-score-au-widaf","status":"publish","type":"page","link":"https:\/\/global-exam.com\/blog\/fr\/examens\/widaf\/categorie-avoir-un-bon-score-au-widaf\/","title":{"rendered":"Avoir un bon score au WiDaF"},"content":{"rendered":"<p>Obtenir un bon score au WiDaF<\/p>\n<p>Il n\u2019est plus \u00e0 d\u00e9montrer que l\u2019obtention d\u2019un bon score au WIDAF est la cl\u00e9 de votre r\u00e9ussite en tant qu\u2019\u00e9tudiant ou professionnel dans un\u00a0<b>environnement germanophone<\/b>. Mais\u00a0<b>avoir un bon score au WIDAF\u00a0<\/b>n\u2019est pas toujours chose ais\u00e9e. C\u2019est la raison pour laquelle nous vous proposons les meilleures astuces pour\u00a0<b>obtenir les 990 points<\/b> lors de votre examen dans cette cat\u00e9gorie.<\/p>\n<p>Pour commencer, vous pouvez effectuer des entra\u00eenements r\u00e9guliers sur notre site sp\u00e9cialis\u00e9 en vue d\u2019avoir un bon score au WIDAF. Au fur et \u00e0 mesure que vous cumulez les exercices types, vous vous rendrez vite compte de votre progression.<\/p>\n<p>Pour\u00a0<b>optimiser votre score au WIDAF<\/b>, nous mettons \u00e9galement \u00e0 votre disposition des supports d\u2019<b>entra\u00eenements de qualit\u00e9<\/b>. \u00c0 citer, on distingue des exercices \u00ab\u2009Fachlexik\u2009\u00bb, \u00ab\u2009Grammatik\u2009\u00bb, \u00ab\u2009Leseverstethen\u2009\u00bb ou encore \u00ab\u2009Horverstehen\u2009\u00bb.<\/p>\n<p>Pour davantage d\u2019informations sur les entra\u00eenements \u00e0 effectuer et pour avoir un bon score au WIDAF, nous vous conseillons de consulter toute la\u00a0<b>s\u00e9lection d\u2019articles<\/b>\u00a0mis dans cette cat\u00e9gorie.<\/p>\n","protected":false},"excerpt":{"rendered":"<p>Obtenir un bon score au WiDaF Il n\u2019est plus \u00e0 d\u00e9montrer que l\u2019obtention d\u2019un bon score au WIDAF est la cl\u00e9 de [&hellip;]<\/p>\n","protected":false},"author":24,"featured_media":0,"parent":2867,"menu_order":0,"comment_status":"closed","ping_status":"closed","template":"","meta":[],"acf":[],"yoast_head":"<!-- This site is optimized with the Yoast SEO plugin v17.2.1 - https:\/\/yoast.com\/wordpress\/plugins\/seo\/ -->\n<title>Avoir un bon score au WiDaF<\/title>\n<meta name=\"robots\" content=\"index, follow, max-snippet:-1, max-image-preview:large, max-video-preview:-1\" \/>\n<link rel=\"canonical\" href=\"https:\/\/global-exam.com\/blog\/fr\/examens\/widaf\/categorie-avoir-un-bon-score-au-widaf\/\" \/>\n<meta property=\"og:locale\" content=\"fr_FR\" \/>\n<meta property=\"og:type\" content=\"article\" \/>\n<meta property=\"og:title\" content=\"Avoir un bon score au WiDaF\" \/>\n<meta property=\"og:description\" content=\"Obtenir un bon score au WiDaF Il n\u2019est plus \u00e0 d\u00e9montrer que l\u2019obtention d\u2019un bon score au WIDAF est la cl\u00e9 de [&hellip;]\" \/>\n<meta property=\"og:url\" content=\"https:\/\/global-exam.com\/blog\/fr\/examens\/widaf\/categorie-avoir-un-bon-score-au-widaf\/\" \/>\n<meta property=\"og:site_name\" content=\"GlobalExam Blog\" \/>\n<meta property=\"article:publisher\" content=\"https:\/\/www.facebook.com\/Global.Exam\" \/>\n<meta property=\"article:modified_time\" content=\"2022-08-18T13:20:23+00:00\" \/>\n<meta name=\"twitter:card\" content=\"summary_large_image\" \/>\n<meta name=\"twitter:site\" content=\"@Global_Exam\" \/>\n<meta name=\"twitter:label1\" content=\"Dur\u00e9e de lecture estim\u00e9e\" \/>\n\t<meta name=\"twitter:data1\" content=\"1 minute\" \/>\n<script type=\"application\/ld+json\" class=\"yoast-schema-graph\">{\"@context\":\"https:\/\/schema.org\",\"@graph\":[{\"@type\":\"WebSite\",\"@id\":\"https:\/\/global-exam.com\/blog\/#website\",\"url\":\"https:\/\/global-exam.com\/blog\/\",\"name\":\"GlobalExam Blog\",\"description\":\"Le blog du sp\\u00e9cialiste de la certification linguistique\",\"potentialAction\":[{\"@type\":\"SearchAction\",\"target\":{\"@type\":\"EntryPoint\",\"urlTemplate\":\"https:\/\/global-exam.com\/blog\/?s={search_term_string}\"},\"query-input\":\"required name=search_term_string\"}],\"inLanguage\":\"fr-FR\"},{\"@type\":\"WebPage\",\"@id\":\"https:\/\/global-exam.com\/blog\/fr\/examens\/widaf\/categorie-avoir-un-bon-score-au-widaf\/#webpage\",\"url\":\"https:\/\/global-exam.com\/blog\/fr\/examens\/widaf\/categorie-avoir-un-bon-score-au-widaf\/\",\"name\":\"Avoir un bon score au WiDaF\",\"isPartOf\":{\"@id\":\"https:\/\/global-exam.com\/blog\/#website\"},\"datePublished\":\"2021-08-17T07:56:11+00:00\",\"dateModified\":\"2022-08-18T13:20:23+00:00\",\"breadcrumb\":{\"@id\":\"https:\/\/global-exam.com\/blog\/fr\/examens\/widaf\/categorie-avoir-un-bon-score-au-widaf\/#breadcrumb\"},\"inLanguage\":\"fr-FR\",\"potentialAction\":[{\"@type\":\"ReadAction\",\"target\":[\"https:\/\/global-exam.com\/blog\/fr\/examens\/widaf\/categorie-avoir-un-bon-score-au-widaf\/\"]}]},{\"@type\":\"BreadcrumbList\",\"@id\":\"https:\/\/global-exam.com\/blog\/fr\/examens\/widaf\/categorie-avoir-un-bon-score-au-widaf\/#breadcrumb\",\"itemListElement\":[{\"@type\":\"ListItem\",\"position\":1,\"name\":\"Les examens de langue\",\"item\":\"https:\/\/global-exam.com\/blog\/fr\/examens\/\"},{\"@type\":\"ListItem\",\"position\":2,\"name\":\"WiDaf : \\u00e9valuez votre allemand\",\"item\":\"https:\/\/global-exam.com\/blog\/fr\/examens\/widaf\/\"},{\"@type\":\"ListItem\",\"position\":3,\"name\":\"Avoir un bon score au WiDaF\"}]}]}<\/script>\n<!-- \/ Yoast SEO plugin. -->","yoast_head_json":{"title":"Avoir un bon score au WiDaF","robots":{"index":"index","follow":"follow","max-snippet":"max-snippet:-1","max-image-preview":"max-image-preview:large","max-video-preview":"max-video-preview:-1"},"canonical":"https:\/\/global-exam.com\/blog\/fr\/examens\/widaf\/categorie-avoir-un-bon-score-au-widaf\/","og_locale":"fr_FR","og_type":"article","og_title":"Avoir un bon score au WiDaF","og_description":"Obtenir un bon score au WiDaF Il n\u2019est plus \u00e0 d\u00e9montrer que l\u2019obtention d\u2019un bon score au WIDAF est la cl\u00e9 de [&hellip;]","og_url":"https:\/\/global-exam.com\/blog\/fr\/examens\/widaf\/categorie-avoir-un-bon-score-au-widaf\/","og_site_name":"GlobalExam Blog","article_publisher":"https:\/\/www.facebook.com\/Global.Exam","article_modified_time":"2022-08-18T13:20:23+00:00","twitter_card":"summary_large_image","twitter_site":"@Global_Exam","twitter_misc":{"Dur\u00e9e de lecture estim\u00e9e":"1 minute"},"schema":{"@context":"https:\/\/schema.org","@graph":[{"@type":"WebSite","@id":"https:\/\/global-exam.com\/blog\/#website","url":"https:\/\/global-exam.com\/blog\/","name":"GlobalExam Blog","description":"Le blog du sp\u00e9cialiste de la certification linguistique","potentialAction":[{"@type":"SearchAction","target":{"@type":"EntryPoint","urlTemplate":"https:\/\/global-exam.com\/blog\/?s={search_term_string}"},"query-input":"required name=search_term_string"}],"inLanguage":"fr-FR"},{"@type":"WebPage","@id":"https:\/\/global-exam.com\/blog\/fr\/examens\/widaf\/categorie-avoir-un-bon-score-au-widaf\/#webpage","url":"https:\/\/global-exam.com\/blog\/fr\/examens\/widaf\/categorie-avoir-un-bon-score-au-widaf\/","name":"Avoir un bon score au WiDaF","isPartOf":{"@id":"https:\/\/global-exam.com\/blog\/#website"},"datePublished":"2021-08-17T07:56:11+00:00","dateModified":"2022-08-18T13:20:23+00:00","breadcrumb":{"@id":"https:\/\/global-exam.com\/blog\/fr\/examens\/widaf\/categorie-avoir-un-bon-score-au-widaf\/#breadcrumb"},"inLanguage":"fr-FR","potentialAction":[{"@type":"ReadAction","target":["https:\/\/global-exam.com\/blog\/fr\/examens\/widaf\/categorie-avoir-un-bon-score-au-widaf\/"]}]},{"@type":"BreadcrumbList","@id":"https:\/\/global-exam.com\/blog\/fr\/examens\/widaf\/categorie-avoir-un-bon-score-au-widaf\/#breadcrumb","itemListElement":[{"@type":"ListItem","position":1,"name":"Les examens de langue","item":"https:\/\/global-exam.com\/blog\/fr\/examens\/"},{"@type":"ListItem","position":2,"name":"WiDaf : \u00e9valuez votre allemand","item":"https:\/\/global-exam.com\/blog\/fr\/examens\/widaf\/"},{"@type":"ListItem","position":3,"name":"Avoir un bon score au WiDaF"}]}]}},"lang":"fr","translations":{"fr":60642},"pll_sync_post":[],"_links":{"self":[{"href":"https:\/\/global-exam.com\/blog\/wp-json\/wp\/v2\/pages\/60642"}],"collection":[{"href":"https:\/\/global-exam.com\/blog\/wp-json\/wp\/v2\/pages"}],"about":[{"href":"https:\/\/global-exam.com\/blog\/wp-json\/wp\/v2\/types\/page"}],"author":[{"embeddable":true,"href":"https:\/\/global-exam.com\/blog\/wp-json\/wp\/v2\/users\/24"}],"replies":[{"embeddable":true,"href":"https:\/\/global-exam.com\/blog\/wp-json\/wp\/v2\/comments?post=60642"}],"version-history":[{"count":8,"href":"https:\/\/global-exam.com\/blog\/wp-json\/wp\/v2\/pages\/60642\/revisions"}],"predecessor-version":[{"id":78230,"href":"https:\/\/global-exam.com\/blog\/wp-json\/wp\/v2\/pages\/60642\/revisions\/78230"}],"up":[{"embeddable":true,"href":"https:\/\/global-exam.com\/blog\/wp-json\/wp\/v2\/pages\/2867"}],"wp:attachment":[{"href":"https:\/\/global-exam.com\/blog\/wp-json\/wp\/v2\/media?parent=60642"}],"curies":[{"name":"wp","href":"https:\/\/api.w.org\/{rel}","templated":true}]}}