{"id":60774,"date":"2021-08-17T10:48:22","date_gmt":"2021-08-17T08:48:22","guid":{"rendered":"https:\/\/global-exam.com\/blog\/?page_id=60774"},"modified":"2022-08-18T10:58:15","modified_gmt":"2022-08-18T08:58:15","slug":"categorie-presentation-du-test-bright-espanol","status":"publish","type":"page","link":"https:\/\/global-exam.com\/blog\/fr\/examens\/bright-espanol\/categorie-presentation-du-test-bright-espanol\/","title":{"rendered":"Pr\u00e9sentation du test Bright Espa\u00f1ol"},"content":{"rendered":"<p>D\u00e9couvrir le BRIGHT Espa\u00f1ol<\/p>\n<p>Vous souhaitez vous inscrire <strong>au Bright Espa\u00f1ol <\/strong>pour conna\u00eetre votre niveau en espagnol ou pour des raisons professionnelles ? Quel que soit le motif pour lequel vous souhaitez passer l&rsquo;examen, cette cat\u00e9gorie vous donnera certainement les r\u00e9ponses que vous cherchez !<\/p>\n<p>Demand\u00e9 dans certaines entreprises internationales, le Bright Espa\u00f1ol est un <strong>dipl\u00f4me attestant de votre niveau<\/strong>. Le score obtenu permettra d\u2019informer un employeur du niveau que vous avez dans une langue d\u00e9termin\u00e9e.<\/p>\n<p>Suite \u00e0 l\u2019obtention de votre score, vous \u00eates en mesure de l\u2019afficher sur votre CV si vous le souhaitez. Cette certification est<strong>\u00a0valable deux ans<\/strong>. Si vous souhaitez actualiser votre niveau, vous devrez passer ce test tous les deux ans.<\/p>\n<p>M\u00eame si vous pensez avoir un bon niveau d\u2019espagnol, le test du Bright Espa\u00f1ol ne doit pas \u00eatre pris \u00e0 la l\u00e9g\u00e8re. GlobalExam vous conseille fortement de\u00a0<strong>vous entra\u00eener<\/strong>\u00a0en faisant des exercices, en passant des tests blancs ou en r\u00e9visant votre grammaire ou vocabulaire.<\/p>\n","protected":false},"excerpt":{"rendered":"<p>D\u00e9couvrir le BRIGHT Espa\u00f1ol Vous souhaitez vous inscrire au Bright Espa\u00f1ol pour conna\u00eetre votre niveau en espagnol ou pour des raisons professionnelles [&hellip;]<\/p>\n","protected":false},"author":24,"featured_media":0,"parent":2861,"menu_order":0,"comment_status":"closed","ping_status":"closed","template":"","meta":[],"acf":[],"yoast_head":"<!-- This site is optimized with the Yoast SEO plugin v17.2.1 - https:\/\/yoast.com\/wordpress\/plugins\/seo\/ -->\n<title>Pr\u00e9sentation du test Bright Espa\u00f1ol - GlobalExam Blog<\/title>\n<meta name=\"robots\" content=\"index, follow, max-snippet:-1, max-image-preview:large, max-video-preview:-1\" \/>\n<link rel=\"canonical\" href=\"https:\/\/global-exam.com\/blog\/fr\/examens\/bright-espanol\/categorie-presentation-du-test-bright-espanol\/\" \/>\n<meta property=\"og:locale\" content=\"fr_FR\" \/>\n<meta property=\"og:type\" content=\"article\" \/>\n<meta property=\"og:title\" content=\"Pr\u00e9sentation du test Bright Espa\u00f1ol - GlobalExam Blog\" \/>\n<meta property=\"og:description\" content=\"D\u00e9couvrir le BRIGHT Espa\u00f1ol Vous souhaitez vous inscrire au Bright Espa\u00f1ol pour conna\u00eetre votre niveau en espagnol ou pour des raisons professionnelles [&hellip;]\" \/>\n<meta property=\"og:url\" content=\"https:\/\/global-exam.com\/blog\/fr\/examens\/bright-espanol\/categorie-presentation-du-test-bright-espanol\/\" \/>\n<meta property=\"og:site_name\" content=\"GlobalExam Blog\" \/>\n<meta property=\"article:publisher\" content=\"https:\/\/www.facebook.com\/Global.Exam\" \/>\n<meta property=\"article:modified_time\" content=\"2022-08-18T08:58:15+00:00\" \/>\n<meta name=\"twitter:card\" content=\"summary_large_image\" \/>\n<meta name=\"twitter:site\" content=\"@Global_Exam\" \/>\n<meta name=\"twitter:label1\" content=\"Dur\u00e9e de lecture estim\u00e9e\" \/>\n\t<meta name=\"twitter:data1\" content=\"1 minute\" \/>\n<script type=\"application\/ld+json\" class=\"yoast-schema-graph\">{\"@context\":\"https:\/\/schema.org\",\"@graph\":[{\"@type\":\"WebSite\",\"@id\":\"https:\/\/global-exam.com\/blog\/#website\",\"url\":\"https:\/\/global-exam.com\/blog\/\",\"name\":\"GlobalExam Blog\",\"description\":\"Le blog du sp\\u00e9cialiste de la certification linguistique\",\"potentialAction\":[{\"@type\":\"SearchAction\",\"target\":{\"@type\":\"EntryPoint\",\"urlTemplate\":\"https:\/\/global-exam.com\/blog\/?s={search_term_string}\"},\"query-input\":\"required name=search_term_string\"}],\"inLanguage\":\"fr-FR\"},{\"@type\":\"WebPage\",\"@id\":\"https:\/\/global-exam.com\/blog\/fr\/examens\/bright-espanol\/categorie-presentation-du-test-bright-espanol\/#webpage\",\"url\":\"https:\/\/global-exam.com\/blog\/fr\/examens\/bright-espanol\/categorie-presentation-du-test-bright-espanol\/\",\"name\":\"Pr\\u00e9sentation du test Bright Espa\\u00f1ol - GlobalExam Blog\",\"isPartOf\":{\"@id\":\"https:\/\/global-exam.com\/blog\/#website\"},\"datePublished\":\"2021-08-17T08:48:22+00:00\",\"dateModified\":\"2022-08-18T08:58:15+00:00\",\"breadcrumb\":{\"@id\":\"https:\/\/global-exam.com\/blog\/fr\/examens\/bright-espanol\/categorie-presentation-du-test-bright-espanol\/#breadcrumb\"},\"inLanguage\":\"fr-FR\",\"potentialAction\":[{\"@type\":\"ReadAction\",\"target\":[\"https:\/\/global-exam.com\/blog\/fr\/examens\/bright-espanol\/categorie-presentation-du-test-bright-espanol\/\"]}]},{\"@type\":\"BreadcrumbList\",\"@id\":\"https:\/\/global-exam.com\/blog\/fr\/examens\/bright-espanol\/categorie-presentation-du-test-bright-espanol\/#breadcrumb\",\"itemListElement\":[{\"@type\":\"ListItem\",\"position\":1,\"name\":\"Les examens de langue\",\"item\":\"https:\/\/global-exam.com\/blog\/fr\/examens\/\"},{\"@type\":\"ListItem\",\"position\":2,\"name\":\"BRIGHT Espa\\u00f1ol\",\"item\":\"https:\/\/global-exam.com\/blog\/fr\/examens\/bright-espanol\/\"},{\"@type\":\"ListItem\",\"position\":3,\"name\":\"Pr\\u00e9sentation du test Bright Espa\\u00f1ol\"}]}]}<\/script>\n<!-- \/ Yoast SEO plugin. -->","yoast_head_json":{"title":"Pr\u00e9sentation du test Bright Espa\u00f1ol - GlobalExam Blog","robots":{"index":"index","follow":"follow","max-snippet":"max-snippet:-1","max-image-preview":"max-image-preview:large","max-video-preview":"max-video-preview:-1"},"canonical":"https:\/\/global-exam.com\/blog\/fr\/examens\/bright-espanol\/categorie-presentation-du-test-bright-espanol\/","og_locale":"fr_FR","og_type":"article","og_title":"Pr\u00e9sentation du test Bright Espa\u00f1ol - GlobalExam Blog","og_description":"D\u00e9couvrir le BRIGHT Espa\u00f1ol Vous souhaitez vous inscrire au Bright Espa\u00f1ol pour conna\u00eetre votre niveau en espagnol ou pour des raisons professionnelles [&hellip;]","og_url":"https:\/\/global-exam.com\/blog\/fr\/examens\/bright-espanol\/categorie-presentation-du-test-bright-espanol\/","og_site_name":"GlobalExam Blog","article_publisher":"https:\/\/www.facebook.com\/Global.Exam","article_modified_time":"2022-08-18T08:58:15+00:00","twitter_card":"summary_large_image","twitter_site":"@Global_Exam","twitter_misc":{"Dur\u00e9e de lecture estim\u00e9e":"1 minute"},"schema":{"@context":"https:\/\/schema.org","@graph":[{"@type":"WebSite","@id":"https:\/\/global-exam.com\/blog\/#website","url":"https:\/\/global-exam.com\/blog\/","name":"GlobalExam Blog","description":"Le blog du sp\u00e9cialiste de la certification linguistique","potentialAction":[{"@type":"SearchAction","target":{"@type":"EntryPoint","urlTemplate":"https:\/\/global-exam.com\/blog\/?s={search_term_string}"},"query-input":"required name=search_term_string"}],"inLanguage":"fr-FR"},{"@type":"WebPage","@id":"https:\/\/global-exam.com\/blog\/fr\/examens\/bright-espanol\/categorie-presentation-du-test-bright-espanol\/#webpage","url":"https:\/\/global-exam.com\/blog\/fr\/examens\/bright-espanol\/categorie-presentation-du-test-bright-espanol\/","name":"Pr\u00e9sentation du test Bright Espa\u00f1ol - GlobalExam Blog","isPartOf":{"@id":"https:\/\/global-exam.com\/blog\/#website"},"datePublished":"2021-08-17T08:48:22+00:00","dateModified":"2022-08-18T08:58:15+00:00","breadcrumb":{"@id":"https:\/\/global-exam.com\/blog\/fr\/examens\/bright-espanol\/categorie-presentation-du-test-bright-espanol\/#breadcrumb"},"inLanguage":"fr-FR","potentialAction":[{"@type":"ReadAction","target":["https:\/\/global-exam.com\/blog\/fr\/examens\/bright-espanol\/categorie-presentation-du-test-bright-espanol\/"]}]},{"@type":"BreadcrumbList","@id":"https:\/\/global-exam.com\/blog\/fr\/examens\/bright-espanol\/categorie-presentation-du-test-bright-espanol\/#breadcrumb","itemListElement":[{"@type":"ListItem","position":1,"name":"Les examens de langue","item":"https:\/\/global-exam.com\/blog\/fr\/examens\/"},{"@type":"ListItem","position":2,"name":"BRIGHT Espa\u00f1ol","item":"https:\/\/global-exam.com\/blog\/fr\/examens\/bright-espanol\/"},{"@type":"ListItem","position":3,"name":"Pr\u00e9sentation du test Bright Espa\u00f1ol"}]}]}},"lang":"fr","translations":{"fr":60774},"pll_sync_post":[],"_links":{"self":[{"href":"https:\/\/global-exam.com\/blog\/wp-json\/wp\/v2\/pages\/60774"}],"collection":[{"href":"https:\/\/global-exam.com\/blog\/wp-json\/wp\/v2\/pages"}],"about":[{"href":"https:\/\/global-exam.com\/blog\/wp-json\/wp\/v2\/types\/page"}],"author":[{"embeddable":true,"href":"https:\/\/global-exam.com\/blog\/wp-json\/wp\/v2\/users\/24"}],"replies":[{"embeddable":true,"href":"https:\/\/global-exam.com\/blog\/wp-json\/wp\/v2\/comments?post=60774"}],"version-history":[{"count":6,"href":"https:\/\/global-exam.com\/blog\/wp-json\/wp\/v2\/pages\/60774\/revisions"}],"predecessor-version":[{"id":78192,"href":"https:\/\/global-exam.com\/blog\/wp-json\/wp\/v2\/pages\/60774\/revisions\/78192"}],"up":[{"embeddable":true,"href":"https:\/\/global-exam.com\/blog\/wp-json\/wp\/v2\/pages\/2861"}],"wp:attachment":[{"href":"https:\/\/global-exam.com\/blog\/wp-json\/wp\/v2\/media?parent=60774"}],"curies":[{"name":"wp","href":"https:\/\/api.w.org\/{rel}","templated":true}]}}