{"id":61085,"date":"2021-08-18T17:25:29","date_gmt":"2021-08-18T15:25:29","guid":{"rendered":"https:\/\/global-exam.com\/blog\/?page_id=61085"},"modified":"2022-08-18T16:07:39","modified_gmt":"2022-08-18T14:07:39","slug":"categorie-methodes-pour-apprendre-langlais","status":"publish","type":"page","link":"https:\/\/global-exam.com\/blog\/fr\/apprentissage-des-langues\/general-english-apprenez-langlais-en-ligne\/categorie-methodes-pour-apprendre-langlais\/","title":{"rendered":"M\u00e9thodes pour apprendre l&rsquo;anglais"},"content":{"rendered":"<p>Les m\u00e9thodes d&rsquo;apprentissage de l&rsquo;anglais<\/p>\n<p style=\"text-align: left;\"><span style=\"font-weight: 400;\">Dans cette cat\u00e9gorie, retrouvez <\/span>tous nos articles pr\u00e9sentant <b>les m\u00e9thodes pour apprendre l\u2019anglais<\/b>. Lire en anglais, regarder des vid\u00e9os sous-titr\u00e9es, faire des exercices, partir \u00e0 l&rsquo;\u00e9tranger&#8230; Les m\u00e9thodes sont nombreuses !<\/p>\n<p style=\"text-align: left;\"><span style=\"font-weight: 400;\">Vous ne savez pas comment d\u00e9marrer votre apprentissage ? D\u00e9couvrez notre fiche d\u00e9di\u00e9e pour vous expliquer<\/span><b> la m\u00e9thode \u00e0 suivre pour commencer \u00e0 apprendre l\u2019anglais.<\/b><\/p>\n<p style=\"text-align: left;\"><span style=\"font-weight: 400;\">Applications, s\u00e9ries, jeux, musique, vous retrouverez tous nos conseils et notre classement des meilleurs outils par cat\u00e9gories pour apprendre l&rsquo;anglais.<\/span><\/p>\n<p style=\"text-align: left;\"><span style=\"font-weight: 400;\">Sur notre blog vous pourrez trouver <\/span><b>des conseils et des fiches sur bien d\u2019autres sujets selon vos besoins<\/b><span style=\"font-weight: 400;\">.<\/span><\/p>\n","protected":false},"excerpt":{"rendered":"<p>Les m\u00e9thodes d&rsquo;apprentissage de l&rsquo;anglais Dans cette cat\u00e9gorie, retrouvez tous nos articles pr\u00e9sentant les m\u00e9thodes pour apprendre l\u2019anglais. Lire en anglais, regarder [&hellip;]<\/p>\n","protected":false},"author":24,"featured_media":77093,"parent":43264,"menu_order":0,"comment_status":"closed","ping_status":"closed","template":"","meta":[],"acf":[],"yoast_head":"<!-- This site is optimized with the Yoast SEO plugin v17.2.1 - https:\/\/yoast.com\/wordpress\/plugins\/seo\/ -->\n<title>M\u00e9thodes pour apprendre l&#039;anglais<\/title>\n<meta name=\"description\" content=\"D\u00e9marrez votre apprentissage de l&#039;anglais en suivant nos conseils sur les meilleures m\u00e9thodes pour apprendre la langue de Shakespeare.\" \/>\n<meta name=\"robots\" content=\"index, follow, max-snippet:-1, max-image-preview:large, max-video-preview:-1\" \/>\n<link rel=\"canonical\" href=\"https:\/\/global-exam.com\/blog\/fr\/apprentissage-des-langues\/general-english-apprenez-langlais-en-ligne\/categorie-methodes-pour-apprendre-langlais\/\" \/>\n<meta property=\"og:locale\" content=\"fr_FR\" \/>\n<meta property=\"og:type\" content=\"article\" \/>\n<meta property=\"og:title\" content=\"M\u00e9thodes pour apprendre l&#039;anglais\" \/>\n<meta property=\"og:description\" content=\"D\u00e9marrez votre apprentissage de l&#039;anglais en suivant nos conseils sur les meilleures m\u00e9thodes pour apprendre la langue de Shakespeare.\" \/>\n<meta property=\"og:url\" content=\"https:\/\/global-exam.com\/blog\/fr\/apprentissage-des-langues\/general-english-apprenez-langlais-en-ligne\/categorie-methodes-pour-apprendre-langlais\/\" \/>\n<meta property=\"og:site_name\" content=\"GlobalExam Blog\" \/>\n<meta property=\"article:publisher\" content=\"https:\/\/www.facebook.com\/Global.Exam\" \/>\n<meta property=\"article:modified_time\" content=\"2022-08-18T14:07:39+00:00\" \/>\n<meta property=\"og:image\" content=\"https:\/\/global-exam.com\/blog\/wp-content\/uploads\/2022\/06\/apprendre-langues-e1656516516331.jpg\" \/>\n\t<meta property=\"og:image:width\" content=\"650\" \/>\n\t<meta property=\"og:image:height\" content=\"650\" \/>\n<meta name=\"twitter:card\" content=\"summary_large_image\" \/>\n<meta name=\"twitter:site\" content=\"@Global_Exam\" \/>\n<meta name=\"twitter:label1\" content=\"Dur\u00e9e de lecture estim\u00e9e\" \/>\n\t<meta name=\"twitter:data1\" content=\"1 minute\" \/>\n<script type=\"application\/ld+json\" class=\"yoast-schema-graph\">{\"@context\":\"https:\/\/schema.org\",\"@graph\":[{\"@type\":\"WebSite\",\"@id\":\"https:\/\/global-exam.com\/blog\/#website\",\"url\":\"https:\/\/global-exam.com\/blog\/\",\"name\":\"GlobalExam Blog\",\"description\":\"Le blog du sp\\u00e9cialiste de la certification linguistique\",\"potentialAction\":[{\"@type\":\"SearchAction\",\"target\":{\"@type\":\"EntryPoint\",\"urlTemplate\":\"https:\/\/global-exam.com\/blog\/?s={search_term_string}\"},\"query-input\":\"required name=search_term_string\"}],\"inLanguage\":\"fr-FR\"},{\"@type\":\"ImageObject\",\"@id\":\"https:\/\/global-exam.com\/blog\/fr\/apprentissage-des-langues\/general-english-apprenez-langlais-en-ligne\/categorie-methodes-pour-apprendre-langlais\/#primaryimage\",\"inLanguage\":\"fr-FR\",\"url\":\"https:\/\/global-exam.com\/blog\/wp-content\/uploads\/2022\/06\/apprendre-langues-e1656516516331.jpg\",\"contentUrl\":\"https:\/\/global-exam.com\/blog\/wp-content\/uploads\/2022\/06\/apprendre-langues-e1656516516331.jpg\",\"width\":650,\"height\":650,\"caption\":\"Apprendre les langues en ligne\"},{\"@type\":\"WebPage\",\"@id\":\"https:\/\/global-exam.com\/blog\/fr\/apprentissage-des-langues\/general-english-apprenez-langlais-en-ligne\/categorie-methodes-pour-apprendre-langlais\/#webpage\",\"url\":\"https:\/\/global-exam.com\/blog\/fr\/apprentissage-des-langues\/general-english-apprenez-langlais-en-ligne\/categorie-methodes-pour-apprendre-langlais\/\",\"name\":\"M\\u00e9thodes pour apprendre l'anglais\",\"isPartOf\":{\"@id\":\"https:\/\/global-exam.com\/blog\/#website\"},\"primaryImageOfPage\":{\"@id\":\"https:\/\/global-exam.com\/blog\/fr\/apprentissage-des-langues\/general-english-apprenez-langlais-en-ligne\/categorie-methodes-pour-apprendre-langlais\/#primaryimage\"},\"datePublished\":\"2021-08-18T15:25:29+00:00\",\"dateModified\":\"2022-08-18T14:07:39+00:00\",\"description\":\"D\\u00e9marrez votre apprentissage de l'anglais en suivant nos conseils sur les meilleures m\\u00e9thodes pour apprendre la langue de Shakespeare.\",\"breadcrumb\":{\"@id\":\"https:\/\/global-exam.com\/blog\/fr\/apprentissage-des-langues\/general-english-apprenez-langlais-en-ligne\/categorie-methodes-pour-apprendre-langlais\/#breadcrumb\"},\"inLanguage\":\"fr-FR\",\"potentialAction\":[{\"@type\":\"ReadAction\",\"target\":[\"https:\/\/global-exam.com\/blog\/fr\/apprentissage-des-langues\/general-english-apprenez-langlais-en-ligne\/categorie-methodes-pour-apprendre-langlais\/\"]}]},{\"@type\":\"BreadcrumbList\",\"@id\":\"https:\/\/global-exam.com\/blog\/fr\/apprentissage-des-langues\/general-english-apprenez-langlais-en-ligne\/categorie-methodes-pour-apprendre-langlais\/#breadcrumb\",\"itemListElement\":[{\"@type\":\"ListItem\",\"position\":1,\"name\":\"Apprentissage des langues\",\"item\":\"https:\/\/global-exam.com\/blog\/fr\/apprentissage-des-langues\/\"},{\"@type\":\"ListItem\",\"position\":2,\"name\":\"Apprenez l&rsquo;anglais en ligne : General English\",\"item\":\"https:\/\/global-exam.com\/blog\/fr\/apprentissage-des-langues\/general-english-apprenez-langlais-en-ligne\/\"},{\"@type\":\"ListItem\",\"position\":3,\"name\":\"M\\u00e9thodes pour apprendre l&rsquo;anglais\"}]}]}<\/script>\n<!-- \/ Yoast SEO plugin. -->","yoast_head_json":{"title":"M\u00e9thodes pour apprendre l'anglais","description":"D\u00e9marrez votre apprentissage de l'anglais en suivant nos conseils sur les meilleures m\u00e9thodes pour apprendre la langue de Shakespeare.","robots":{"index":"index","follow":"follow","max-snippet":"max-snippet:-1","max-image-preview":"max-image-preview:large","max-video-preview":"max-video-preview:-1"},"canonical":"https:\/\/global-exam.com\/blog\/fr\/apprentissage-des-langues\/general-english-apprenez-langlais-en-ligne\/categorie-methodes-pour-apprendre-langlais\/","og_locale":"fr_FR","og_type":"article","og_title":"M\u00e9thodes pour apprendre l'anglais","og_description":"D\u00e9marrez votre apprentissage de l'anglais en suivant nos conseils sur les meilleures m\u00e9thodes pour apprendre la langue de Shakespeare.","og_url":"https:\/\/global-exam.com\/blog\/fr\/apprentissage-des-langues\/general-english-apprenez-langlais-en-ligne\/categorie-methodes-pour-apprendre-langlais\/","og_site_name":"GlobalExam Blog","article_publisher":"https:\/\/www.facebook.com\/Global.Exam","article_modified_time":"2022-08-18T14:07:39+00:00","og_image":[{"width":650,"height":650,"url":"https:\/\/global-exam.com\/blog\/wp-content\/uploads\/2022\/06\/apprendre-langues-e1656516516331.jpg","path":"\/home\/forge\/prod-20220704.global-exam.com\/wp-content\/uploads\/2022\/06\/apprendre-langues-e1656516516331.jpg","size":"full","id":77093,"alt":"Apprendre les langues en ligne","pixels":422500,"type":"image\/jpeg"}],"twitter_card":"summary_large_image","twitter_site":"@Global_Exam","twitter_misc":{"Dur\u00e9e de lecture estim\u00e9e":"1 minute"},"schema":{"@context":"https:\/\/schema.org","@graph":[{"@type":"WebSite","@id":"https:\/\/global-exam.com\/blog\/#website","url":"https:\/\/global-exam.com\/blog\/","name":"GlobalExam Blog","description":"Le blog du sp\u00e9cialiste de la certification linguistique","potentialAction":[{"@type":"SearchAction","target":{"@type":"EntryPoint","urlTemplate":"https:\/\/global-exam.com\/blog\/?s={search_term_string}"},"query-input":"required name=search_term_string"}],"inLanguage":"fr-FR"},{"@type":"ImageObject","@id":"https:\/\/global-exam.com\/blog\/fr\/apprentissage-des-langues\/general-english-apprenez-langlais-en-ligne\/categorie-methodes-pour-apprendre-langlais\/#primaryimage","inLanguage":"fr-FR","url":"https:\/\/global-exam.com\/blog\/wp-content\/uploads\/2022\/06\/apprendre-langues-e1656516516331.jpg","contentUrl":"https:\/\/global-exam.com\/blog\/wp-content\/uploads\/2022\/06\/apprendre-langues-e1656516516331.jpg","width":650,"height":650,"caption":"Apprendre les langues en ligne"},{"@type":"WebPage","@id":"https:\/\/global-exam.com\/blog\/fr\/apprentissage-des-langues\/general-english-apprenez-langlais-en-ligne\/categorie-methodes-pour-apprendre-langlais\/#webpage","url":"https:\/\/global-exam.com\/blog\/fr\/apprentissage-des-langues\/general-english-apprenez-langlais-en-ligne\/categorie-methodes-pour-apprendre-langlais\/","name":"M\u00e9thodes pour apprendre l'anglais","isPartOf":{"@id":"https:\/\/global-exam.com\/blog\/#website"},"primaryImageOfPage":{"@id":"https:\/\/global-exam.com\/blog\/fr\/apprentissage-des-langues\/general-english-apprenez-langlais-en-ligne\/categorie-methodes-pour-apprendre-langlais\/#primaryimage"},"datePublished":"2021-08-18T15:25:29+00:00","dateModified":"2022-08-18T14:07:39+00:00","description":"D\u00e9marrez votre apprentissage de l'anglais en suivant nos conseils sur les meilleures m\u00e9thodes pour apprendre la langue de Shakespeare.","breadcrumb":{"@id":"https:\/\/global-exam.com\/blog\/fr\/apprentissage-des-langues\/general-english-apprenez-langlais-en-ligne\/categorie-methodes-pour-apprendre-langlais\/#breadcrumb"},"inLanguage":"fr-FR","potentialAction":[{"@type":"ReadAction","target":["https:\/\/global-exam.com\/blog\/fr\/apprentissage-des-langues\/general-english-apprenez-langlais-en-ligne\/categorie-methodes-pour-apprendre-langlais\/"]}]},{"@type":"BreadcrumbList","@id":"https:\/\/global-exam.com\/blog\/fr\/apprentissage-des-langues\/general-english-apprenez-langlais-en-ligne\/categorie-methodes-pour-apprendre-langlais\/#breadcrumb","itemListElement":[{"@type":"ListItem","position":1,"name":"Apprentissage des langues","item":"https:\/\/global-exam.com\/blog\/fr\/apprentissage-des-langues\/"},{"@type":"ListItem","position":2,"name":"Apprenez l&rsquo;anglais en ligne : General English","item":"https:\/\/global-exam.com\/blog\/fr\/apprentissage-des-langues\/general-english-apprenez-langlais-en-ligne\/"},{"@type":"ListItem","position":3,"name":"M\u00e9thodes pour apprendre l&rsquo;anglais"}]}]}},"lang":"fr","translations":{"fr":61085},"pll_sync_post":[],"_links":{"self":[{"href":"https:\/\/global-exam.com\/blog\/wp-json\/wp\/v2\/pages\/61085"}],"collection":[{"href":"https:\/\/global-exam.com\/blog\/wp-json\/wp\/v2\/pages"}],"about":[{"href":"https:\/\/global-exam.com\/blog\/wp-json\/wp\/v2\/types\/page"}],"author":[{"embeddable":true,"href":"https:\/\/global-exam.com\/blog\/wp-json\/wp\/v2\/users\/24"}],"replies":[{"embeddable":true,"href":"https:\/\/global-exam.com\/blog\/wp-json\/wp\/v2\/comments?post=61085"}],"version-history":[{"count":9,"href":"https:\/\/global-exam.com\/blog\/wp-json\/wp\/v2\/pages\/61085\/revisions"}],"predecessor-version":[{"id":78241,"href":"https:\/\/global-exam.com\/blog\/wp-json\/wp\/v2\/pages\/61085\/revisions\/78241"}],"up":[{"embeddable":true,"href":"https:\/\/global-exam.com\/blog\/wp-json\/wp\/v2\/pages\/43264"}],"wp:featuredmedia":[{"embeddable":true,"href":"https:\/\/global-exam.com\/blog\/wp-json\/wp\/v2\/media\/77093"}],"wp:attachment":[{"href":"https:\/\/global-exam.com\/blog\/wp-json\/wp\/v2\/media?parent=61085"}],"curies":[{"name":"wp","href":"https:\/\/api.w.org\/{rel}","templated":true}]}}