{"id":61104,"date":"2021-08-18T17:48:06","date_gmt":"2021-08-18T15:48:06","guid":{"rendered":"https:\/\/global-exam.com\/blog\/?page_id=61104"},"modified":"2022-08-18T16:16:53","modified_gmt":"2022-08-18T14:16:53","slug":"categorie-situations-de-communication-en-espagnol","status":"publish","type":"page","link":"https:\/\/global-exam.com\/blog\/fr\/apprentissage-des-langues\/general-spanish-apprenez-lespagnol-en-ligne\/categorie-situations-de-communication-en-espagnol\/","title":{"rendered":"Situations de communication en espagnol"},"content":{"rendered":"<p>Communiquer en espagnol dans diff\u00e9rentes situations<\/p>\n<p style=\"text-align: left;\"><span style=\"font-weight: 400;\">Dans cette cat\u00e9gorie, vous pourrez retrouver <\/span><b>des fiches pour ma\u00eetriser les situations courantes en espagnol.<\/b><\/p>\n<p style=\"text-align: left;\"><span style=\"font-weight: 400;\">Vous souhaitez avoir des conversations d\u00e9velopp\u00e9es en espagnol ? Un vocabulaire de base ne vous suffira pas. Vous aurez \u00e9galement besoin de savoir comment participer \u00e0 une discussion, d\u00e9battre et interagir avec des locuteurs hispanophones.Pour cela, nous avons construit des fiches qui permettent d\u2019apprendre \u00e0 <\/span><b>ma\u00eetriser les situations courantes en espagnol <\/b>et <b>\u00eatre capable d\u2019\u00e9laborer de petits dialogues en \u00e9change.<\/b><\/p>\n<p style=\"text-align: left;\"><strong>Nos conseils et nos indications pour apprendre l\u2019espagnol sont accessibles directement sur notre blog.<\/strong><span style=\"font-weight: 400;\"> De plus, lorsque vous pr\u00e9parez un examen linguistique, vous aurez besoin de vous entra\u00eener \u00e0 parler la langue vous pouvez vous renseigner davantage dans nos articles consacr\u00e9s \u00e0 ce sujet.<\/span><\/p>\n","protected":false},"excerpt":{"rendered":"<p>Communiquer en espagnol dans diff\u00e9rentes situations Dans cette cat\u00e9gorie, vous pourrez retrouver des fiches pour ma\u00eetriser les situations courantes en espagnol. Vous [&hellip;]<\/p>\n","protected":false},"author":24,"featured_media":77093,"parent":54179,"menu_order":0,"comment_status":"closed","ping_status":"closed","template":"","meta":[],"acf":[],"yoast_head":"<!-- This site is optimized with the Yoast SEO plugin v17.2.1 - https:\/\/yoast.com\/wordpress\/plugins\/seo\/ -->\n<title>Situations de communication en espagnol<\/title>\n<meta name=\"description\" content=\"Soyez \u00e0 l&#039;aise dans les situations du quotidien en espagnol gr\u00e2ce \u00e0 nos fiches techniques. D\u00e9couvrez les expressions cl\u00e9s en espagnol.\" \/>\n<meta name=\"robots\" content=\"index, follow, max-snippet:-1, max-image-preview:large, max-video-preview:-1\" \/>\n<link rel=\"canonical\" href=\"https:\/\/global-exam.com\/blog\/fr\/apprentissage-des-langues\/general-spanish-apprenez-lespagnol-en-ligne\/categorie-situations-de-communication-en-espagnol\/\" \/>\n<meta property=\"og:locale\" content=\"fr_FR\" \/>\n<meta property=\"og:type\" content=\"article\" \/>\n<meta property=\"og:title\" content=\"Situations de communication en espagnol\" \/>\n<meta property=\"og:description\" content=\"Soyez \u00e0 l&#039;aise dans les situations du quotidien en espagnol gr\u00e2ce \u00e0 nos fiches techniques. D\u00e9couvrez les expressions cl\u00e9s en espagnol.\" \/>\n<meta property=\"og:url\" content=\"https:\/\/global-exam.com\/blog\/fr\/apprentissage-des-langues\/general-spanish-apprenez-lespagnol-en-ligne\/categorie-situations-de-communication-en-espagnol\/\" \/>\n<meta property=\"og:site_name\" content=\"GlobalExam Blog\" \/>\n<meta property=\"article:publisher\" content=\"https:\/\/www.facebook.com\/Global.Exam\" \/>\n<meta property=\"article:modified_time\" content=\"2022-08-18T14:16:53+00:00\" \/>\n<meta property=\"og:image\" content=\"https:\/\/global-exam.com\/blog\/wp-content\/uploads\/2022\/06\/apprendre-langues-e1656516516331.jpg\" \/>\n\t<meta property=\"og:image:width\" content=\"650\" \/>\n\t<meta property=\"og:image:height\" content=\"650\" \/>\n<meta name=\"twitter:card\" content=\"summary_large_image\" \/>\n<meta name=\"twitter:site\" content=\"@Global_Exam\" \/>\n<meta name=\"twitter:label1\" content=\"Dur\u00e9e de lecture estim\u00e9e\" \/>\n\t<meta name=\"twitter:data1\" content=\"3 minutes\" \/>\n<script type=\"application\/ld+json\" class=\"yoast-schema-graph\">{\"@context\":\"https:\/\/schema.org\",\"@graph\":[{\"@type\":\"WebSite\",\"@id\":\"https:\/\/global-exam.com\/blog\/#website\",\"url\":\"https:\/\/global-exam.com\/blog\/\",\"name\":\"GlobalExam Blog\",\"description\":\"Le blog du sp\\u00e9cialiste de la certification linguistique\",\"potentialAction\":[{\"@type\":\"SearchAction\",\"target\":{\"@type\":\"EntryPoint\",\"urlTemplate\":\"https:\/\/global-exam.com\/blog\/?s={search_term_string}\"},\"query-input\":\"required name=search_term_string\"}],\"inLanguage\":\"fr-FR\"},{\"@type\":\"ImageObject\",\"@id\":\"https:\/\/global-exam.com\/blog\/fr\/apprentissage-des-langues\/general-spanish-apprenez-lespagnol-en-ligne\/categorie-situations-de-communication-en-espagnol\/#primaryimage\",\"inLanguage\":\"fr-FR\",\"url\":\"https:\/\/global-exam.com\/blog\/wp-content\/uploads\/2022\/06\/apprendre-langues-e1656516516331.jpg\",\"contentUrl\":\"https:\/\/global-exam.com\/blog\/wp-content\/uploads\/2022\/06\/apprendre-langues-e1656516516331.jpg\",\"width\":650,\"height\":650,\"caption\":\"Apprendre les langues en ligne\"},{\"@type\":\"WebPage\",\"@id\":\"https:\/\/global-exam.com\/blog\/fr\/apprentissage-des-langues\/general-spanish-apprenez-lespagnol-en-ligne\/categorie-situations-de-communication-en-espagnol\/#webpage\",\"url\":\"https:\/\/global-exam.com\/blog\/fr\/apprentissage-des-langues\/general-spanish-apprenez-lespagnol-en-ligne\/categorie-situations-de-communication-en-espagnol\/\",\"name\":\"Situations de communication en espagnol\",\"isPartOf\":{\"@id\":\"https:\/\/global-exam.com\/blog\/#website\"},\"primaryImageOfPage\":{\"@id\":\"https:\/\/global-exam.com\/blog\/fr\/apprentissage-des-langues\/general-spanish-apprenez-lespagnol-en-ligne\/categorie-situations-de-communication-en-espagnol\/#primaryimage\"},\"datePublished\":\"2021-08-18T15:48:06+00:00\",\"dateModified\":\"2022-08-18T14:16:53+00:00\",\"description\":\"Soyez \\u00e0 l'aise dans les situations du quotidien en espagnol gr\\u00e2ce \\u00e0 nos fiches techniques. D\\u00e9couvrez les expressions cl\\u00e9s en espagnol.\",\"breadcrumb\":{\"@id\":\"https:\/\/global-exam.com\/blog\/fr\/apprentissage-des-langues\/general-spanish-apprenez-lespagnol-en-ligne\/categorie-situations-de-communication-en-espagnol\/#breadcrumb\"},\"inLanguage\":\"fr-FR\",\"potentialAction\":[{\"@type\":\"ReadAction\",\"target\":[\"https:\/\/global-exam.com\/blog\/fr\/apprentissage-des-langues\/general-spanish-apprenez-lespagnol-en-ligne\/categorie-situations-de-communication-en-espagnol\/\"]}]},{\"@type\":\"BreadcrumbList\",\"@id\":\"https:\/\/global-exam.com\/blog\/fr\/apprentissage-des-langues\/general-spanish-apprenez-lespagnol-en-ligne\/categorie-situations-de-communication-en-espagnol\/#breadcrumb\",\"itemListElement\":[{\"@type\":\"ListItem\",\"position\":1,\"name\":\"Apprentissage des langues\",\"item\":\"https:\/\/global-exam.com\/blog\/fr\/apprentissage-des-langues\/\"},{\"@type\":\"ListItem\",\"position\":2,\"name\":\"Apprenez l&rsquo;espagnol en ligne : General Espa\\u00f1ol\",\"item\":\"https:\/\/global-exam.com\/blog\/fr\/apprentissage-des-langues\/general-spanish-apprenez-lespagnol-en-ligne\/\"},{\"@type\":\"ListItem\",\"position\":3,\"name\":\"Situations de communication en espagnol\"}]}]}<\/script>\n<!-- \/ Yoast SEO plugin. -->","yoast_head_json":{"title":"Situations de communication en espagnol","description":"Soyez \u00e0 l'aise dans les situations du quotidien en espagnol gr\u00e2ce \u00e0 nos fiches techniques. D\u00e9couvrez les expressions cl\u00e9s en espagnol.","robots":{"index":"index","follow":"follow","max-snippet":"max-snippet:-1","max-image-preview":"max-image-preview:large","max-video-preview":"max-video-preview:-1"},"canonical":"https:\/\/global-exam.com\/blog\/fr\/apprentissage-des-langues\/general-spanish-apprenez-lespagnol-en-ligne\/categorie-situations-de-communication-en-espagnol\/","og_locale":"fr_FR","og_type":"article","og_title":"Situations de communication en espagnol","og_description":"Soyez \u00e0 l'aise dans les situations du quotidien en espagnol gr\u00e2ce \u00e0 nos fiches techniques. D\u00e9couvrez les expressions cl\u00e9s en espagnol.","og_url":"https:\/\/global-exam.com\/blog\/fr\/apprentissage-des-langues\/general-spanish-apprenez-lespagnol-en-ligne\/categorie-situations-de-communication-en-espagnol\/","og_site_name":"GlobalExam Blog","article_publisher":"https:\/\/www.facebook.com\/Global.Exam","article_modified_time":"2022-08-18T14:16:53+00:00","og_image":[{"width":650,"height":650,"url":"https:\/\/global-exam.com\/blog\/wp-content\/uploads\/2022\/06\/apprendre-langues-e1656516516331.jpg","path":"\/home\/forge\/prod-20220704.global-exam.com\/wp-content\/uploads\/2022\/06\/apprendre-langues-e1656516516331.jpg","size":"full","id":77093,"alt":"Apprendre les langues en ligne","pixels":422500,"type":"image\/jpeg"}],"twitter_card":"summary_large_image","twitter_site":"@Global_Exam","twitter_misc":{"Dur\u00e9e de lecture estim\u00e9e":"3 minutes"},"schema":{"@context":"https:\/\/schema.org","@graph":[{"@type":"WebSite","@id":"https:\/\/global-exam.com\/blog\/#website","url":"https:\/\/global-exam.com\/blog\/","name":"GlobalExam Blog","description":"Le blog du sp\u00e9cialiste de la certification linguistique","potentialAction":[{"@type":"SearchAction","target":{"@type":"EntryPoint","urlTemplate":"https:\/\/global-exam.com\/blog\/?s={search_term_string}"},"query-input":"required name=search_term_string"}],"inLanguage":"fr-FR"},{"@type":"ImageObject","@id":"https:\/\/global-exam.com\/blog\/fr\/apprentissage-des-langues\/general-spanish-apprenez-lespagnol-en-ligne\/categorie-situations-de-communication-en-espagnol\/#primaryimage","inLanguage":"fr-FR","url":"https:\/\/global-exam.com\/blog\/wp-content\/uploads\/2022\/06\/apprendre-langues-e1656516516331.jpg","contentUrl":"https:\/\/global-exam.com\/blog\/wp-content\/uploads\/2022\/06\/apprendre-langues-e1656516516331.jpg","width":650,"height":650,"caption":"Apprendre les langues en ligne"},{"@type":"WebPage","@id":"https:\/\/global-exam.com\/blog\/fr\/apprentissage-des-langues\/general-spanish-apprenez-lespagnol-en-ligne\/categorie-situations-de-communication-en-espagnol\/#webpage","url":"https:\/\/global-exam.com\/blog\/fr\/apprentissage-des-langues\/general-spanish-apprenez-lespagnol-en-ligne\/categorie-situations-de-communication-en-espagnol\/","name":"Situations de communication en espagnol","isPartOf":{"@id":"https:\/\/global-exam.com\/blog\/#website"},"primaryImageOfPage":{"@id":"https:\/\/global-exam.com\/blog\/fr\/apprentissage-des-langues\/general-spanish-apprenez-lespagnol-en-ligne\/categorie-situations-de-communication-en-espagnol\/#primaryimage"},"datePublished":"2021-08-18T15:48:06+00:00","dateModified":"2022-08-18T14:16:53+00:00","description":"Soyez \u00e0 l'aise dans les situations du quotidien en espagnol gr\u00e2ce \u00e0 nos fiches techniques. D\u00e9couvrez les expressions cl\u00e9s en espagnol.","breadcrumb":{"@id":"https:\/\/global-exam.com\/blog\/fr\/apprentissage-des-langues\/general-spanish-apprenez-lespagnol-en-ligne\/categorie-situations-de-communication-en-espagnol\/#breadcrumb"},"inLanguage":"fr-FR","potentialAction":[{"@type":"ReadAction","target":["https:\/\/global-exam.com\/blog\/fr\/apprentissage-des-langues\/general-spanish-apprenez-lespagnol-en-ligne\/categorie-situations-de-communication-en-espagnol\/"]}]},{"@type":"BreadcrumbList","@id":"https:\/\/global-exam.com\/blog\/fr\/apprentissage-des-langues\/general-spanish-apprenez-lespagnol-en-ligne\/categorie-situations-de-communication-en-espagnol\/#breadcrumb","itemListElement":[{"@type":"ListItem","position":1,"name":"Apprentissage des langues","item":"https:\/\/global-exam.com\/blog\/fr\/apprentissage-des-langues\/"},{"@type":"ListItem","position":2,"name":"Apprenez l&rsquo;espagnol en ligne : General Espa\u00f1ol","item":"https:\/\/global-exam.com\/blog\/fr\/apprentissage-des-langues\/general-spanish-apprenez-lespagnol-en-ligne\/"},{"@type":"ListItem","position":3,"name":"Situations de communication en espagnol"}]}]}},"lang":"fr","translations":{"fr":61104},"pll_sync_post":[],"_links":{"self":[{"href":"https:\/\/global-exam.com\/blog\/wp-json\/wp\/v2\/pages\/61104"}],"collection":[{"href":"https:\/\/global-exam.com\/blog\/wp-json\/wp\/v2\/pages"}],"about":[{"href":"https:\/\/global-exam.com\/blog\/wp-json\/wp\/v2\/types\/page"}],"author":[{"embeddable":true,"href":"https:\/\/global-exam.com\/blog\/wp-json\/wp\/v2\/users\/24"}],"replies":[{"embeddable":true,"href":"https:\/\/global-exam.com\/blog\/wp-json\/wp\/v2\/comments?post=61104"}],"version-history":[{"count":8,"href":"https:\/\/global-exam.com\/blog\/wp-json\/wp\/v2\/pages\/61104\/revisions"}],"predecessor-version":[{"id":78248,"href":"https:\/\/global-exam.com\/blog\/wp-json\/wp\/v2\/pages\/61104\/revisions\/78248"}],"up":[{"embeddable":true,"href":"https:\/\/global-exam.com\/blog\/wp-json\/wp\/v2\/pages\/54179"}],"wp:featuredmedia":[{"embeddable":true,"href":"https:\/\/global-exam.com\/blog\/wp-json\/wp\/v2\/media\/77093"}],"wp:attachment":[{"href":"https:\/\/global-exam.com\/blog\/wp-json\/wp\/v2\/media?parent=61104"}],"curies":[{"name":"wp","href":"https:\/\/api.w.org\/{rel}","templated":true}]}}