{"id":62866,"date":"2021-09-09T17:00:31","date_gmt":"2021-09-09T15:00:31","guid":{"rendered":"https:\/\/global-exam.com\/blog\/?page_id=62866"},"modified":"2022-06-27T16:45:49","modified_gmt":"2022-06-27T14:45:49","slug":"categoria-instrucciones-cambridge-fce","status":"publish","type":"page","link":"https:\/\/global-exam.com\/blog\/es\/examenes\/cambridge-fce\/categoria-instrucciones-cambridge-fce\/","title":{"rendered":"Instrucciones Cambridge FCE"},"content":{"rendered":"<p>El\u00a0 First Certificate in English (FCE) es el examen intermedio de Cambridge que\u00a0<strong>acredita el nivel B2 del Marco Com\u00fan de Referencia<\/strong>. Este nivel certifica que\u00a0 cuentas con las habilidades comunicativas necesarias para\u00a0<strong>hablar en ingl\u00e9s de manera independiente<\/strong>, en otras palabras, que eres capaz de vivir, estudiar y trabajar en un pa\u00eds angloparlante.<\/p>\n<p>Si esto te ayuda a situarte: la titulaci\u00f3n B2 First o FCE (First Certificate in English) se encuentra ubicada\u00a0<strong>entre el examen B1 Preliminary y C1 Advanced.\u00a0<\/strong><\/p>\n<p>EL FCE eval\u00faa cuatro destrezas:\u00a0<strong>comprensi\u00f3n lectora, comprensi\u00f3n auditiva, expresi\u00f3n escrita y expresi\u00f3n oral.<\/strong><\/p>\n<p>Si navegas por esta secci\u00f3n, descubrir\u00e1s el tipo de pruebas y, para cada una de ellas, la estructura, objetivos, destrezas evaluadas, tipo de ejercicios y tiempo de duraci\u00f3n. Te explicamos los criterios de calificaci\u00f3n en los que se basan los examinadores a la hora de evaluar cada una de ellas.<\/p>\n<p>Gracias a nuestra plataforma, rica en recursos y consejos, podr\u00e1s obtener los\u00a0<strong>materiales escritos y audiovisuales<\/strong>\u00a0necesarios para prepararte\u00a0<strong>en condiciones reales de examen<\/strong>. Adem\u00e1s, un equipo de profesores expertos te acompa\u00f1a en la preparaci\u00f3n de este tipo de ex\u00e1menes, para que aprendas a utilizar las herramientas y estrategias necesarias para hacer frente a las diferentes pruebas.<\/p>\n<p>Y, \u00bfqu\u00e9 ocurre con la prueba oral? S\u00ed, es una de las pruebas que m\u00e1s nervios provoca en los candidatos, el encontrarse cara a cara frente al examinador. Te presentamos\u00a0<strong>la estructura y te damos la posibilidad de efectuar simulaciones de entrevistas orales<\/strong>. Nuestra plataforma guarda y corrige nuestras intervenciones instant\u00e1neamente para ver el progreso que vas realizando en tu programa de preparaci\u00f3n.<\/p>\n<p>Solo necesitas conexi\u00f3n a internet y un micr\u00f3fono para grabar tus respuestas.<\/p>\n<p>No lo pienses m\u00e1s, \u00a1con\u00e9ctate!<\/p>\n","protected":false},"excerpt":{"rendered":"<p>El\u00a0 First Certificate in English (FCE) es el examen intermedio de Cambridge que\u00a0acredita el nivel B2 del Marco Com\u00fan de Referencia. Este [&hellip;]<\/p>\n","protected":false},"author":24,"featured_media":0,"parent":16902,"menu_order":0,"comment_status":"closed","ping_status":"closed","template":"","meta":[],"acf":[],"yoast_head":"<!-- This site is optimized with the Yoast SEO plugin v17.2.1 - https:\/\/yoast.com\/wordpress\/plugins\/seo\/ -->\n<title>Instrucciones Cambridge FCE<\/title>\n<meta name=\"robots\" content=\"index, follow, max-snippet:-1, max-image-preview:large, max-video-preview:-1\" \/>\n<link rel=\"canonical\" href=\"https:\/\/global-exam.com\/blog\/es\/examenes\/cambridge-fce\/categoria-instrucciones-cambridge-fce\/\" \/>\n<meta property=\"og:locale\" content=\"fr_FR\" \/>\n<meta property=\"og:type\" content=\"article\" \/>\n<meta property=\"og:title\" content=\"Instrucciones Cambridge FCE\" \/>\n<meta property=\"og:description\" content=\"El\u00a0 First Certificate in English (FCE) es el examen intermedio de Cambridge que\u00a0acredita el nivel B2 del Marco Com\u00fan de Referencia. Este [&hellip;]\" \/>\n<meta property=\"og:url\" content=\"https:\/\/global-exam.com\/blog\/es\/examenes\/cambridge-fce\/categoria-instrucciones-cambridge-fce\/\" \/>\n<meta property=\"og:site_name\" content=\"GlobalExam Blog\" \/>\n<meta property=\"article:publisher\" content=\"https:\/\/www.facebook.com\/Global.Exam\" \/>\n<meta property=\"article:modified_time\" content=\"2022-06-27T14:45:49+00:00\" \/>\n<meta name=\"twitter:card\" content=\"summary_large_image\" \/>\n<meta name=\"twitter:site\" content=\"@Global_Exam\" \/>\n<meta name=\"twitter:label1\" content=\"Dur\u00e9e de lecture estim\u00e9e\" \/>\n\t<meta name=\"twitter:data1\" content=\"2 minutes\" \/>\n<script type=\"application\/ld+json\" class=\"yoast-schema-graph\">{\"@context\":\"https:\/\/schema.org\",\"@graph\":[{\"@type\":\"WebSite\",\"@id\":\"https:\/\/global-exam.com\/blog\/#website\",\"url\":\"https:\/\/global-exam.com\/blog\/\",\"name\":\"GlobalExam Blog\",\"description\":\"Le blog du sp\\u00e9cialiste de la certification linguistique\",\"potentialAction\":[{\"@type\":\"SearchAction\",\"target\":{\"@type\":\"EntryPoint\",\"urlTemplate\":\"https:\/\/global-exam.com\/blog\/?s={search_term_string}\"},\"query-input\":\"required name=search_term_string\"}],\"inLanguage\":\"fr-FR\"},{\"@type\":\"WebPage\",\"@id\":\"https:\/\/global-exam.com\/blog\/es\/examenes\/cambridge-fce\/categoria-instrucciones-cambridge-fce\/#webpage\",\"url\":\"https:\/\/global-exam.com\/blog\/es\/examenes\/cambridge-fce\/categoria-instrucciones-cambridge-fce\/\",\"name\":\"Instrucciones Cambridge FCE\",\"isPartOf\":{\"@id\":\"https:\/\/global-exam.com\/blog\/#website\"},\"datePublished\":\"2021-09-09T15:00:31+00:00\",\"dateModified\":\"2022-06-27T14:45:49+00:00\",\"breadcrumb\":{\"@id\":\"https:\/\/global-exam.com\/blog\/es\/examenes\/cambridge-fce\/categoria-instrucciones-cambridge-fce\/#breadcrumb\"},\"inLanguage\":\"fr-FR\",\"potentialAction\":[{\"@type\":\"ReadAction\",\"target\":[\"https:\/\/global-exam.com\/blog\/es\/examenes\/cambridge-fce\/categoria-instrucciones-cambridge-fce\/\"]}]},{\"@type\":\"BreadcrumbList\",\"@id\":\"https:\/\/global-exam.com\/blog\/es\/examenes\/cambridge-fce\/categoria-instrucciones-cambridge-fce\/#breadcrumb\",\"itemListElement\":[{\"@type\":\"ListItem\",\"position\":1,\"name\":\"Ex\\u00e1menes de idioma\",\"item\":\"https:\/\/global-exam.com\/blog\/es\/examenes\/\"},{\"@type\":\"ListItem\",\"position\":2,\"name\":\"Cambridge FCE\",\"item\":\"https:\/\/global-exam.com\/blog\/es\/examenes\/cambridge-fce\/\"},{\"@type\":\"ListItem\",\"position\":3,\"name\":\"Instrucciones Cambridge FCE\"}]}]}<\/script>\n<!-- \/ Yoast SEO plugin. -->","yoast_head_json":{"title":"Instrucciones Cambridge FCE","robots":{"index":"index","follow":"follow","max-snippet":"max-snippet:-1","max-image-preview":"max-image-preview:large","max-video-preview":"max-video-preview:-1"},"canonical":"https:\/\/global-exam.com\/blog\/es\/examenes\/cambridge-fce\/categoria-instrucciones-cambridge-fce\/","og_locale":"fr_FR","og_type":"article","og_title":"Instrucciones Cambridge FCE","og_description":"El\u00a0 First Certificate in English (FCE) es el examen intermedio de Cambridge que\u00a0acredita el nivel B2 del Marco Com\u00fan de Referencia. Este [&hellip;]","og_url":"https:\/\/global-exam.com\/blog\/es\/examenes\/cambridge-fce\/categoria-instrucciones-cambridge-fce\/","og_site_name":"GlobalExam Blog","article_publisher":"https:\/\/www.facebook.com\/Global.Exam","article_modified_time":"2022-06-27T14:45:49+00:00","twitter_card":"summary_large_image","twitter_site":"@Global_Exam","twitter_misc":{"Dur\u00e9e de lecture estim\u00e9e":"2 minutes"},"schema":{"@context":"https:\/\/schema.org","@graph":[{"@type":"WebSite","@id":"https:\/\/global-exam.com\/blog\/#website","url":"https:\/\/global-exam.com\/blog\/","name":"GlobalExam Blog","description":"Le blog du sp\u00e9cialiste de la certification linguistique","potentialAction":[{"@type":"SearchAction","target":{"@type":"EntryPoint","urlTemplate":"https:\/\/global-exam.com\/blog\/?s={search_term_string}"},"query-input":"required name=search_term_string"}],"inLanguage":"fr-FR"},{"@type":"WebPage","@id":"https:\/\/global-exam.com\/blog\/es\/examenes\/cambridge-fce\/categoria-instrucciones-cambridge-fce\/#webpage","url":"https:\/\/global-exam.com\/blog\/es\/examenes\/cambridge-fce\/categoria-instrucciones-cambridge-fce\/","name":"Instrucciones Cambridge FCE","isPartOf":{"@id":"https:\/\/global-exam.com\/blog\/#website"},"datePublished":"2021-09-09T15:00:31+00:00","dateModified":"2022-06-27T14:45:49+00:00","breadcrumb":{"@id":"https:\/\/global-exam.com\/blog\/es\/examenes\/cambridge-fce\/categoria-instrucciones-cambridge-fce\/#breadcrumb"},"inLanguage":"fr-FR","potentialAction":[{"@type":"ReadAction","target":["https:\/\/global-exam.com\/blog\/es\/examenes\/cambridge-fce\/categoria-instrucciones-cambridge-fce\/"]}]},{"@type":"BreadcrumbList","@id":"https:\/\/global-exam.com\/blog\/es\/examenes\/cambridge-fce\/categoria-instrucciones-cambridge-fce\/#breadcrumb","itemListElement":[{"@type":"ListItem","position":1,"name":"Ex\u00e1menes de idioma","item":"https:\/\/global-exam.com\/blog\/es\/examenes\/"},{"@type":"ListItem","position":2,"name":"Cambridge FCE","item":"https:\/\/global-exam.com\/blog\/es\/examenes\/cambridge-fce\/"},{"@type":"ListItem","position":3,"name":"Instrucciones Cambridge FCE"}]}]}},"lang":"es","translations":{"es":62866},"pll_sync_post":[],"_links":{"self":[{"href":"https:\/\/global-exam.com\/blog\/wp-json\/wp\/v2\/pages\/62866"}],"collection":[{"href":"https:\/\/global-exam.com\/blog\/wp-json\/wp\/v2\/pages"}],"about":[{"href":"https:\/\/global-exam.com\/blog\/wp-json\/wp\/v2\/types\/page"}],"author":[{"embeddable":true,"href":"https:\/\/global-exam.com\/blog\/wp-json\/wp\/v2\/users\/24"}],"replies":[{"embeddable":true,"href":"https:\/\/global-exam.com\/blog\/wp-json\/wp\/v2\/comments?post=62866"}],"version-history":[{"count":3,"href":"https:\/\/global-exam.com\/blog\/wp-json\/wp\/v2\/pages\/62866\/revisions"}],"predecessor-version":[{"id":76694,"href":"https:\/\/global-exam.com\/blog\/wp-json\/wp\/v2\/pages\/62866\/revisions\/76694"}],"up":[{"embeddable":true,"href":"https:\/\/global-exam.com\/blog\/wp-json\/wp\/v2\/pages\/16902"}],"wp:attachment":[{"href":"https:\/\/global-exam.com\/blog\/wp-json\/wp\/v2\/media?parent=62866"}],"curies":[{"name":"wp","href":"https:\/\/api.w.org\/{rel}","templated":true}]}}