{"id":63670,"date":"2021-09-16T12:12:51","date_gmt":"2021-09-16T10:12:51","guid":{"rendered":"https:\/\/global-exam.com\/blog\/?page_id=63670"},"modified":"2022-09-16T11:30:22","modified_gmt":"2022-09-16T09:30:22","slug":"categoria-instrucciones-ielts","status":"publish","type":"page","link":"https:\/\/global-exam.com\/blog\/es\/examenes\/ielts\/categoria-instrucciones-ielts\/","title":{"rendered":"Instrucciones IELTS"},"content":{"rendered":"<p>Descubre la estructura del test<\/p>\n<p>\u00bfSab\u00edas que el International English Language Testing System (IELTS) es uno de los ex\u00e1menes de lengua inglesa m\u00e1s conocidos internacionalmente? Existen <strong>dos versiones del IELTS<\/strong>: la versi\u00f3n \u201c<strong>Academic<\/strong>\u201d es principalmente para personas que quieren\u00a0<strong>cursar estudios universitarios<\/strong>\u00a0o que desean\u00a0<strong>encontrar un trabajo<\/strong>.<\/p>\n<p>La versi\u00f3n \u201c<strong>General Training<\/strong>\u201d mide la competencia de los candidatos en un c<strong>ontexto pr\u00e1ctico y cotidiano<\/strong>, y se pide a menudo para obtener el visado cuando se quiere emigrar a un pa\u00eds de habla inglesa, inscribirse en un programa de formaci\u00f3n por debajo del nivel de grado o adquirir experiencia profesional.<\/p>\n<p>El IELTS permite evaluar tus habilidades en\u00a0<strong>comprensi\u00f3n y expresi\u00f3n oral y escrita<\/strong>, aunque las pruebas son diferentes seg\u00fan la opci\u00f3n que escojas.\u00a0Deja que te orientemos: en esta secci\u00f3n te explicamos la importancia de este examen y las diferentes versiones, para que elijas en funci\u00f3n de tus objetivos.<\/p>\n<p>Descubre con nosotros\u00a0<strong>la estructura y tipos de pruebas<\/strong>, as\u00ed como las instrucciones que te permitir\u00e1n saber c\u00f3mo realizar un examen exitoso en el tiempo impartido.<\/p>\n<p>Te mostramos\u00a0<strong>ejercicios est\u00e1ndar, modelos de examen<\/strong>\u00a0y numerosas estrategias para familiarizarte en detalle con los diferentes ejercicios y saber administrar tu tiempo.\u00a0Te damos tambi\u00e9n la posibilidad de hacerlo en condiciones reales de examen.<\/p>\n<p>El IELTS te puede ofrecer muchas oportunidades profesionales y acad\u00e9micas: una buena preparaci\u00f3n es la clave.\u00a0\u00a1Es hora de empezar!<\/p>\n","protected":false},"excerpt":{"rendered":"<p>Descubre la estructura del test \u00bfSab\u00edas que el International English Language Testing System (IELTS) es uno de los ex\u00e1menes de lengua inglesa [&hellip;]<\/p>\n","protected":false},"author":24,"featured_media":0,"parent":18396,"menu_order":0,"comment_status":"closed","ping_status":"closed","template":"","meta":[],"acf":[],"yoast_head":"<!-- This site is optimized with the Yoast SEO plugin v17.2.1 - https:\/\/yoast.com\/wordpress\/plugins\/seo\/ -->\n<title>Instrucciones IELTS<\/title>\n<meta name=\"robots\" content=\"index, follow, max-snippet:-1, max-image-preview:large, max-video-preview:-1\" \/>\n<link rel=\"canonical\" href=\"https:\/\/global-exam.com\/blog\/es\/examenes\/ielts\/categoria-instrucciones-ielts\/\" \/>\n<meta property=\"og:locale\" content=\"fr_FR\" \/>\n<meta property=\"og:type\" content=\"article\" \/>\n<meta property=\"og:title\" content=\"Instrucciones IELTS\" \/>\n<meta property=\"og:description\" content=\"Descubre la estructura del test \u00bfSab\u00edas que el International English Language Testing System (IELTS) es uno de los ex\u00e1menes de lengua inglesa [&hellip;]\" \/>\n<meta property=\"og:url\" content=\"https:\/\/global-exam.com\/blog\/es\/examenes\/ielts\/categoria-instrucciones-ielts\/\" \/>\n<meta property=\"og:site_name\" content=\"GlobalExam Blog\" \/>\n<meta property=\"article:publisher\" content=\"https:\/\/www.facebook.com\/Global.Exam\" \/>\n<meta property=\"article:modified_time\" content=\"2022-09-16T09:30:22+00:00\" \/>\n<meta name=\"twitter:card\" content=\"summary_large_image\" \/>\n<meta name=\"twitter:site\" content=\"@Global_Exam\" \/>\n<meta name=\"twitter:label1\" content=\"Dur\u00e9e de lecture estim\u00e9e\" \/>\n\t<meta name=\"twitter:data1\" content=\"2 minutes\" \/>\n<script type=\"application\/ld+json\" class=\"yoast-schema-graph\">{\"@context\":\"https:\/\/schema.org\",\"@graph\":[{\"@type\":\"WebSite\",\"@id\":\"https:\/\/global-exam.com\/blog\/#website\",\"url\":\"https:\/\/global-exam.com\/blog\/\",\"name\":\"GlobalExam Blog\",\"description\":\"Le blog du sp\\u00e9cialiste de la certification linguistique\",\"potentialAction\":[{\"@type\":\"SearchAction\",\"target\":{\"@type\":\"EntryPoint\",\"urlTemplate\":\"https:\/\/global-exam.com\/blog\/?s={search_term_string}\"},\"query-input\":\"required name=search_term_string\"}],\"inLanguage\":\"fr-FR\"},{\"@type\":\"WebPage\",\"@id\":\"https:\/\/global-exam.com\/blog\/es\/examenes\/ielts\/categoria-instrucciones-ielts\/#webpage\",\"url\":\"https:\/\/global-exam.com\/blog\/es\/examenes\/ielts\/categoria-instrucciones-ielts\/\",\"name\":\"Instrucciones IELTS\",\"isPartOf\":{\"@id\":\"https:\/\/global-exam.com\/blog\/#website\"},\"datePublished\":\"2021-09-16T10:12:51+00:00\",\"dateModified\":\"2022-09-16T09:30:22+00:00\",\"breadcrumb\":{\"@id\":\"https:\/\/global-exam.com\/blog\/es\/examenes\/ielts\/categoria-instrucciones-ielts\/#breadcrumb\"},\"inLanguage\":\"fr-FR\",\"potentialAction\":[{\"@type\":\"ReadAction\",\"target\":[\"https:\/\/global-exam.com\/blog\/es\/examenes\/ielts\/categoria-instrucciones-ielts\/\"]}]},{\"@type\":\"BreadcrumbList\",\"@id\":\"https:\/\/global-exam.com\/blog\/es\/examenes\/ielts\/categoria-instrucciones-ielts\/#breadcrumb\",\"itemListElement\":[{\"@type\":\"ListItem\",\"position\":1,\"name\":\"Ex\\u00e1menes de idioma\",\"item\":\"https:\/\/global-exam.com\/blog\/es\/examenes\/\"},{\"@type\":\"ListItem\",\"position\":2,\"name\":\"IELTS\",\"item\":\"https:\/\/global-exam.com\/blog\/es\/examenes\/ielts\/\"},{\"@type\":\"ListItem\",\"position\":3,\"name\":\"Instrucciones IELTS\"}]}]}<\/script>\n<!-- \/ Yoast SEO plugin. -->","yoast_head_json":{"title":"Instrucciones IELTS","robots":{"index":"index","follow":"follow","max-snippet":"max-snippet:-1","max-image-preview":"max-image-preview:large","max-video-preview":"max-video-preview:-1"},"canonical":"https:\/\/global-exam.com\/blog\/es\/examenes\/ielts\/categoria-instrucciones-ielts\/","og_locale":"fr_FR","og_type":"article","og_title":"Instrucciones IELTS","og_description":"Descubre la estructura del test \u00bfSab\u00edas que el International English Language Testing System (IELTS) es uno de los ex\u00e1menes de lengua inglesa [&hellip;]","og_url":"https:\/\/global-exam.com\/blog\/es\/examenes\/ielts\/categoria-instrucciones-ielts\/","og_site_name":"GlobalExam Blog","article_publisher":"https:\/\/www.facebook.com\/Global.Exam","article_modified_time":"2022-09-16T09:30:22+00:00","twitter_card":"summary_large_image","twitter_site":"@Global_Exam","twitter_misc":{"Dur\u00e9e de lecture estim\u00e9e":"2 minutes"},"schema":{"@context":"https:\/\/schema.org","@graph":[{"@type":"WebSite","@id":"https:\/\/global-exam.com\/blog\/#website","url":"https:\/\/global-exam.com\/blog\/","name":"GlobalExam Blog","description":"Le blog du sp\u00e9cialiste de la certification linguistique","potentialAction":[{"@type":"SearchAction","target":{"@type":"EntryPoint","urlTemplate":"https:\/\/global-exam.com\/blog\/?s={search_term_string}"},"query-input":"required name=search_term_string"}],"inLanguage":"fr-FR"},{"@type":"WebPage","@id":"https:\/\/global-exam.com\/blog\/es\/examenes\/ielts\/categoria-instrucciones-ielts\/#webpage","url":"https:\/\/global-exam.com\/blog\/es\/examenes\/ielts\/categoria-instrucciones-ielts\/","name":"Instrucciones IELTS","isPartOf":{"@id":"https:\/\/global-exam.com\/blog\/#website"},"datePublished":"2021-09-16T10:12:51+00:00","dateModified":"2022-09-16T09:30:22+00:00","breadcrumb":{"@id":"https:\/\/global-exam.com\/blog\/es\/examenes\/ielts\/categoria-instrucciones-ielts\/#breadcrumb"},"inLanguage":"fr-FR","potentialAction":[{"@type":"ReadAction","target":["https:\/\/global-exam.com\/blog\/es\/examenes\/ielts\/categoria-instrucciones-ielts\/"]}]},{"@type":"BreadcrumbList","@id":"https:\/\/global-exam.com\/blog\/es\/examenes\/ielts\/categoria-instrucciones-ielts\/#breadcrumb","itemListElement":[{"@type":"ListItem","position":1,"name":"Ex\u00e1menes de idioma","item":"https:\/\/global-exam.com\/blog\/es\/examenes\/"},{"@type":"ListItem","position":2,"name":"IELTS","item":"https:\/\/global-exam.com\/blog\/es\/examenes\/ielts\/"},{"@type":"ListItem","position":3,"name":"Instrucciones IELTS"}]}]}},"lang":"es","translations":{"es":63670},"pll_sync_post":[],"_links":{"self":[{"href":"https:\/\/global-exam.com\/blog\/wp-json\/wp\/v2\/pages\/63670"}],"collection":[{"href":"https:\/\/global-exam.com\/blog\/wp-json\/wp\/v2\/pages"}],"about":[{"href":"https:\/\/global-exam.com\/blog\/wp-json\/wp\/v2\/types\/page"}],"author":[{"embeddable":true,"href":"https:\/\/global-exam.com\/blog\/wp-json\/wp\/v2\/users\/24"}],"replies":[{"embeddable":true,"href":"https:\/\/global-exam.com\/blog\/wp-json\/wp\/v2\/comments?post=63670"}],"version-history":[{"count":4,"href":"https:\/\/global-exam.com\/blog\/wp-json\/wp\/v2\/pages\/63670\/revisions"}],"predecessor-version":[{"id":79515,"href":"https:\/\/global-exam.com\/blog\/wp-json\/wp\/v2\/pages\/63670\/revisions\/79515"}],"up":[{"embeddable":true,"href":"https:\/\/global-exam.com\/blog\/wp-json\/wp\/v2\/pages\/18396"}],"wp:attachment":[{"href":"https:\/\/global-exam.com\/blog\/wp-json\/wp\/v2\/media?parent=63670"}],"curies":[{"name":"wp","href":"https:\/\/api.w.org\/{rel}","templated":true}]}}