{"id":63673,"date":"2021-09-16T12:15:13","date_gmt":"2021-09-16T10:15:13","guid":{"rendered":"https:\/\/global-exam.com\/blog\/?page_id=63673"},"modified":"2022-09-16T11:34:33","modified_gmt":"2022-09-16T09:34:33","slug":"categoria-material-de-practica-ielts","status":"publish","type":"page","link":"https:\/\/global-exam.com\/blog\/es\/examenes\/ielts\/categoria-material-de-practica-ielts\/","title":{"rendered":"Material de pr\u00e1ctica IELTS"},"content":{"rendered":"<p>Encuentra recursos para practicar<\/p>\n<p>\u00bfEres un candidato al IELTS? \u00bfQuieres poner de tu lado todas las posibilidades para obtener el nivel que deseas alcanzar?<\/p>\n<p>No cabe duda: El IELTS (International English Language Testing System) goza de un\u00a0<strong>alto reconocimiento a nivel mundial<\/strong>\u00a0y te va a abrir puertas, tanto<strong>\u00a0a nivel acad\u00e9mico, como a nivel profesional<\/strong>. Y en m\u00faltiples destinos: Reino Unido, Nueva Zelanda, Canad\u00e1, Irlanda, Estados Unidos \u2026<\/p>\n<p>Como sabr\u00e1s, este tipo de examen requiere\u00a0<strong>una preparaci\u00f3n espec\u00edfica<\/strong>; hay que empezar con antelaci\u00f3n y conocer bien la estructura de las pruebas, para la versi\u00f3n que hayas elegido (Acad\u00e9mica o General).<\/p>\n<p>En esta secci\u00f3n queremos presentarte un panorama de los recursos que existen para la preparaci\u00f3n de este examen: sitios internet, libros impresos, recursos digitales y otras herramientas (peri\u00f3dicos, revistas, libros, pel\u00edculas, series y canales de televisi\u00f3n).<\/p>\n<p>Te ofrecemos descripciones detalladas, con una lista de ventajas y desventajas, que sin duda te van a ayudar a\u00a0<strong>seleccionar lo mejor para tu preparaci\u00f3n, en funci\u00f3n de tu perfil y de tus objetivos<\/strong>.<\/p>\n<p>Y te proponemos descubrir tambi\u00e9n nuestra plataforma de formaci\u00f3n en l\u00ednea, con m\u00e1s de 60 horas de ejercicios est\u00e1ndar, hojas de revisi\u00f3n, ex\u00e1menes simulados, consejos de profesionales, asesoramiento personalizado, evaluaci\u00f3n del progreso efectuado, y otras muchas m\u00e1s herramientas para una preparaci\u00f3n exitosa. La garant\u00eda de tu \u00e9xito es una formaci\u00f3n a tu medida.<\/p>\n","protected":false},"excerpt":{"rendered":"<p>Encuentra recursos para practicar \u00bfEres un candidato al IELTS? \u00bfQuieres poner de tu lado todas las posibilidades para obtener el nivel que [&hellip;]<\/p>\n","protected":false},"author":24,"featured_media":0,"parent":18396,"menu_order":0,"comment_status":"closed","ping_status":"closed","template":"","meta":[],"acf":[],"yoast_head":"<!-- This site is optimized with the Yoast SEO plugin v17.2.1 - https:\/\/yoast.com\/wordpress\/plugins\/seo\/ -->\n<title>Material de pr\u00e1ctica IELTS<\/title>\n<meta name=\"robots\" content=\"index, follow, max-snippet:-1, max-image-preview:large, max-video-preview:-1\" \/>\n<link rel=\"canonical\" href=\"https:\/\/global-exam.com\/blog\/es\/examenes\/ielts\/categoria-material-de-practica-ielts\/\" \/>\n<meta property=\"og:locale\" content=\"fr_FR\" \/>\n<meta property=\"og:type\" content=\"article\" \/>\n<meta property=\"og:title\" content=\"Material de pr\u00e1ctica IELTS\" \/>\n<meta property=\"og:description\" content=\"Encuentra recursos para practicar \u00bfEres un candidato al IELTS? \u00bfQuieres poner de tu lado todas las posibilidades para obtener el nivel que [&hellip;]\" \/>\n<meta property=\"og:url\" content=\"https:\/\/global-exam.com\/blog\/es\/examenes\/ielts\/categoria-material-de-practica-ielts\/\" \/>\n<meta property=\"og:site_name\" content=\"GlobalExam Blog\" \/>\n<meta property=\"article:publisher\" content=\"https:\/\/www.facebook.com\/Global.Exam\" \/>\n<meta property=\"article:modified_time\" content=\"2022-09-16T09:34:33+00:00\" \/>\n<meta name=\"twitter:card\" content=\"summary_large_image\" \/>\n<meta name=\"twitter:site\" content=\"@Global_Exam\" \/>\n<meta name=\"twitter:label1\" content=\"Dur\u00e9e de lecture estim\u00e9e\" \/>\n\t<meta name=\"twitter:data1\" content=\"1 minute\" \/>\n<script type=\"application\/ld+json\" class=\"yoast-schema-graph\">{\"@context\":\"https:\/\/schema.org\",\"@graph\":[{\"@type\":\"WebSite\",\"@id\":\"https:\/\/global-exam.com\/blog\/#website\",\"url\":\"https:\/\/global-exam.com\/blog\/\",\"name\":\"GlobalExam Blog\",\"description\":\"Le blog du sp\\u00e9cialiste de la certification linguistique\",\"potentialAction\":[{\"@type\":\"SearchAction\",\"target\":{\"@type\":\"EntryPoint\",\"urlTemplate\":\"https:\/\/global-exam.com\/blog\/?s={search_term_string}\"},\"query-input\":\"required name=search_term_string\"}],\"inLanguage\":\"fr-FR\"},{\"@type\":\"WebPage\",\"@id\":\"https:\/\/global-exam.com\/blog\/es\/examenes\/ielts\/categoria-material-de-practica-ielts\/#webpage\",\"url\":\"https:\/\/global-exam.com\/blog\/es\/examenes\/ielts\/categoria-material-de-practica-ielts\/\",\"name\":\"Material de pr\\u00e1ctica IELTS\",\"isPartOf\":{\"@id\":\"https:\/\/global-exam.com\/blog\/#website\"},\"datePublished\":\"2021-09-16T10:15:13+00:00\",\"dateModified\":\"2022-09-16T09:34:33+00:00\",\"breadcrumb\":{\"@id\":\"https:\/\/global-exam.com\/blog\/es\/examenes\/ielts\/categoria-material-de-practica-ielts\/#breadcrumb\"},\"inLanguage\":\"fr-FR\",\"potentialAction\":[{\"@type\":\"ReadAction\",\"target\":[\"https:\/\/global-exam.com\/blog\/es\/examenes\/ielts\/categoria-material-de-practica-ielts\/\"]}]},{\"@type\":\"BreadcrumbList\",\"@id\":\"https:\/\/global-exam.com\/blog\/es\/examenes\/ielts\/categoria-material-de-practica-ielts\/#breadcrumb\",\"itemListElement\":[{\"@type\":\"ListItem\",\"position\":1,\"name\":\"Ex\\u00e1menes de idioma\",\"item\":\"https:\/\/global-exam.com\/blog\/es\/examenes\/\"},{\"@type\":\"ListItem\",\"position\":2,\"name\":\"IELTS\",\"item\":\"https:\/\/global-exam.com\/blog\/es\/examenes\/ielts\/\"},{\"@type\":\"ListItem\",\"position\":3,\"name\":\"Material de pr\\u00e1ctica IELTS\"}]}]}<\/script>\n<!-- \/ Yoast SEO plugin. -->","yoast_head_json":{"title":"Material de pr\u00e1ctica IELTS","robots":{"index":"index","follow":"follow","max-snippet":"max-snippet:-1","max-image-preview":"max-image-preview:large","max-video-preview":"max-video-preview:-1"},"canonical":"https:\/\/global-exam.com\/blog\/es\/examenes\/ielts\/categoria-material-de-practica-ielts\/","og_locale":"fr_FR","og_type":"article","og_title":"Material de pr\u00e1ctica IELTS","og_description":"Encuentra recursos para practicar \u00bfEres un candidato al IELTS? \u00bfQuieres poner de tu lado todas las posibilidades para obtener el nivel que [&hellip;]","og_url":"https:\/\/global-exam.com\/blog\/es\/examenes\/ielts\/categoria-material-de-practica-ielts\/","og_site_name":"GlobalExam Blog","article_publisher":"https:\/\/www.facebook.com\/Global.Exam","article_modified_time":"2022-09-16T09:34:33+00:00","twitter_card":"summary_large_image","twitter_site":"@Global_Exam","twitter_misc":{"Dur\u00e9e de lecture estim\u00e9e":"1 minute"},"schema":{"@context":"https:\/\/schema.org","@graph":[{"@type":"WebSite","@id":"https:\/\/global-exam.com\/blog\/#website","url":"https:\/\/global-exam.com\/blog\/","name":"GlobalExam Blog","description":"Le blog du sp\u00e9cialiste de la certification linguistique","potentialAction":[{"@type":"SearchAction","target":{"@type":"EntryPoint","urlTemplate":"https:\/\/global-exam.com\/blog\/?s={search_term_string}"},"query-input":"required name=search_term_string"}],"inLanguage":"fr-FR"},{"@type":"WebPage","@id":"https:\/\/global-exam.com\/blog\/es\/examenes\/ielts\/categoria-material-de-practica-ielts\/#webpage","url":"https:\/\/global-exam.com\/blog\/es\/examenes\/ielts\/categoria-material-de-practica-ielts\/","name":"Material de pr\u00e1ctica IELTS","isPartOf":{"@id":"https:\/\/global-exam.com\/blog\/#website"},"datePublished":"2021-09-16T10:15:13+00:00","dateModified":"2022-09-16T09:34:33+00:00","breadcrumb":{"@id":"https:\/\/global-exam.com\/blog\/es\/examenes\/ielts\/categoria-material-de-practica-ielts\/#breadcrumb"},"inLanguage":"fr-FR","potentialAction":[{"@type":"ReadAction","target":["https:\/\/global-exam.com\/blog\/es\/examenes\/ielts\/categoria-material-de-practica-ielts\/"]}]},{"@type":"BreadcrumbList","@id":"https:\/\/global-exam.com\/blog\/es\/examenes\/ielts\/categoria-material-de-practica-ielts\/#breadcrumb","itemListElement":[{"@type":"ListItem","position":1,"name":"Ex\u00e1menes de idioma","item":"https:\/\/global-exam.com\/blog\/es\/examenes\/"},{"@type":"ListItem","position":2,"name":"IELTS","item":"https:\/\/global-exam.com\/blog\/es\/examenes\/ielts\/"},{"@type":"ListItem","position":3,"name":"Material de pr\u00e1ctica IELTS"}]}]}},"lang":"es","translations":{"es":63673},"pll_sync_post":[],"_links":{"self":[{"href":"https:\/\/global-exam.com\/blog\/wp-json\/wp\/v2\/pages\/63673"}],"collection":[{"href":"https:\/\/global-exam.com\/blog\/wp-json\/wp\/v2\/pages"}],"about":[{"href":"https:\/\/global-exam.com\/blog\/wp-json\/wp\/v2\/types\/page"}],"author":[{"embeddable":true,"href":"https:\/\/global-exam.com\/blog\/wp-json\/wp\/v2\/users\/24"}],"replies":[{"embeddable":true,"href":"https:\/\/global-exam.com\/blog\/wp-json\/wp\/v2\/comments?post=63673"}],"version-history":[{"count":5,"href":"https:\/\/global-exam.com\/blog\/wp-json\/wp\/v2\/pages\/63673\/revisions"}],"predecessor-version":[{"id":79518,"href":"https:\/\/global-exam.com\/blog\/wp-json\/wp\/v2\/pages\/63673\/revisions\/79518"}],"up":[{"embeddable":true,"href":"https:\/\/global-exam.com\/blog\/wp-json\/wp\/v2\/pages\/18396"}],"wp:attachment":[{"href":"https:\/\/global-exam.com\/blog\/wp-json\/wp\/v2\/media?parent=63673"}],"curies":[{"name":"wp","href":"https:\/\/api.w.org\/{rel}","templated":true}]}}