{"id":63679,"date":"2021-09-16T12:19:29","date_gmt":"2021-09-16T10:19:29","guid":{"rendered":"https:\/\/global-exam.com\/blog\/?page_id=63679"},"modified":"2022-09-16T11:27:18","modified_gmt":"2022-09-16T09:27:18","slug":"categoria-centros-de-examenes-ielts","status":"publish","type":"page","link":"https:\/\/global-exam.com\/blog\/es\/examenes\/ielts\/categoria-centros-de-examenes-ielts\/","title":{"rendered":"Centros de ex\u00e1menes IELTS"},"content":{"rendered":"<p>Encuentra un centro cerca de t\u00ed<\/p>\n<p>\u00bfSab\u00edas que el IELTS se puede tomar en el British Council? Si no conoc\u00edas este fact, la presente categor\u00eda est\u00e1 hecha para ti. Encontrar\u00e1s <strong>los diferentes centros de ex\u00e1menes<\/strong>\u00a0en pa\u00edses como Espa\u00f1a y M\u00e9xico para\u00a0<strong>tomar el IELTS<\/strong>\u00a0(International English Language Testing System).<\/p>\n<p>Este examen eval\u00faa el nivel de ingl\u00e9s brit\u00e1nico de los candidatos. Es una de las tres pruebas de ingl\u00e9s m\u00e1s conocidas del mundo y a la vez, es reconocido por empleadores y universidades.\u00a0<strong>Se divide en cuatro partes<\/strong>: Listening, Reading, Writing y Speaking. En el IELTS no existe aprobado o suspendido, ellos simplemente dan una nota de 0 a 9.<\/p>\n<p>En GlobalExam, te ayudaremos <strong>a prepararte para esta prueba<\/strong>. Tendr\u00e1s la oportunidad de escoger un plan de estudio que puede requerir como m\u00ednimo 8 horas de trabajo o m\u00e1s, si lo deseas. Todo depender\u00e1 de tu disponibilidad. En este plan de estudio trabajar\u00e1s todas las competencias evaluadas. Igualmente, podr\u00e1s practicar con los m\u00e1s de 120 ejercicios corregidos y en todo momento, ser\u00e1s capaz de poner a prueba todo lo que has aprendido gracias a los simulacros.<\/p>\n<div id=\"category-description-content\">\n<p>En esta categor\u00eda encontrar\u00e1s toda la informaci\u00f3n necesaria para presentar el IELTS.<\/p>\n<\/div>\n","protected":false},"excerpt":{"rendered":"<p>Encuentra un centro cerca de t\u00ed \u00bfSab\u00edas que el IELTS se puede tomar en el British Council? Si no conoc\u00edas este fact, [&hellip;]<\/p>\n","protected":false},"author":24,"featured_media":0,"parent":18396,"menu_order":0,"comment_status":"closed","ping_status":"closed","template":"","meta":[],"acf":[],"yoast_head":"<!-- This site is optimized with the Yoast SEO plugin v17.2.1 - https:\/\/yoast.com\/wordpress\/plugins\/seo\/ -->\n<title>Centros de ex\u00e1menes IELTS<\/title>\n<meta name=\"robots\" content=\"index, follow, max-snippet:-1, max-image-preview:large, max-video-preview:-1\" \/>\n<link rel=\"canonical\" href=\"https:\/\/global-exam.com\/blog\/es\/examenes\/ielts\/categoria-centros-de-examenes-ielts\/\" \/>\n<meta property=\"og:locale\" content=\"fr_FR\" \/>\n<meta property=\"og:type\" content=\"article\" \/>\n<meta property=\"og:title\" content=\"Centros de ex\u00e1menes IELTS\" \/>\n<meta property=\"og:description\" content=\"Encuentra un centro cerca de t\u00ed \u00bfSab\u00edas que el IELTS se puede tomar en el British Council? Si no conoc\u00edas este fact, [&hellip;]\" \/>\n<meta property=\"og:url\" content=\"https:\/\/global-exam.com\/blog\/es\/examenes\/ielts\/categoria-centros-de-examenes-ielts\/\" \/>\n<meta property=\"og:site_name\" content=\"GlobalExam Blog\" \/>\n<meta property=\"article:publisher\" content=\"https:\/\/www.facebook.com\/Global.Exam\" \/>\n<meta property=\"article:modified_time\" content=\"2022-09-16T09:27:18+00:00\" \/>\n<meta name=\"twitter:card\" content=\"summary_large_image\" \/>\n<meta name=\"twitter:site\" content=\"@Global_Exam\" \/>\n<meta name=\"twitter:label1\" content=\"Dur\u00e9e de lecture estim\u00e9e\" \/>\n\t<meta name=\"twitter:data1\" content=\"1 minute\" \/>\n<script type=\"application\/ld+json\" class=\"yoast-schema-graph\">{\"@context\":\"https:\/\/schema.org\",\"@graph\":[{\"@type\":\"WebSite\",\"@id\":\"https:\/\/global-exam.com\/blog\/#website\",\"url\":\"https:\/\/global-exam.com\/blog\/\",\"name\":\"GlobalExam Blog\",\"description\":\"Le blog du sp\\u00e9cialiste de la certification linguistique\",\"potentialAction\":[{\"@type\":\"SearchAction\",\"target\":{\"@type\":\"EntryPoint\",\"urlTemplate\":\"https:\/\/global-exam.com\/blog\/?s={search_term_string}\"},\"query-input\":\"required name=search_term_string\"}],\"inLanguage\":\"fr-FR\"},{\"@type\":\"WebPage\",\"@id\":\"https:\/\/global-exam.com\/blog\/es\/examenes\/ielts\/categoria-centros-de-examenes-ielts\/#webpage\",\"url\":\"https:\/\/global-exam.com\/blog\/es\/examenes\/ielts\/categoria-centros-de-examenes-ielts\/\",\"name\":\"Centros de ex\\u00e1menes IELTS\",\"isPartOf\":{\"@id\":\"https:\/\/global-exam.com\/blog\/#website\"},\"datePublished\":\"2021-09-16T10:19:29+00:00\",\"dateModified\":\"2022-09-16T09:27:18+00:00\",\"breadcrumb\":{\"@id\":\"https:\/\/global-exam.com\/blog\/es\/examenes\/ielts\/categoria-centros-de-examenes-ielts\/#breadcrumb\"},\"inLanguage\":\"fr-FR\",\"potentialAction\":[{\"@type\":\"ReadAction\",\"target\":[\"https:\/\/global-exam.com\/blog\/es\/examenes\/ielts\/categoria-centros-de-examenes-ielts\/\"]}]},{\"@type\":\"BreadcrumbList\",\"@id\":\"https:\/\/global-exam.com\/blog\/es\/examenes\/ielts\/categoria-centros-de-examenes-ielts\/#breadcrumb\",\"itemListElement\":[{\"@type\":\"ListItem\",\"position\":1,\"name\":\"Ex\\u00e1menes de idioma\",\"item\":\"https:\/\/global-exam.com\/blog\/es\/examenes\/\"},{\"@type\":\"ListItem\",\"position\":2,\"name\":\"IELTS\",\"item\":\"https:\/\/global-exam.com\/blog\/es\/examenes\/ielts\/\"},{\"@type\":\"ListItem\",\"position\":3,\"name\":\"Centros de ex\\u00e1menes IELTS\"}]}]}<\/script>\n<!-- \/ Yoast SEO plugin. -->","yoast_head_json":{"title":"Centros de ex\u00e1menes IELTS","robots":{"index":"index","follow":"follow","max-snippet":"max-snippet:-1","max-image-preview":"max-image-preview:large","max-video-preview":"max-video-preview:-1"},"canonical":"https:\/\/global-exam.com\/blog\/es\/examenes\/ielts\/categoria-centros-de-examenes-ielts\/","og_locale":"fr_FR","og_type":"article","og_title":"Centros de ex\u00e1menes IELTS","og_description":"Encuentra un centro cerca de t\u00ed \u00bfSab\u00edas que el IELTS se puede tomar en el British Council? Si no conoc\u00edas este fact, [&hellip;]","og_url":"https:\/\/global-exam.com\/blog\/es\/examenes\/ielts\/categoria-centros-de-examenes-ielts\/","og_site_name":"GlobalExam Blog","article_publisher":"https:\/\/www.facebook.com\/Global.Exam","article_modified_time":"2022-09-16T09:27:18+00:00","twitter_card":"summary_large_image","twitter_site":"@Global_Exam","twitter_misc":{"Dur\u00e9e de lecture estim\u00e9e":"1 minute"},"schema":{"@context":"https:\/\/schema.org","@graph":[{"@type":"WebSite","@id":"https:\/\/global-exam.com\/blog\/#website","url":"https:\/\/global-exam.com\/blog\/","name":"GlobalExam Blog","description":"Le blog du sp\u00e9cialiste de la certification linguistique","potentialAction":[{"@type":"SearchAction","target":{"@type":"EntryPoint","urlTemplate":"https:\/\/global-exam.com\/blog\/?s={search_term_string}"},"query-input":"required name=search_term_string"}],"inLanguage":"fr-FR"},{"@type":"WebPage","@id":"https:\/\/global-exam.com\/blog\/es\/examenes\/ielts\/categoria-centros-de-examenes-ielts\/#webpage","url":"https:\/\/global-exam.com\/blog\/es\/examenes\/ielts\/categoria-centros-de-examenes-ielts\/","name":"Centros de ex\u00e1menes IELTS","isPartOf":{"@id":"https:\/\/global-exam.com\/blog\/#website"},"datePublished":"2021-09-16T10:19:29+00:00","dateModified":"2022-09-16T09:27:18+00:00","breadcrumb":{"@id":"https:\/\/global-exam.com\/blog\/es\/examenes\/ielts\/categoria-centros-de-examenes-ielts\/#breadcrumb"},"inLanguage":"fr-FR","potentialAction":[{"@type":"ReadAction","target":["https:\/\/global-exam.com\/blog\/es\/examenes\/ielts\/categoria-centros-de-examenes-ielts\/"]}]},{"@type":"BreadcrumbList","@id":"https:\/\/global-exam.com\/blog\/es\/examenes\/ielts\/categoria-centros-de-examenes-ielts\/#breadcrumb","itemListElement":[{"@type":"ListItem","position":1,"name":"Ex\u00e1menes de idioma","item":"https:\/\/global-exam.com\/blog\/es\/examenes\/"},{"@type":"ListItem","position":2,"name":"IELTS","item":"https:\/\/global-exam.com\/blog\/es\/examenes\/ielts\/"},{"@type":"ListItem","position":3,"name":"Centros de ex\u00e1menes IELTS"}]}]}},"lang":"es","translations":{"es":63679},"pll_sync_post":[],"_links":{"self":[{"href":"https:\/\/global-exam.com\/blog\/wp-json\/wp\/v2\/pages\/63679"}],"collection":[{"href":"https:\/\/global-exam.com\/blog\/wp-json\/wp\/v2\/pages"}],"about":[{"href":"https:\/\/global-exam.com\/blog\/wp-json\/wp\/v2\/types\/page"}],"author":[{"embeddable":true,"href":"https:\/\/global-exam.com\/blog\/wp-json\/wp\/v2\/users\/24"}],"replies":[{"embeddable":true,"href":"https:\/\/global-exam.com\/blog\/wp-json\/wp\/v2\/comments?post=63679"}],"version-history":[{"count":4,"href":"https:\/\/global-exam.com\/blog\/wp-json\/wp\/v2\/pages\/63679\/revisions"}],"predecessor-version":[{"id":79512,"href":"https:\/\/global-exam.com\/blog\/wp-json\/wp\/v2\/pages\/63679\/revisions\/79512"}],"up":[{"embeddable":true,"href":"https:\/\/global-exam.com\/blog\/wp-json\/wp\/v2\/pages\/18396"}],"wp:attachment":[{"href":"https:\/\/global-exam.com\/blog\/wp-json\/wp\/v2\/media?parent=63679"}],"curies":[{"name":"wp","href":"https:\/\/api.w.org\/{rel}","templated":true}]}}