{"id":70334,"date":"2021-12-13T14:56:27","date_gmt":"2021-12-13T13:56:27","guid":{"rendered":"https:\/\/global-exam.com\/blog\/?page_id=70334"},"modified":"2022-09-16T11:15:43","modified_gmt":"2022-09-16T09:15:43","slug":"categoria-instrucciones-toefl-junior","status":"publish","type":"page","link":"https:\/\/global-exam.com\/blog\/es\/examenes\/toefl-junior\/categoria-instrucciones-toefl-junior\/","title":{"rendered":"Instrucciones TOEFL Junior"},"content":{"rendered":"<p>Descubre la estructura del test<\/p>\n<p>En esta parte del blog, te damos toda la informaci\u00f3n relativa a la estructura de <strong>las pruebas del TOEFL Junior<\/strong>, un examen oficial de ingl\u00e9s dirigido a estudiantes de m\u00e1s de 11 a\u00f1os. El objetivo de esta certificaci\u00f3n es<strong>\u00a0medir las habilidades de los candidatos<\/strong>\u00a0de manera objetiva y precisa, proporcionando a padres, tutores o profesores informaci\u00f3n que les permita situarlos en cursos o programas espec\u00edficos, adem\u00e1s de ser una experiencia enriquecedora para los ni\u00f1os.<\/p>\n<p>Podr\u00e1s obtener toda la informaci\u00f3n relativa a este examen a trav\u00e9s de una gu\u00eda detallada en la que te explicamos<strong>\u00a0la estructura del TOEFL Junior<\/strong>. Adem\u00e1s, encontrar\u00e1s art\u00edculos concretos para cada parte del examen\u00a0<strong>TOEFL Junior Standard<\/strong>\u00a0(que incluye Listening, Reading y Language Form and Meaning) y para el\u00a0<strong>TOEFL Junior Speaking<\/strong>. En cada uno, te describimos su formato y te damos muestras de examen con explicaciones.<\/p>\n<p>Estos art\u00edculos servir\u00e1n como muestrario de diferentes apartados de GlobalExam, una interfaz intuitiva y dise\u00f1ada por expertos que te ofrece entrenamientos concretos para certificaciones de idiomas.\u00a0<strong>El modo de pr\u00e1ctica de GlobalExam<\/strong>\u00a0contiene ejercicios variados y corregidos para cada habilidad que te ayudar\u00e1n a trabajar tus puntos d\u00e9biles. Con el modo de examen, adem\u00e1s, podr\u00e1s poner a prueba tus habilidades e ir mejor preparado\/a al examen real.<\/p>\n","protected":false},"excerpt":{"rendered":"<p>Descubre la estructura del test En esta parte del blog, te damos toda la informaci\u00f3n relativa a la estructura de las pruebas [&hellip;]<\/p>\n","protected":false},"author":24,"featured_media":0,"parent":35569,"menu_order":0,"comment_status":"closed","ping_status":"closed","template":"","meta":[],"acf":[],"yoast_head":"<!-- This site is optimized with the Yoast SEO plugin v17.2.1 - https:\/\/yoast.com\/wordpress\/plugins\/seo\/ -->\n<title>Instrucciones TOEFL Junior<\/title>\n<meta name=\"robots\" content=\"index, follow, max-snippet:-1, max-image-preview:large, max-video-preview:-1\" \/>\n<link rel=\"canonical\" href=\"https:\/\/global-exam.com\/blog\/es\/examenes\/toefl-junior\/categoria-instrucciones-toefl-junior\/\" \/>\n<meta property=\"og:locale\" content=\"fr_FR\" \/>\n<meta property=\"og:type\" content=\"article\" \/>\n<meta property=\"og:title\" content=\"Instrucciones TOEFL Junior\" \/>\n<meta property=\"og:description\" content=\"Descubre la estructura del test En esta parte del blog, te damos toda la informaci\u00f3n relativa a la estructura de las pruebas [&hellip;]\" \/>\n<meta property=\"og:url\" content=\"https:\/\/global-exam.com\/blog\/es\/examenes\/toefl-junior\/categoria-instrucciones-toefl-junior\/\" \/>\n<meta property=\"og:site_name\" content=\"GlobalExam Blog\" \/>\n<meta property=\"article:publisher\" content=\"https:\/\/www.facebook.com\/Global.Exam\" \/>\n<meta property=\"article:modified_time\" content=\"2022-09-16T09:15:43+00:00\" \/>\n<meta name=\"twitter:card\" content=\"summary_large_image\" \/>\n<meta name=\"twitter:site\" content=\"@Global_Exam\" \/>\n<meta name=\"twitter:label1\" content=\"Dur\u00e9e de lecture estim\u00e9e\" \/>\n\t<meta name=\"twitter:data1\" content=\"1 minute\" \/>\n<script type=\"application\/ld+json\" class=\"yoast-schema-graph\">{\"@context\":\"https:\/\/schema.org\",\"@graph\":[{\"@type\":\"WebSite\",\"@id\":\"https:\/\/global-exam.com\/blog\/#website\",\"url\":\"https:\/\/global-exam.com\/blog\/\",\"name\":\"GlobalExam Blog\",\"description\":\"Le blog du sp\\u00e9cialiste de la certification linguistique\",\"potentialAction\":[{\"@type\":\"SearchAction\",\"target\":{\"@type\":\"EntryPoint\",\"urlTemplate\":\"https:\/\/global-exam.com\/blog\/?s={search_term_string}\"},\"query-input\":\"required name=search_term_string\"}],\"inLanguage\":\"fr-FR\"},{\"@type\":\"WebPage\",\"@id\":\"https:\/\/global-exam.com\/blog\/es\/examenes\/toefl-junior\/categoria-instrucciones-toefl-junior\/#webpage\",\"url\":\"https:\/\/global-exam.com\/blog\/es\/examenes\/toefl-junior\/categoria-instrucciones-toefl-junior\/\",\"name\":\"Instrucciones TOEFL Junior\",\"isPartOf\":{\"@id\":\"https:\/\/global-exam.com\/blog\/#website\"},\"datePublished\":\"2021-12-13T13:56:27+00:00\",\"dateModified\":\"2022-09-16T09:15:43+00:00\",\"breadcrumb\":{\"@id\":\"https:\/\/global-exam.com\/blog\/es\/examenes\/toefl-junior\/categoria-instrucciones-toefl-junior\/#breadcrumb\"},\"inLanguage\":\"fr-FR\",\"potentialAction\":[{\"@type\":\"ReadAction\",\"target\":[\"https:\/\/global-exam.com\/blog\/es\/examenes\/toefl-junior\/categoria-instrucciones-toefl-junior\/\"]}]},{\"@type\":\"BreadcrumbList\",\"@id\":\"https:\/\/global-exam.com\/blog\/es\/examenes\/toefl-junior\/categoria-instrucciones-toefl-junior\/#breadcrumb\",\"itemListElement\":[{\"@type\":\"ListItem\",\"position\":1,\"name\":\"Ex\\u00e1menes de idioma\",\"item\":\"https:\/\/global-exam.com\/blog\/es\/examenes\/\"},{\"@type\":\"ListItem\",\"position\":2,\"name\":\"TOEFL Junior\",\"item\":\"https:\/\/global-exam.com\/blog\/es\/examenes\/toefl-junior\/\"},{\"@type\":\"ListItem\",\"position\":3,\"name\":\"Instrucciones TOEFL Junior\"}]}]}<\/script>\n<!-- \/ Yoast SEO plugin. -->","yoast_head_json":{"title":"Instrucciones TOEFL Junior","robots":{"index":"index","follow":"follow","max-snippet":"max-snippet:-1","max-image-preview":"max-image-preview:large","max-video-preview":"max-video-preview:-1"},"canonical":"https:\/\/global-exam.com\/blog\/es\/examenes\/toefl-junior\/categoria-instrucciones-toefl-junior\/","og_locale":"fr_FR","og_type":"article","og_title":"Instrucciones TOEFL Junior","og_description":"Descubre la estructura del test En esta parte del blog, te damos toda la informaci\u00f3n relativa a la estructura de las pruebas [&hellip;]","og_url":"https:\/\/global-exam.com\/blog\/es\/examenes\/toefl-junior\/categoria-instrucciones-toefl-junior\/","og_site_name":"GlobalExam Blog","article_publisher":"https:\/\/www.facebook.com\/Global.Exam","article_modified_time":"2022-09-16T09:15:43+00:00","twitter_card":"summary_large_image","twitter_site":"@Global_Exam","twitter_misc":{"Dur\u00e9e de lecture estim\u00e9e":"1 minute"},"schema":{"@context":"https:\/\/schema.org","@graph":[{"@type":"WebSite","@id":"https:\/\/global-exam.com\/blog\/#website","url":"https:\/\/global-exam.com\/blog\/","name":"GlobalExam Blog","description":"Le blog du sp\u00e9cialiste de la certification linguistique","potentialAction":[{"@type":"SearchAction","target":{"@type":"EntryPoint","urlTemplate":"https:\/\/global-exam.com\/blog\/?s={search_term_string}"},"query-input":"required name=search_term_string"}],"inLanguage":"fr-FR"},{"@type":"WebPage","@id":"https:\/\/global-exam.com\/blog\/es\/examenes\/toefl-junior\/categoria-instrucciones-toefl-junior\/#webpage","url":"https:\/\/global-exam.com\/blog\/es\/examenes\/toefl-junior\/categoria-instrucciones-toefl-junior\/","name":"Instrucciones TOEFL Junior","isPartOf":{"@id":"https:\/\/global-exam.com\/blog\/#website"},"datePublished":"2021-12-13T13:56:27+00:00","dateModified":"2022-09-16T09:15:43+00:00","breadcrumb":{"@id":"https:\/\/global-exam.com\/blog\/es\/examenes\/toefl-junior\/categoria-instrucciones-toefl-junior\/#breadcrumb"},"inLanguage":"fr-FR","potentialAction":[{"@type":"ReadAction","target":["https:\/\/global-exam.com\/blog\/es\/examenes\/toefl-junior\/categoria-instrucciones-toefl-junior\/"]}]},{"@type":"BreadcrumbList","@id":"https:\/\/global-exam.com\/blog\/es\/examenes\/toefl-junior\/categoria-instrucciones-toefl-junior\/#breadcrumb","itemListElement":[{"@type":"ListItem","position":1,"name":"Ex\u00e1menes de idioma","item":"https:\/\/global-exam.com\/blog\/es\/examenes\/"},{"@type":"ListItem","position":2,"name":"TOEFL Junior","item":"https:\/\/global-exam.com\/blog\/es\/examenes\/toefl-junior\/"},{"@type":"ListItem","position":3,"name":"Instrucciones TOEFL Junior"}]}]}},"lang":"es","translations":{"es":70334},"pll_sync_post":[],"_links":{"self":[{"href":"https:\/\/global-exam.com\/blog\/wp-json\/wp\/v2\/pages\/70334"}],"collection":[{"href":"https:\/\/global-exam.com\/blog\/wp-json\/wp\/v2\/pages"}],"about":[{"href":"https:\/\/global-exam.com\/blog\/wp-json\/wp\/v2\/types\/page"}],"author":[{"embeddable":true,"href":"https:\/\/global-exam.com\/blog\/wp-json\/wp\/v2\/users\/24"}],"replies":[{"embeddable":true,"href":"https:\/\/global-exam.com\/blog\/wp-json\/wp\/v2\/comments?post=70334"}],"version-history":[{"count":4,"href":"https:\/\/global-exam.com\/blog\/wp-json\/wp\/v2\/pages\/70334\/revisions"}],"predecessor-version":[{"id":79498,"href":"https:\/\/global-exam.com\/blog\/wp-json\/wp\/v2\/pages\/70334\/revisions\/79498"}],"up":[{"embeddable":true,"href":"https:\/\/global-exam.com\/blog\/wp-json\/wp\/v2\/pages\/35569"}],"wp:attachment":[{"href":"https:\/\/global-exam.com\/blog\/wp-json\/wp\/v2\/media?parent=70334"}],"curies":[{"name":"wp","href":"https:\/\/api.w.org\/{rel}","templated":true}]}}