{"id":70337,"date":"2021-12-13T14:59:36","date_gmt":"2021-12-13T13:59:36","guid":{"rendered":"https:\/\/global-exam.com\/blog\/?page_id=70337"},"modified":"2022-09-16T11:18:26","modified_gmt":"2022-09-16T09:18:26","slug":"categoria-obten-un-buen-puntaje-toefl-junior","status":"publish","type":"page","link":"https:\/\/global-exam.com\/blog\/es\/examenes\/toefl-junior\/categoria-obten-un-buen-puntaje-toefl-junior\/","title":{"rendered":"Obt\u00e9n un buen puntaje TOEFL Junior"},"content":{"rendered":"<p>Prepara para el examen<\/p>\n<p>En esta categor\u00eda te aportamos las claves para<strong>\u00a0conseguir la mejor puntuaci\u00f3n<\/strong>\u00a0posible en el examen TOEFL Junior. Esta certificaci\u00f3n oficial, dise\u00f1ada por ETS, mide las habilidades en lengua inglesa de candidatos de entre 11 y 15 a\u00f1os a trav\u00e9s de dos ex\u00e1menes:\u00a0<strong>TOEFL Junior Standard<\/strong>, que abarca la comprensi\u00f3n auditiva, la forma y significado del lenguaje, y la comprensi\u00f3n de lectura, y\u00a0<strong>TOEFL Junior Speaking<\/strong>, que eval\u00faa la expresi\u00f3n oral.<\/p>\n<p>En los art\u00edculos de esta secci\u00f3n encontrar\u00e1s una explicaci\u00f3n detallada del\u00a0<strong>sistema de puntuaci\u00f3n del TOEFL Junior<\/strong>, as\u00ed como los diferentes niveles del MCER (Marco Com\u00fan Europeo de Referencia para las lenguas) con los que se corresponde cada rango de puntuaci\u00f3n. Adem\u00e1s, te ofrecemos consejos y recomendaciones para que\u00a0<strong>tu entrenamiento sea mucho m\u00e1s productivo y eficaz<\/strong>\u00a0y consigas una mejor puntuaci\u00f3n.<\/p>\n<p>En GlobalExam podemos ayudarte a dar un empuj\u00f3n a tu entrenamiento y puntuaci\u00f3n media. El modo pr\u00e1ctica de nuestra interfaz incluye correcciones instant\u00e1neas y explicaciones exhaustivas, para que no se te escape ning\u00fan detalle. Tambi\u00e9n dispondr\u00e1s de gr\u00e1ficos y porcentajes de todo tu progreso global o por habilidades, que te permitir\u00e1n visualizar tu evoluci\u00f3n y tus puntos d\u00e9biles con claridad, lo cual te motivar\u00e1 a seguir entrenando para mejorar tu puntuaci\u00f3n.<\/p>\n","protected":false},"excerpt":{"rendered":"<p>Prepara para el examen En esta categor\u00eda te aportamos las claves para\u00a0conseguir la mejor puntuaci\u00f3n\u00a0posible en el examen TOEFL Junior. Esta certificaci\u00f3n [&hellip;]<\/p>\n","protected":false},"author":24,"featured_media":0,"parent":35569,"menu_order":0,"comment_status":"closed","ping_status":"closed","template":"","meta":[],"acf":[],"yoast_head":"<!-- This site is optimized with the Yoast SEO plugin v17.2.1 - https:\/\/yoast.com\/wordpress\/plugins\/seo\/ -->\n<title>Obt\u00e9n un buen puntaje TOEFL Junior<\/title>\n<meta name=\"robots\" content=\"index, follow, max-snippet:-1, max-image-preview:large, max-video-preview:-1\" \/>\n<link rel=\"canonical\" href=\"https:\/\/global-exam.com\/blog\/es\/examenes\/toefl-junior\/categoria-obten-un-buen-puntaje-toefl-junior\/\" \/>\n<meta property=\"og:locale\" content=\"fr_FR\" \/>\n<meta property=\"og:type\" content=\"article\" \/>\n<meta property=\"og:title\" content=\"Obt\u00e9n un buen puntaje TOEFL Junior\" \/>\n<meta property=\"og:description\" content=\"Prepara para el examen En esta categor\u00eda te aportamos las claves para\u00a0conseguir la mejor puntuaci\u00f3n\u00a0posible en el examen TOEFL Junior. Esta certificaci\u00f3n [&hellip;]\" \/>\n<meta property=\"og:url\" content=\"https:\/\/global-exam.com\/blog\/es\/examenes\/toefl-junior\/categoria-obten-un-buen-puntaje-toefl-junior\/\" \/>\n<meta property=\"og:site_name\" content=\"GlobalExam Blog\" \/>\n<meta property=\"article:publisher\" content=\"https:\/\/www.facebook.com\/Global.Exam\" \/>\n<meta property=\"article:modified_time\" content=\"2022-09-16T09:18:26+00:00\" \/>\n<meta name=\"twitter:card\" content=\"summary_large_image\" \/>\n<meta name=\"twitter:site\" content=\"@Global_Exam\" \/>\n<meta name=\"twitter:label1\" content=\"Dur\u00e9e de lecture estim\u00e9e\" \/>\n\t<meta name=\"twitter:data1\" content=\"1 minute\" \/>\n<script type=\"application\/ld+json\" class=\"yoast-schema-graph\">{\"@context\":\"https:\/\/schema.org\",\"@graph\":[{\"@type\":\"WebSite\",\"@id\":\"https:\/\/global-exam.com\/blog\/#website\",\"url\":\"https:\/\/global-exam.com\/blog\/\",\"name\":\"GlobalExam Blog\",\"description\":\"Le blog du sp\\u00e9cialiste de la certification linguistique\",\"potentialAction\":[{\"@type\":\"SearchAction\",\"target\":{\"@type\":\"EntryPoint\",\"urlTemplate\":\"https:\/\/global-exam.com\/blog\/?s={search_term_string}\"},\"query-input\":\"required name=search_term_string\"}],\"inLanguage\":\"fr-FR\"},{\"@type\":\"WebPage\",\"@id\":\"https:\/\/global-exam.com\/blog\/es\/examenes\/toefl-junior\/categoria-obten-un-buen-puntaje-toefl-junior\/#webpage\",\"url\":\"https:\/\/global-exam.com\/blog\/es\/examenes\/toefl-junior\/categoria-obten-un-buen-puntaje-toefl-junior\/\",\"name\":\"Obt\\u00e9n un buen puntaje TOEFL Junior\",\"isPartOf\":{\"@id\":\"https:\/\/global-exam.com\/blog\/#website\"},\"datePublished\":\"2021-12-13T13:59:36+00:00\",\"dateModified\":\"2022-09-16T09:18:26+00:00\",\"breadcrumb\":{\"@id\":\"https:\/\/global-exam.com\/blog\/es\/examenes\/toefl-junior\/categoria-obten-un-buen-puntaje-toefl-junior\/#breadcrumb\"},\"inLanguage\":\"fr-FR\",\"potentialAction\":[{\"@type\":\"ReadAction\",\"target\":[\"https:\/\/global-exam.com\/blog\/es\/examenes\/toefl-junior\/categoria-obten-un-buen-puntaje-toefl-junior\/\"]}]},{\"@type\":\"BreadcrumbList\",\"@id\":\"https:\/\/global-exam.com\/blog\/es\/examenes\/toefl-junior\/categoria-obten-un-buen-puntaje-toefl-junior\/#breadcrumb\",\"itemListElement\":[{\"@type\":\"ListItem\",\"position\":1,\"name\":\"Ex\\u00e1menes de idioma\",\"item\":\"https:\/\/global-exam.com\/blog\/es\/examenes\/\"},{\"@type\":\"ListItem\",\"position\":2,\"name\":\"TOEFL Junior\",\"item\":\"https:\/\/global-exam.com\/blog\/es\/examenes\/toefl-junior\/\"},{\"@type\":\"ListItem\",\"position\":3,\"name\":\"Obt\\u00e9n un buen puntaje TOEFL Junior\"}]}]}<\/script>\n<!-- \/ Yoast SEO plugin. -->","yoast_head_json":{"title":"Obt\u00e9n un buen puntaje TOEFL Junior","robots":{"index":"index","follow":"follow","max-snippet":"max-snippet:-1","max-image-preview":"max-image-preview:large","max-video-preview":"max-video-preview:-1"},"canonical":"https:\/\/global-exam.com\/blog\/es\/examenes\/toefl-junior\/categoria-obten-un-buen-puntaje-toefl-junior\/","og_locale":"fr_FR","og_type":"article","og_title":"Obt\u00e9n un buen puntaje TOEFL Junior","og_description":"Prepara para el examen En esta categor\u00eda te aportamos las claves para\u00a0conseguir la mejor puntuaci\u00f3n\u00a0posible en el examen TOEFL Junior. Esta certificaci\u00f3n [&hellip;]","og_url":"https:\/\/global-exam.com\/blog\/es\/examenes\/toefl-junior\/categoria-obten-un-buen-puntaje-toefl-junior\/","og_site_name":"GlobalExam Blog","article_publisher":"https:\/\/www.facebook.com\/Global.Exam","article_modified_time":"2022-09-16T09:18:26+00:00","twitter_card":"summary_large_image","twitter_site":"@Global_Exam","twitter_misc":{"Dur\u00e9e de lecture estim\u00e9e":"1 minute"},"schema":{"@context":"https:\/\/schema.org","@graph":[{"@type":"WebSite","@id":"https:\/\/global-exam.com\/blog\/#website","url":"https:\/\/global-exam.com\/blog\/","name":"GlobalExam Blog","description":"Le blog du sp\u00e9cialiste de la certification linguistique","potentialAction":[{"@type":"SearchAction","target":{"@type":"EntryPoint","urlTemplate":"https:\/\/global-exam.com\/blog\/?s={search_term_string}"},"query-input":"required name=search_term_string"}],"inLanguage":"fr-FR"},{"@type":"WebPage","@id":"https:\/\/global-exam.com\/blog\/es\/examenes\/toefl-junior\/categoria-obten-un-buen-puntaje-toefl-junior\/#webpage","url":"https:\/\/global-exam.com\/blog\/es\/examenes\/toefl-junior\/categoria-obten-un-buen-puntaje-toefl-junior\/","name":"Obt\u00e9n un buen puntaje TOEFL Junior","isPartOf":{"@id":"https:\/\/global-exam.com\/blog\/#website"},"datePublished":"2021-12-13T13:59:36+00:00","dateModified":"2022-09-16T09:18:26+00:00","breadcrumb":{"@id":"https:\/\/global-exam.com\/blog\/es\/examenes\/toefl-junior\/categoria-obten-un-buen-puntaje-toefl-junior\/#breadcrumb"},"inLanguage":"fr-FR","potentialAction":[{"@type":"ReadAction","target":["https:\/\/global-exam.com\/blog\/es\/examenes\/toefl-junior\/categoria-obten-un-buen-puntaje-toefl-junior\/"]}]},{"@type":"BreadcrumbList","@id":"https:\/\/global-exam.com\/blog\/es\/examenes\/toefl-junior\/categoria-obten-un-buen-puntaje-toefl-junior\/#breadcrumb","itemListElement":[{"@type":"ListItem","position":1,"name":"Ex\u00e1menes de idioma","item":"https:\/\/global-exam.com\/blog\/es\/examenes\/"},{"@type":"ListItem","position":2,"name":"TOEFL Junior","item":"https:\/\/global-exam.com\/blog\/es\/examenes\/toefl-junior\/"},{"@type":"ListItem","position":3,"name":"Obt\u00e9n un buen puntaje TOEFL Junior"}]}]}},"lang":"es","translations":{"es":70337},"pll_sync_post":[],"_links":{"self":[{"href":"https:\/\/global-exam.com\/blog\/wp-json\/wp\/v2\/pages\/70337"}],"collection":[{"href":"https:\/\/global-exam.com\/blog\/wp-json\/wp\/v2\/pages"}],"about":[{"href":"https:\/\/global-exam.com\/blog\/wp-json\/wp\/v2\/types\/page"}],"author":[{"embeddable":true,"href":"https:\/\/global-exam.com\/blog\/wp-json\/wp\/v2\/users\/24"}],"replies":[{"embeddable":true,"href":"https:\/\/global-exam.com\/blog\/wp-json\/wp\/v2\/comments?post=70337"}],"version-history":[{"count":4,"href":"https:\/\/global-exam.com\/blog\/wp-json\/wp\/v2\/pages\/70337\/revisions"}],"predecessor-version":[{"id":79501,"href":"https:\/\/global-exam.com\/blog\/wp-json\/wp\/v2\/pages\/70337\/revisions\/79501"}],"up":[{"embeddable":true,"href":"https:\/\/global-exam.com\/blog\/wp-json\/wp\/v2\/pages\/35569"}],"wp:attachment":[{"href":"https:\/\/global-exam.com\/blog\/wp-json\/wp\/v2\/media?parent=70337"}],"curies":[{"name":"wp","href":"https:\/\/api.w.org\/{rel}","templated":true}]}}