{"id":70395,"date":"2021-12-13T16:07:26","date_gmt":"2021-12-13T15:07:26","guid":{"rendered":"https:\/\/global-exam.com\/blog\/?page_id=70395"},"modified":"2022-06-27T16:45:11","modified_gmt":"2022-06-27T14:45:11","slug":"categoria-gramatica-pet","status":"publish","type":"page","link":"https:\/\/global-exam.com\/blog\/es\/examenes\/cambridge-english-b1-preliminary-pet\/categoria-gramatica-pet\/","title":{"rendered":"Gram\u00e1tica PET"},"content":{"rendered":"<p>Cambrigde es una entidad de reconocimiento mundial en la certificaci\u00f3n del ingl\u00e9s. Cuenta con m\u00e1s de 2.800 centros de ex\u00e1menes en 130 pa\u00edses. Y presentar una prueba Cambridge como el\u00a0<strong>PET<\/strong>, te abrir\u00e1 puertas en el mundo acad\u00e9mico y profesional<\/p>\n<p>El\u00a0<strong>B1 Preliminary de Cambridge<\/strong>\u00a0es una prueba que tiene una duraci\u00f3n aproximada de 2h20 y lo puedes presentar en versi\u00f3n papel u ordenador. Ser\u00e1s evaluado en las cuatro destrezas ling\u00fc\u00edsticas (Comprensi\u00f3n lectora, expresi\u00f3n escrita, comprensi\u00f3n auditiva y expresi\u00f3n oral).<\/p>\n<p>Al ser un examen que eval\u00faa un\u00a0<strong>nivel intermedio,<\/strong>\u00a0debes tener un excelente nivel en la lengua inglesa y la gram\u00e1tica te puede ayudar en este aspecto. La\u00a0<strong>gram\u00e1tica<\/strong>\u00a0en una\u00a0<strong>prueba<\/strong>\u00a0de\u00a0<strong>idiomas<\/strong>\u00a0es igual de importante que saber comunicar tus ideas al oral, pues es ella qui\u00e9n te da las bases para\u00a0<strong>estructurar<\/strong>\u00a0una\u00a0<strong>frase<\/strong>\u00a0en\u00a0<strong>ingl\u00e9s<\/strong>.<\/p>\n<p>En esta categor\u00eda vas a encontrar\u00a0<strong>diferentes<\/strong>\u00a0<strong>temas<\/strong>\u00a0<strong>gramaticales<\/strong>\u00a0que te ser\u00e1n \u00fatiles para el d\u00eda del examen. Cada tema es explicado de forma minuciosa para que no te quede ninguna duda. Estas explicaciones est\u00e1n acompa\u00f1adas de una\u00a0<strong>serie<\/strong>\u00a0de\u00a0<strong>ejemplos<\/strong>, que\u00a0<strong>ilustran<\/strong>\u00a0el\u00a0<strong>tema<\/strong>\u00a0y podr\u00e1s terminar tu\u00a0<strong>revisi\u00f3n<\/strong>\u00a0haciendo los ejercicios que est\u00e1n al final del documento.<\/p>\n<p>Temas como el<strong>\u00a0presente simple,<\/strong>\u00a0presente\u00a0<strong>continuo,<\/strong>\u00a0presente\u00a0<strong>perfecto,<\/strong>\u00a0condicionales y adverbios de frecuencia son algunos de los elementos que podr\u00e1s revisar para el examen. No olvides que esto no basta para pasar, debes entrenarte y\u00a0<strong>conocer la estructura del PET.\u00a0<\/strong><\/p>\n<p>En\u00a0<strong>GlobalExam<\/strong>\u00a0somos expertos en la preparaci\u00f3n en l\u00ednea para los ex\u00e1menes de certificaci\u00f3n de idiomas. Gracias a nuestra plataforma podr\u00e1s entrenar en condiciones reales, porque\u00a0<strong>nuestros ejercicios<\/strong>\u00a0son creados con base en el PET y cada una de sus pruebas.<\/p>\n","protected":false},"excerpt":{"rendered":"<p>Cambrigde es una entidad de reconocimiento mundial en la certificaci\u00f3n del ingl\u00e9s. Cuenta con m\u00e1s de 2.800 centros de ex\u00e1menes en 130 [&hellip;]<\/p>\n","protected":false},"author":24,"featured_media":0,"parent":36996,"menu_order":0,"comment_status":"closed","ping_status":"closed","template":"","meta":[],"acf":[],"yoast_head":"<!-- This site is optimized with the Yoast SEO plugin v17.2.1 - https:\/\/yoast.com\/wordpress\/plugins\/seo\/ -->\n<title>Gram\u00e1tica PET<\/title>\n<meta name=\"robots\" content=\"index, follow, max-snippet:-1, max-image-preview:large, max-video-preview:-1\" \/>\n<link rel=\"canonical\" href=\"https:\/\/global-exam.com\/blog\/es\/examenes\/cambridge-english-b1-preliminary-pet\/categoria-gramatica-pet\/\" \/>\n<meta property=\"og:locale\" content=\"fr_FR\" \/>\n<meta property=\"og:type\" content=\"article\" \/>\n<meta property=\"og:title\" content=\"Gram\u00e1tica PET\" \/>\n<meta property=\"og:description\" content=\"Cambrigde es una entidad de reconocimiento mundial en la certificaci\u00f3n del ingl\u00e9s. Cuenta con m\u00e1s de 2.800 centros de ex\u00e1menes en 130 [&hellip;]\" \/>\n<meta property=\"og:url\" content=\"https:\/\/global-exam.com\/blog\/es\/examenes\/cambridge-english-b1-preliminary-pet\/categoria-gramatica-pet\/\" \/>\n<meta property=\"og:site_name\" content=\"GlobalExam Blog\" \/>\n<meta property=\"article:publisher\" content=\"https:\/\/www.facebook.com\/Global.Exam\" \/>\n<meta property=\"article:modified_time\" content=\"2022-06-27T14:45:11+00:00\" \/>\n<meta name=\"twitter:card\" content=\"summary_large_image\" \/>\n<meta name=\"twitter:site\" content=\"@Global_Exam\" \/>\n<meta name=\"twitter:label1\" content=\"Dur\u00e9e de lecture estim\u00e9e\" \/>\n\t<meta name=\"twitter:data1\" content=\"2 minutes\" \/>\n<script type=\"application\/ld+json\" class=\"yoast-schema-graph\">{\"@context\":\"https:\/\/schema.org\",\"@graph\":[{\"@type\":\"WebSite\",\"@id\":\"https:\/\/global-exam.com\/blog\/#website\",\"url\":\"https:\/\/global-exam.com\/blog\/\",\"name\":\"GlobalExam Blog\",\"description\":\"Le blog du sp\\u00e9cialiste de la certification linguistique\",\"potentialAction\":[{\"@type\":\"SearchAction\",\"target\":{\"@type\":\"EntryPoint\",\"urlTemplate\":\"https:\/\/global-exam.com\/blog\/?s={search_term_string}\"},\"query-input\":\"required name=search_term_string\"}],\"inLanguage\":\"fr-FR\"},{\"@type\":\"WebPage\",\"@id\":\"https:\/\/global-exam.com\/blog\/es\/examenes\/cambridge-english-b1-preliminary-pet\/categoria-gramatica-pet\/#webpage\",\"url\":\"https:\/\/global-exam.com\/blog\/es\/examenes\/cambridge-english-b1-preliminary-pet\/categoria-gramatica-pet\/\",\"name\":\"Gram\\u00e1tica PET\",\"isPartOf\":{\"@id\":\"https:\/\/global-exam.com\/blog\/#website\"},\"datePublished\":\"2021-12-13T15:07:26+00:00\",\"dateModified\":\"2022-06-27T14:45:11+00:00\",\"breadcrumb\":{\"@id\":\"https:\/\/global-exam.com\/blog\/es\/examenes\/cambridge-english-b1-preliminary-pet\/categoria-gramatica-pet\/#breadcrumb\"},\"inLanguage\":\"fr-FR\",\"potentialAction\":[{\"@type\":\"ReadAction\",\"target\":[\"https:\/\/global-exam.com\/blog\/es\/examenes\/cambridge-english-b1-preliminary-pet\/categoria-gramatica-pet\/\"]}]},{\"@type\":\"BreadcrumbList\",\"@id\":\"https:\/\/global-exam.com\/blog\/es\/examenes\/cambridge-english-b1-preliminary-pet\/categoria-gramatica-pet\/#breadcrumb\",\"itemListElement\":[{\"@type\":\"ListItem\",\"position\":1,\"name\":\"Ex\\u00e1menes de idioma\",\"item\":\"https:\/\/global-exam.com\/blog\/es\/examenes\/\"},{\"@type\":\"ListItem\",\"position\":2,\"name\":\"Cambridge English B1 Preliminary (PET)\",\"item\":\"https:\/\/global-exam.com\/blog\/es\/examenes\/cambridge-english-b1-preliminary-pet\/\"},{\"@type\":\"ListItem\",\"position\":3,\"name\":\"Gram\\u00e1tica PET\"}]}]}<\/script>\n<!-- \/ Yoast SEO plugin. -->","yoast_head_json":{"title":"Gram\u00e1tica PET","robots":{"index":"index","follow":"follow","max-snippet":"max-snippet:-1","max-image-preview":"max-image-preview:large","max-video-preview":"max-video-preview:-1"},"canonical":"https:\/\/global-exam.com\/blog\/es\/examenes\/cambridge-english-b1-preliminary-pet\/categoria-gramatica-pet\/","og_locale":"fr_FR","og_type":"article","og_title":"Gram\u00e1tica PET","og_description":"Cambrigde es una entidad de reconocimiento mundial en la certificaci\u00f3n del ingl\u00e9s. Cuenta con m\u00e1s de 2.800 centros de ex\u00e1menes en 130 [&hellip;]","og_url":"https:\/\/global-exam.com\/blog\/es\/examenes\/cambridge-english-b1-preliminary-pet\/categoria-gramatica-pet\/","og_site_name":"GlobalExam Blog","article_publisher":"https:\/\/www.facebook.com\/Global.Exam","article_modified_time":"2022-06-27T14:45:11+00:00","twitter_card":"summary_large_image","twitter_site":"@Global_Exam","twitter_misc":{"Dur\u00e9e de lecture estim\u00e9e":"2 minutes"},"schema":{"@context":"https:\/\/schema.org","@graph":[{"@type":"WebSite","@id":"https:\/\/global-exam.com\/blog\/#website","url":"https:\/\/global-exam.com\/blog\/","name":"GlobalExam Blog","description":"Le blog du sp\u00e9cialiste de la certification linguistique","potentialAction":[{"@type":"SearchAction","target":{"@type":"EntryPoint","urlTemplate":"https:\/\/global-exam.com\/blog\/?s={search_term_string}"},"query-input":"required name=search_term_string"}],"inLanguage":"fr-FR"},{"@type":"WebPage","@id":"https:\/\/global-exam.com\/blog\/es\/examenes\/cambridge-english-b1-preliminary-pet\/categoria-gramatica-pet\/#webpage","url":"https:\/\/global-exam.com\/blog\/es\/examenes\/cambridge-english-b1-preliminary-pet\/categoria-gramatica-pet\/","name":"Gram\u00e1tica PET","isPartOf":{"@id":"https:\/\/global-exam.com\/blog\/#website"},"datePublished":"2021-12-13T15:07:26+00:00","dateModified":"2022-06-27T14:45:11+00:00","breadcrumb":{"@id":"https:\/\/global-exam.com\/blog\/es\/examenes\/cambridge-english-b1-preliminary-pet\/categoria-gramatica-pet\/#breadcrumb"},"inLanguage":"fr-FR","potentialAction":[{"@type":"ReadAction","target":["https:\/\/global-exam.com\/blog\/es\/examenes\/cambridge-english-b1-preliminary-pet\/categoria-gramatica-pet\/"]}]},{"@type":"BreadcrumbList","@id":"https:\/\/global-exam.com\/blog\/es\/examenes\/cambridge-english-b1-preliminary-pet\/categoria-gramatica-pet\/#breadcrumb","itemListElement":[{"@type":"ListItem","position":1,"name":"Ex\u00e1menes de idioma","item":"https:\/\/global-exam.com\/blog\/es\/examenes\/"},{"@type":"ListItem","position":2,"name":"Cambridge English B1 Preliminary (PET)","item":"https:\/\/global-exam.com\/blog\/es\/examenes\/cambridge-english-b1-preliminary-pet\/"},{"@type":"ListItem","position":3,"name":"Gram\u00e1tica PET"}]}]}},"lang":"es","translations":{"es":70395},"pll_sync_post":[],"_links":{"self":[{"href":"https:\/\/global-exam.com\/blog\/wp-json\/wp\/v2\/pages\/70395"}],"collection":[{"href":"https:\/\/global-exam.com\/blog\/wp-json\/wp\/v2\/pages"}],"about":[{"href":"https:\/\/global-exam.com\/blog\/wp-json\/wp\/v2\/types\/page"}],"author":[{"embeddable":true,"href":"https:\/\/global-exam.com\/blog\/wp-json\/wp\/v2\/users\/24"}],"replies":[{"embeddable":true,"href":"https:\/\/global-exam.com\/blog\/wp-json\/wp\/v2\/comments?post=70395"}],"version-history":[{"count":3,"href":"https:\/\/global-exam.com\/blog\/wp-json\/wp\/v2\/pages\/70395\/revisions"}],"predecessor-version":[{"id":76639,"href":"https:\/\/global-exam.com\/blog\/wp-json\/wp\/v2\/pages\/70395\/revisions\/76639"}],"up":[{"embeddable":true,"href":"https:\/\/global-exam.com\/blog\/wp-json\/wp\/v2\/pages\/36996"}],"wp:attachment":[{"href":"https:\/\/global-exam.com\/blog\/wp-json\/wp\/v2\/media?parent=70395"}],"curies":[{"name":"wp","href":"https:\/\/api.w.org\/{rel}","templated":true}]}}