{"id":70401,"date":"2021-12-13T16:12:53","date_gmt":"2021-12-13T15:12:53","guid":{"rendered":"https:\/\/global-exam.com\/blog\/?page_id=70401"},"modified":"2022-06-27T16:45:09","modified_gmt":"2022-06-27T14:45:09","slug":"categoria-introduccion-c1-advanced","status":"publish","type":"page","link":"https:\/\/global-exam.com\/blog\/es\/examenes\/c1-advanced\/categoria-introduccion-c1-advanced\/","title":{"rendered":"Introducci\u00f3n \u2013 C1 Advanced"},"content":{"rendered":"<p>El CAE es una cualificaci\u00f3n que ofrece Cambridge para\u00a0<strong>certificar tu nivel de ingl\u00e9s<\/strong>.\u00a0M\u00e1s de 8.000 instituciones educativas, empresas y organismos oficiales de todo el mundo aceptan C1 Advanced como prueba de un elevado rendimiento en el aprendizaje del ingl\u00e9s.<\/p>\n<p>La preparaci\u00f3n para C1 Advanced te ayuda a obtener las destrezas ling\u00fc\u00edsticas necesarias para desarrollarte al m\u00e1ximo en el\u00a0<strong>estudio<\/strong>, en el\u00a0<strong>trabajo<\/strong>\u00a0y la residir en pa\u00edses angloparlantes.<\/p>\n<p>Dentro de tu camino de aprendizaje, este examen es el paso intermedio entre B2 First y C2 Proficiency, y corresponde al nivel avanzado del Marco Com\u00fan Europeo.<\/p>\n<p>Si deseas optar a una plaza en\u00a0<strong>una universidad inglesa<\/strong>, o adquirir el nivel de dominio necesario para\u00a0<strong>desenvolverte en el mundo profesional<\/strong>\u00a0o de la investigaci\u00f3n y desarrollo, es fundamental que conozcas las especificidades de este examen.<\/p>\n<p>A trav\u00e9s de esta secci\u00f3n comprender\u00e1s el\u00a0<strong>funcionamiento de la prueba<\/strong>, el\u00a0<strong>modo de calificaci\u00f3n<\/strong>\u00a0y la correspondencia entre la escala de puntuaci\u00f3n de Cambridge y los niveles del MCER.<\/p>\n<p>Te ofrecemos adem\u00e1s la informaci\u00f3n necesaria para<strong>\u00a0conocer la estructura del examen<\/strong>, el modo de puntuaci\u00f3n, y las diversas herramientas para superar de manera exitosa esta prueba: ejercicios, correcciones detalladas, hojas de estudio\u2026<\/p>\n<p>Un plan de estudio bien elaborado, acompa\u00f1ado de un cronograma, te permitir\u00e1 trabajar de manera eficaz hasta el d\u00eda del examen.\u00a0Cuenta con nosotros para maximizar tus posibilidades y lograr tus metas.<\/p>\n","protected":false},"excerpt":{"rendered":"<p>El CAE es una cualificaci\u00f3n que ofrece Cambridge para\u00a0certificar tu nivel de ingl\u00e9s.\u00a0M\u00e1s de 8.000 instituciones educativas, empresas y organismos oficiales de [&hellip;]<\/p>\n","protected":false},"author":24,"featured_media":0,"parent":16900,"menu_order":0,"comment_status":"closed","ping_status":"closed","template":"","meta":[],"acf":[],"yoast_head":"<!-- This site is optimized with the Yoast SEO plugin v17.2.1 - https:\/\/yoast.com\/wordpress\/plugins\/seo\/ -->\n<title>Introducci\u00f3n \u2013 C1 Advanced<\/title>\n<meta name=\"robots\" content=\"index, follow, max-snippet:-1, max-image-preview:large, max-video-preview:-1\" \/>\n<link rel=\"canonical\" href=\"https:\/\/global-exam.com\/blog\/es\/examenes\/c1-advanced\/categoria-introduccion-c1-advanced\/\" \/>\n<meta property=\"og:locale\" content=\"fr_FR\" \/>\n<meta property=\"og:type\" content=\"article\" \/>\n<meta property=\"og:title\" content=\"Introducci\u00f3n \u2013 C1 Advanced\" \/>\n<meta property=\"og:description\" content=\"El CAE es una cualificaci\u00f3n que ofrece Cambridge para\u00a0certificar tu nivel de ingl\u00e9s.\u00a0M\u00e1s de 8.000 instituciones educativas, empresas y organismos oficiales de [&hellip;]\" \/>\n<meta property=\"og:url\" content=\"https:\/\/global-exam.com\/blog\/es\/examenes\/c1-advanced\/categoria-introduccion-c1-advanced\/\" \/>\n<meta property=\"og:site_name\" content=\"GlobalExam Blog\" \/>\n<meta property=\"article:publisher\" content=\"https:\/\/www.facebook.com\/Global.Exam\" \/>\n<meta property=\"article:modified_time\" content=\"2022-06-27T14:45:09+00:00\" \/>\n<meta name=\"twitter:card\" content=\"summary_large_image\" \/>\n<meta name=\"twitter:site\" content=\"@Global_Exam\" \/>\n<meta name=\"twitter:label1\" content=\"Dur\u00e9e de lecture estim\u00e9e\" \/>\n\t<meta name=\"twitter:data1\" content=\"1 minute\" \/>\n<script type=\"application\/ld+json\" class=\"yoast-schema-graph\">{\"@context\":\"https:\/\/schema.org\",\"@graph\":[{\"@type\":\"WebSite\",\"@id\":\"https:\/\/global-exam.com\/blog\/#website\",\"url\":\"https:\/\/global-exam.com\/blog\/\",\"name\":\"GlobalExam Blog\",\"description\":\"Le blog du sp\\u00e9cialiste de la certification linguistique\",\"potentialAction\":[{\"@type\":\"SearchAction\",\"target\":{\"@type\":\"EntryPoint\",\"urlTemplate\":\"https:\/\/global-exam.com\/blog\/?s={search_term_string}\"},\"query-input\":\"required name=search_term_string\"}],\"inLanguage\":\"fr-FR\"},{\"@type\":\"WebPage\",\"@id\":\"https:\/\/global-exam.com\/blog\/es\/examenes\/c1-advanced\/categoria-introduccion-c1-advanced\/#webpage\",\"url\":\"https:\/\/global-exam.com\/blog\/es\/examenes\/c1-advanced\/categoria-introduccion-c1-advanced\/\",\"name\":\"Introducci\\u00f3n \\u2013 C1 Advanced\",\"isPartOf\":{\"@id\":\"https:\/\/global-exam.com\/blog\/#website\"},\"datePublished\":\"2021-12-13T15:12:53+00:00\",\"dateModified\":\"2022-06-27T14:45:09+00:00\",\"breadcrumb\":{\"@id\":\"https:\/\/global-exam.com\/blog\/es\/examenes\/c1-advanced\/categoria-introduccion-c1-advanced\/#breadcrumb\"},\"inLanguage\":\"fr-FR\",\"potentialAction\":[{\"@type\":\"ReadAction\",\"target\":[\"https:\/\/global-exam.com\/blog\/es\/examenes\/c1-advanced\/categoria-introduccion-c1-advanced\/\"]}]},{\"@type\":\"BreadcrumbList\",\"@id\":\"https:\/\/global-exam.com\/blog\/es\/examenes\/c1-advanced\/categoria-introduccion-c1-advanced\/#breadcrumb\",\"itemListElement\":[{\"@type\":\"ListItem\",\"position\":1,\"name\":\"Ex\\u00e1menes de idioma\",\"item\":\"https:\/\/global-exam.com\/blog\/es\/examenes\/\"},{\"@type\":\"ListItem\",\"position\":2,\"name\":\"C1 Advanced\",\"item\":\"https:\/\/global-exam.com\/blog\/es\/examenes\/c1-advanced\/\"},{\"@type\":\"ListItem\",\"position\":3,\"name\":\"Introducci\\u00f3n \\u2013 C1 Advanced\"}]}]}<\/script>\n<!-- \/ Yoast SEO plugin. -->","yoast_head_json":{"title":"Introducci\u00f3n \u2013 C1 Advanced","robots":{"index":"index","follow":"follow","max-snippet":"max-snippet:-1","max-image-preview":"max-image-preview:large","max-video-preview":"max-video-preview:-1"},"canonical":"https:\/\/global-exam.com\/blog\/es\/examenes\/c1-advanced\/categoria-introduccion-c1-advanced\/","og_locale":"fr_FR","og_type":"article","og_title":"Introducci\u00f3n \u2013 C1 Advanced","og_description":"El CAE es una cualificaci\u00f3n que ofrece Cambridge para\u00a0certificar tu nivel de ingl\u00e9s.\u00a0M\u00e1s de 8.000 instituciones educativas, empresas y organismos oficiales de [&hellip;]","og_url":"https:\/\/global-exam.com\/blog\/es\/examenes\/c1-advanced\/categoria-introduccion-c1-advanced\/","og_site_name":"GlobalExam Blog","article_publisher":"https:\/\/www.facebook.com\/Global.Exam","article_modified_time":"2022-06-27T14:45:09+00:00","twitter_card":"summary_large_image","twitter_site":"@Global_Exam","twitter_misc":{"Dur\u00e9e de lecture estim\u00e9e":"1 minute"},"schema":{"@context":"https:\/\/schema.org","@graph":[{"@type":"WebSite","@id":"https:\/\/global-exam.com\/blog\/#website","url":"https:\/\/global-exam.com\/blog\/","name":"GlobalExam Blog","description":"Le blog du sp\u00e9cialiste de la certification linguistique","potentialAction":[{"@type":"SearchAction","target":{"@type":"EntryPoint","urlTemplate":"https:\/\/global-exam.com\/blog\/?s={search_term_string}"},"query-input":"required name=search_term_string"}],"inLanguage":"fr-FR"},{"@type":"WebPage","@id":"https:\/\/global-exam.com\/blog\/es\/examenes\/c1-advanced\/categoria-introduccion-c1-advanced\/#webpage","url":"https:\/\/global-exam.com\/blog\/es\/examenes\/c1-advanced\/categoria-introduccion-c1-advanced\/","name":"Introducci\u00f3n \u2013 C1 Advanced","isPartOf":{"@id":"https:\/\/global-exam.com\/blog\/#website"},"datePublished":"2021-12-13T15:12:53+00:00","dateModified":"2022-06-27T14:45:09+00:00","breadcrumb":{"@id":"https:\/\/global-exam.com\/blog\/es\/examenes\/c1-advanced\/categoria-introduccion-c1-advanced\/#breadcrumb"},"inLanguage":"fr-FR","potentialAction":[{"@type":"ReadAction","target":["https:\/\/global-exam.com\/blog\/es\/examenes\/c1-advanced\/categoria-introduccion-c1-advanced\/"]}]},{"@type":"BreadcrumbList","@id":"https:\/\/global-exam.com\/blog\/es\/examenes\/c1-advanced\/categoria-introduccion-c1-advanced\/#breadcrumb","itemListElement":[{"@type":"ListItem","position":1,"name":"Ex\u00e1menes de idioma","item":"https:\/\/global-exam.com\/blog\/es\/examenes\/"},{"@type":"ListItem","position":2,"name":"C1 Advanced","item":"https:\/\/global-exam.com\/blog\/es\/examenes\/c1-advanced\/"},{"@type":"ListItem","position":3,"name":"Introducci\u00f3n \u2013 C1 Advanced"}]}]}},"lang":"es","translations":{"es":70401},"pll_sync_post":[],"_links":{"self":[{"href":"https:\/\/global-exam.com\/blog\/wp-json\/wp\/v2\/pages\/70401"}],"collection":[{"href":"https:\/\/global-exam.com\/blog\/wp-json\/wp\/v2\/pages"}],"about":[{"href":"https:\/\/global-exam.com\/blog\/wp-json\/wp\/v2\/types\/page"}],"author":[{"embeddable":true,"href":"https:\/\/global-exam.com\/blog\/wp-json\/wp\/v2\/users\/24"}],"replies":[{"embeddable":true,"href":"https:\/\/global-exam.com\/blog\/wp-json\/wp\/v2\/comments?post=70401"}],"version-history":[{"count":3,"href":"https:\/\/global-exam.com\/blog\/wp-json\/wp\/v2\/pages\/70401\/revisions"}],"predecessor-version":[{"id":76637,"href":"https:\/\/global-exam.com\/blog\/wp-json\/wp\/v2\/pages\/70401\/revisions\/76637"}],"up":[{"embeddable":true,"href":"https:\/\/global-exam.com\/blog\/wp-json\/wp\/v2\/pages\/16900"}],"wp:attachment":[{"href":"https:\/\/global-exam.com\/blog\/wp-json\/wp\/v2\/media?parent=70401"}],"curies":[{"name":"wp","href":"https:\/\/api.w.org\/{rel}","templated":true}]}}