{"id":70506,"date":"2021-12-13T17:49:37","date_gmt":"2021-12-13T16:49:37","guid":{"rendered":"https:\/\/global-exam.com\/blog\/?page_id=70506"},"modified":"2022-09-16T12:03:21","modified_gmt":"2022-09-16T10:03:21","slug":"categoria-obten-un-buen-puntaje-al-tcf","status":"publish","type":"page","link":"https:\/\/global-exam.com\/blog\/es\/examenes\/tcf\/categoria-obten-un-buen-puntaje-al-tcf\/","title":{"rendered":"Obt\u00e9n un buen puntaje al TCF"},"content":{"rendered":"<p>Mejora tu puntaje<\/p>\n<p>\u00bfSabes qu\u00e9 es el TCF? \u00bfEn qu\u00e9 se diferencia de otros ex\u00e1menes como el DELF o el DALF? En esta secci\u00f3n vas a descubrir las <strong>especificidades del TCF<\/strong>, prueba que tiene una naturaleza distinta del otros test de nivel de franc\u00e9s.<\/p>\n<p>Como ver\u00e1s, el TCF no conduce a un diploma, sino a un certificado de nivel. Se trata de una validaci\u00f3n simple e inmediata. Es como una fotograf\u00eda de las competencias ling\u00fc\u00edsticas de una persona en un momento dado de su vida. Por ello, el certificado TCF s\u00f3lo tiene una\u00a0<strong>validez de dos a\u00f1os<\/strong>, mientras que la vigencia de diplomas del DALF es de por vida.<\/p>\n<p>El TCF tiene otra serie de objetivos, adem\u00e1s de\u00a0<strong>demostrar el nivel de franc\u00e9s de un candidato<\/strong>\u00a0que busca realizar estudios superiores o trabajar en Francia. Hay quien realiza el TCF para adquirir la nacionalidad francesa, o para viajar a Quebec.\u00a0\u00bfCu\u00e1l de ellos es tu caso?<\/p>\n<p>En esta secci\u00f3n comprender\u00e1s\u00a0<strong>c\u00f3mo funcionan los diferentes test<\/strong>\u00a0y las estrategias necesarias para alcanzar el puntaje que t\u00fa necesitas.<\/p>\n<p>Podr\u00e1s\u00a0<strong>comparar los resultados con los niveles del MCER<\/strong>, para hacerte una mejor idea de lo que se eval\u00faa en cada nivel y responder mejor a las exigencias de\u00a0 universidades, empleadores o diversas instituciones. A modo de ejemplo: mientras que se exige un nivel B1 para la nacionalidad, se requiere un B2 si se desea optar por establecerse en Quebec.<\/p>\n<p>Entr\u00e9nate con nosotros: conoce tu nivel, determina tus objetivos y prep\u00e1rate.<\/p>\n","protected":false},"excerpt":{"rendered":"<p>Mejora tu puntaje \u00bfSabes qu\u00e9 es el TCF? \u00bfEn qu\u00e9 se diferencia de otros ex\u00e1menes como el DELF o el DALF? En [&hellip;]<\/p>\n","protected":false},"author":24,"featured_media":0,"parent":18664,"menu_order":0,"comment_status":"closed","ping_status":"closed","template":"","meta":[],"acf":[],"yoast_head":"<!-- This site is optimized with the Yoast SEO plugin v17.2.1 - https:\/\/yoast.com\/wordpress\/plugins\/seo\/ -->\n<title>Obt\u00e9n un buen puntaje al TCF<\/title>\n<meta name=\"robots\" content=\"index, follow, max-snippet:-1, max-image-preview:large, max-video-preview:-1\" \/>\n<link rel=\"canonical\" href=\"https:\/\/global-exam.com\/blog\/es\/examenes\/tcf\/categoria-obten-un-buen-puntaje-al-tcf\/\" \/>\n<meta property=\"og:locale\" content=\"fr_FR\" \/>\n<meta property=\"og:type\" content=\"article\" \/>\n<meta property=\"og:title\" content=\"Obt\u00e9n un buen puntaje al TCF\" \/>\n<meta property=\"og:description\" content=\"Mejora tu puntaje \u00bfSabes qu\u00e9 es el TCF? \u00bfEn qu\u00e9 se diferencia de otros ex\u00e1menes como el DELF o el DALF? En [&hellip;]\" \/>\n<meta property=\"og:url\" content=\"https:\/\/global-exam.com\/blog\/es\/examenes\/tcf\/categoria-obten-un-buen-puntaje-al-tcf\/\" \/>\n<meta property=\"og:site_name\" content=\"GlobalExam Blog\" \/>\n<meta property=\"article:publisher\" content=\"https:\/\/www.facebook.com\/Global.Exam\" \/>\n<meta property=\"article:modified_time\" content=\"2022-09-16T10:03:21+00:00\" \/>\n<meta name=\"twitter:card\" content=\"summary_large_image\" \/>\n<meta name=\"twitter:site\" content=\"@Global_Exam\" \/>\n<meta name=\"twitter:label1\" content=\"Dur\u00e9e de lecture estim\u00e9e\" \/>\n\t<meta name=\"twitter:data1\" content=\"2 minutes\" \/>\n<script type=\"application\/ld+json\" class=\"yoast-schema-graph\">{\"@context\":\"https:\/\/schema.org\",\"@graph\":[{\"@type\":\"WebSite\",\"@id\":\"https:\/\/global-exam.com\/blog\/#website\",\"url\":\"https:\/\/global-exam.com\/blog\/\",\"name\":\"GlobalExam Blog\",\"description\":\"Le blog du sp\\u00e9cialiste de la certification linguistique\",\"potentialAction\":[{\"@type\":\"SearchAction\",\"target\":{\"@type\":\"EntryPoint\",\"urlTemplate\":\"https:\/\/global-exam.com\/blog\/?s={search_term_string}\"},\"query-input\":\"required name=search_term_string\"}],\"inLanguage\":\"fr-FR\"},{\"@type\":\"WebPage\",\"@id\":\"https:\/\/global-exam.com\/blog\/es\/examenes\/tcf\/categoria-obten-un-buen-puntaje-al-tcf\/#webpage\",\"url\":\"https:\/\/global-exam.com\/blog\/es\/examenes\/tcf\/categoria-obten-un-buen-puntaje-al-tcf\/\",\"name\":\"Obt\\u00e9n un buen puntaje al TCF\",\"isPartOf\":{\"@id\":\"https:\/\/global-exam.com\/blog\/#website\"},\"datePublished\":\"2021-12-13T16:49:37+00:00\",\"dateModified\":\"2022-09-16T10:03:21+00:00\",\"breadcrumb\":{\"@id\":\"https:\/\/global-exam.com\/blog\/es\/examenes\/tcf\/categoria-obten-un-buen-puntaje-al-tcf\/#breadcrumb\"},\"inLanguage\":\"fr-FR\",\"potentialAction\":[{\"@type\":\"ReadAction\",\"target\":[\"https:\/\/global-exam.com\/blog\/es\/examenes\/tcf\/categoria-obten-un-buen-puntaje-al-tcf\/\"]}]},{\"@type\":\"BreadcrumbList\",\"@id\":\"https:\/\/global-exam.com\/blog\/es\/examenes\/tcf\/categoria-obten-un-buen-puntaje-al-tcf\/#breadcrumb\",\"itemListElement\":[{\"@type\":\"ListItem\",\"position\":1,\"name\":\"Ex\\u00e1menes de idioma\",\"item\":\"https:\/\/global-exam.com\/blog\/es\/examenes\/\"},{\"@type\":\"ListItem\",\"position\":2,\"name\":\"TCF\",\"item\":\"https:\/\/global-exam.com\/blog\/es\/examenes\/tcf\/\"},{\"@type\":\"ListItem\",\"position\":3,\"name\":\"Obt\\u00e9n un buen puntaje al TCF\"}]}]}<\/script>\n<!-- \/ Yoast SEO plugin. -->","yoast_head_json":{"title":"Obt\u00e9n un buen puntaje al TCF","robots":{"index":"index","follow":"follow","max-snippet":"max-snippet:-1","max-image-preview":"max-image-preview:large","max-video-preview":"max-video-preview:-1"},"canonical":"https:\/\/global-exam.com\/blog\/es\/examenes\/tcf\/categoria-obten-un-buen-puntaje-al-tcf\/","og_locale":"fr_FR","og_type":"article","og_title":"Obt\u00e9n un buen puntaje al TCF","og_description":"Mejora tu puntaje \u00bfSabes qu\u00e9 es el TCF? \u00bfEn qu\u00e9 se diferencia de otros ex\u00e1menes como el DELF o el DALF? En [&hellip;]","og_url":"https:\/\/global-exam.com\/blog\/es\/examenes\/tcf\/categoria-obten-un-buen-puntaje-al-tcf\/","og_site_name":"GlobalExam Blog","article_publisher":"https:\/\/www.facebook.com\/Global.Exam","article_modified_time":"2022-09-16T10:03:21+00:00","twitter_card":"summary_large_image","twitter_site":"@Global_Exam","twitter_misc":{"Dur\u00e9e de lecture estim\u00e9e":"2 minutes"},"schema":{"@context":"https:\/\/schema.org","@graph":[{"@type":"WebSite","@id":"https:\/\/global-exam.com\/blog\/#website","url":"https:\/\/global-exam.com\/blog\/","name":"GlobalExam Blog","description":"Le blog du sp\u00e9cialiste de la certification linguistique","potentialAction":[{"@type":"SearchAction","target":{"@type":"EntryPoint","urlTemplate":"https:\/\/global-exam.com\/blog\/?s={search_term_string}"},"query-input":"required name=search_term_string"}],"inLanguage":"fr-FR"},{"@type":"WebPage","@id":"https:\/\/global-exam.com\/blog\/es\/examenes\/tcf\/categoria-obten-un-buen-puntaje-al-tcf\/#webpage","url":"https:\/\/global-exam.com\/blog\/es\/examenes\/tcf\/categoria-obten-un-buen-puntaje-al-tcf\/","name":"Obt\u00e9n un buen puntaje al TCF","isPartOf":{"@id":"https:\/\/global-exam.com\/blog\/#website"},"datePublished":"2021-12-13T16:49:37+00:00","dateModified":"2022-09-16T10:03:21+00:00","breadcrumb":{"@id":"https:\/\/global-exam.com\/blog\/es\/examenes\/tcf\/categoria-obten-un-buen-puntaje-al-tcf\/#breadcrumb"},"inLanguage":"fr-FR","potentialAction":[{"@type":"ReadAction","target":["https:\/\/global-exam.com\/blog\/es\/examenes\/tcf\/categoria-obten-un-buen-puntaje-al-tcf\/"]}]},{"@type":"BreadcrumbList","@id":"https:\/\/global-exam.com\/blog\/es\/examenes\/tcf\/categoria-obten-un-buen-puntaje-al-tcf\/#breadcrumb","itemListElement":[{"@type":"ListItem","position":1,"name":"Ex\u00e1menes de idioma","item":"https:\/\/global-exam.com\/blog\/es\/examenes\/"},{"@type":"ListItem","position":2,"name":"TCF","item":"https:\/\/global-exam.com\/blog\/es\/examenes\/tcf\/"},{"@type":"ListItem","position":3,"name":"Obt\u00e9n un buen puntaje al TCF"}]}]}},"lang":"es","translations":{"es":70506},"pll_sync_post":[],"_links":{"self":[{"href":"https:\/\/global-exam.com\/blog\/wp-json\/wp\/v2\/pages\/70506"}],"collection":[{"href":"https:\/\/global-exam.com\/blog\/wp-json\/wp\/v2\/pages"}],"about":[{"href":"https:\/\/global-exam.com\/blog\/wp-json\/wp\/v2\/types\/page"}],"author":[{"embeddable":true,"href":"https:\/\/global-exam.com\/blog\/wp-json\/wp\/v2\/users\/24"}],"replies":[{"embeddable":true,"href":"https:\/\/global-exam.com\/blog\/wp-json\/wp\/v2\/comments?post=70506"}],"version-history":[{"count":4,"href":"https:\/\/global-exam.com\/blog\/wp-json\/wp\/v2\/pages\/70506\/revisions"}],"predecessor-version":[{"id":79545,"href":"https:\/\/global-exam.com\/blog\/wp-json\/wp\/v2\/pages\/70506\/revisions\/79545"}],"up":[{"embeddable":true,"href":"https:\/\/global-exam.com\/blog\/wp-json\/wp\/v2\/pages\/18664"}],"wp:attachment":[{"href":"https:\/\/global-exam.com\/blog\/wp-json\/wp\/v2\/media?parent=70506"}],"curies":[{"name":"wp","href":"https:\/\/api.w.org\/{rel}","templated":true}]}}