{"id":70514,"date":"2021-12-13T17:53:22","date_gmt":"2021-12-13T16:53:22","guid":{"rendered":"https:\/\/global-exam.com\/blog\/?page_id=70514"},"modified":"2022-09-16T12:04:37","modified_gmt":"2022-09-16T10:04:37","slug":"categoria-vocabulario-tcf","status":"publish","type":"page","link":"https:\/\/global-exam.com\/blog\/es\/examenes\/tcf\/categoria-vocabulario-tcf\/","title":{"rendered":"Vocabulario TCF"},"content":{"rendered":"<p>Domina el vocabulario del TCF<\/p>\n<p>El examen de franc\u00e9s <strong>TCF<\/strong> es una prueba de nivel de idioma que est\u00e1 certificado por el <strong>Ministerio de Educaci\u00f3n Nacional<\/strong> y por el <strong>Ministerio de Ense\u00f1anza Superior y de Investigaci\u00f3n de Francia<\/strong>. Este certificado eval\u00faa las competencias de franc\u00e9s para personas que no son franc\u00f3fonas.<\/p>\n<p>Ten en cuenta que no solo existe una versi\u00f3n de <strong>TCF<\/strong> sino varias en funci\u00f3n de tus objetivos: si quieres adquirir la nacionalidad francesa, si quieres estudiar o trabajar en <strong>Francia<\/strong> o en <strong>Quebec,<\/strong> etc.<\/p>\n<p>En esta secci\u00f3n, te presentamos todo lo que tienes que saber sobre el vocabulario franc\u00e9s que hay que conocer para poder presentar el TCF. As\u00ed, podr\u00e1s mejorar esta habilidad mediante <strong>fichas de vocabulario, ejercicios<\/strong> y\u00a0 <strong>ejemplos.<\/strong><\/p>\n<p>En esta categor\u00eda podr\u00e1s tener acceso a varios art\u00edculos que te indicar\u00e1n fichas y listas de vocabulario sobre <strong>varios temas<\/strong>, como por ejemplo, los d\u00edas de la semana, los colores, los n\u00fameros, <strong>c\u00f3mo decir la hora en franc\u00e9s<\/strong> y hasta las diferentes <strong>partes del cuerpo en franc\u00e9s<\/strong>.<\/p>\n<p>Adem\u00e1s de estas informaciones sobre el vocabulario, te recordamos que nuestra plataforma <strong>GlobalExam<\/strong> es una herramienta online que te permite prepararte para ex\u00e1menes de idiomas. Gracias a nuestra <strong>plataforma web,<\/strong> podr\u00e1s entrenarte a la hora que quieras y mediante ejercicios con correcciones detalladas, <strong>plan de estudios<\/strong> y <strong>hojas explicativas<\/strong>.<\/p>\n<p>Gracias a nosotros y a nuestra plataforma, descubre el mundo de las certificaciones oficiales, as\u00ed que no pierdas tiempo para realizar nuestra prueba gratuita.<\/p>\n","protected":false},"excerpt":{"rendered":"<p>Domina el vocabulario del TCF El examen de franc\u00e9s TCF es una prueba de nivel de idioma que est\u00e1 certificado por el [&hellip;]<\/p>\n","protected":false},"author":24,"featured_media":0,"parent":18664,"menu_order":0,"comment_status":"closed","ping_status":"closed","template":"","meta":[],"acf":[],"yoast_head":"<!-- This site is optimized with the Yoast SEO plugin v17.2.1 - https:\/\/yoast.com\/wordpress\/plugins\/seo\/ -->\n<title>Vocabulario TCF<\/title>\n<meta name=\"robots\" content=\"index, follow, max-snippet:-1, max-image-preview:large, max-video-preview:-1\" \/>\n<link rel=\"canonical\" href=\"https:\/\/global-exam.com\/blog\/es\/examenes\/tcf\/categoria-vocabulario-tcf\/\" \/>\n<meta property=\"og:locale\" content=\"fr_FR\" \/>\n<meta property=\"og:type\" content=\"article\" \/>\n<meta property=\"og:title\" content=\"Vocabulario TCF\" \/>\n<meta property=\"og:description\" content=\"Domina el vocabulario del TCF El examen de franc\u00e9s TCF es una prueba de nivel de idioma que est\u00e1 certificado por el [&hellip;]\" \/>\n<meta property=\"og:url\" content=\"https:\/\/global-exam.com\/blog\/es\/examenes\/tcf\/categoria-vocabulario-tcf\/\" \/>\n<meta property=\"og:site_name\" content=\"GlobalExam Blog\" \/>\n<meta property=\"article:publisher\" content=\"https:\/\/www.facebook.com\/Global.Exam\" \/>\n<meta property=\"article:modified_time\" content=\"2022-09-16T10:04:37+00:00\" \/>\n<meta name=\"twitter:card\" content=\"summary_large_image\" \/>\n<meta name=\"twitter:site\" content=\"@Global_Exam\" \/>\n<meta name=\"twitter:label1\" content=\"Dur\u00e9e de lecture estim\u00e9e\" \/>\n\t<meta name=\"twitter:data1\" content=\"2 minutes\" \/>\n<script type=\"application\/ld+json\" class=\"yoast-schema-graph\">{\"@context\":\"https:\/\/schema.org\",\"@graph\":[{\"@type\":\"WebSite\",\"@id\":\"https:\/\/global-exam.com\/blog\/#website\",\"url\":\"https:\/\/global-exam.com\/blog\/\",\"name\":\"GlobalExam Blog\",\"description\":\"Le blog du sp\\u00e9cialiste de la certification linguistique\",\"potentialAction\":[{\"@type\":\"SearchAction\",\"target\":{\"@type\":\"EntryPoint\",\"urlTemplate\":\"https:\/\/global-exam.com\/blog\/?s={search_term_string}\"},\"query-input\":\"required name=search_term_string\"}],\"inLanguage\":\"fr-FR\"},{\"@type\":\"WebPage\",\"@id\":\"https:\/\/global-exam.com\/blog\/es\/examenes\/tcf\/categoria-vocabulario-tcf\/#webpage\",\"url\":\"https:\/\/global-exam.com\/blog\/es\/examenes\/tcf\/categoria-vocabulario-tcf\/\",\"name\":\"Vocabulario TCF\",\"isPartOf\":{\"@id\":\"https:\/\/global-exam.com\/blog\/#website\"},\"datePublished\":\"2021-12-13T16:53:22+00:00\",\"dateModified\":\"2022-09-16T10:04:37+00:00\",\"breadcrumb\":{\"@id\":\"https:\/\/global-exam.com\/blog\/es\/examenes\/tcf\/categoria-vocabulario-tcf\/#breadcrumb\"},\"inLanguage\":\"fr-FR\",\"potentialAction\":[{\"@type\":\"ReadAction\",\"target\":[\"https:\/\/global-exam.com\/blog\/es\/examenes\/tcf\/categoria-vocabulario-tcf\/\"]}]},{\"@type\":\"BreadcrumbList\",\"@id\":\"https:\/\/global-exam.com\/blog\/es\/examenes\/tcf\/categoria-vocabulario-tcf\/#breadcrumb\",\"itemListElement\":[{\"@type\":\"ListItem\",\"position\":1,\"name\":\"Ex\\u00e1menes de idioma\",\"item\":\"https:\/\/global-exam.com\/blog\/es\/examenes\/\"},{\"@type\":\"ListItem\",\"position\":2,\"name\":\"TCF\",\"item\":\"https:\/\/global-exam.com\/blog\/es\/examenes\/tcf\/\"},{\"@type\":\"ListItem\",\"position\":3,\"name\":\"Vocabulario TCF\"}]}]}<\/script>\n<!-- \/ Yoast SEO plugin. -->","yoast_head_json":{"title":"Vocabulario TCF","robots":{"index":"index","follow":"follow","max-snippet":"max-snippet:-1","max-image-preview":"max-image-preview:large","max-video-preview":"max-video-preview:-1"},"canonical":"https:\/\/global-exam.com\/blog\/es\/examenes\/tcf\/categoria-vocabulario-tcf\/","og_locale":"fr_FR","og_type":"article","og_title":"Vocabulario TCF","og_description":"Domina el vocabulario del TCF El examen de franc\u00e9s TCF es una prueba de nivel de idioma que est\u00e1 certificado por el [&hellip;]","og_url":"https:\/\/global-exam.com\/blog\/es\/examenes\/tcf\/categoria-vocabulario-tcf\/","og_site_name":"GlobalExam Blog","article_publisher":"https:\/\/www.facebook.com\/Global.Exam","article_modified_time":"2022-09-16T10:04:37+00:00","twitter_card":"summary_large_image","twitter_site":"@Global_Exam","twitter_misc":{"Dur\u00e9e de lecture estim\u00e9e":"2 minutes"},"schema":{"@context":"https:\/\/schema.org","@graph":[{"@type":"WebSite","@id":"https:\/\/global-exam.com\/blog\/#website","url":"https:\/\/global-exam.com\/blog\/","name":"GlobalExam Blog","description":"Le blog du sp\u00e9cialiste de la certification linguistique","potentialAction":[{"@type":"SearchAction","target":{"@type":"EntryPoint","urlTemplate":"https:\/\/global-exam.com\/blog\/?s={search_term_string}"},"query-input":"required name=search_term_string"}],"inLanguage":"fr-FR"},{"@type":"WebPage","@id":"https:\/\/global-exam.com\/blog\/es\/examenes\/tcf\/categoria-vocabulario-tcf\/#webpage","url":"https:\/\/global-exam.com\/blog\/es\/examenes\/tcf\/categoria-vocabulario-tcf\/","name":"Vocabulario TCF","isPartOf":{"@id":"https:\/\/global-exam.com\/blog\/#website"},"datePublished":"2021-12-13T16:53:22+00:00","dateModified":"2022-09-16T10:04:37+00:00","breadcrumb":{"@id":"https:\/\/global-exam.com\/blog\/es\/examenes\/tcf\/categoria-vocabulario-tcf\/#breadcrumb"},"inLanguage":"fr-FR","potentialAction":[{"@type":"ReadAction","target":["https:\/\/global-exam.com\/blog\/es\/examenes\/tcf\/categoria-vocabulario-tcf\/"]}]},{"@type":"BreadcrumbList","@id":"https:\/\/global-exam.com\/blog\/es\/examenes\/tcf\/categoria-vocabulario-tcf\/#breadcrumb","itemListElement":[{"@type":"ListItem","position":1,"name":"Ex\u00e1menes de idioma","item":"https:\/\/global-exam.com\/blog\/es\/examenes\/"},{"@type":"ListItem","position":2,"name":"TCF","item":"https:\/\/global-exam.com\/blog\/es\/examenes\/tcf\/"},{"@type":"ListItem","position":3,"name":"Vocabulario TCF"}]}]}},"lang":"es","translations":{"es":70514},"pll_sync_post":[],"_links":{"self":[{"href":"https:\/\/global-exam.com\/blog\/wp-json\/wp\/v2\/pages\/70514"}],"collection":[{"href":"https:\/\/global-exam.com\/blog\/wp-json\/wp\/v2\/pages"}],"about":[{"href":"https:\/\/global-exam.com\/blog\/wp-json\/wp\/v2\/types\/page"}],"author":[{"embeddable":true,"href":"https:\/\/global-exam.com\/blog\/wp-json\/wp\/v2\/users\/24"}],"replies":[{"embeddable":true,"href":"https:\/\/global-exam.com\/blog\/wp-json\/wp\/v2\/comments?post=70514"}],"version-history":[{"count":6,"href":"https:\/\/global-exam.com\/blog\/wp-json\/wp\/v2\/pages\/70514\/revisions"}],"predecessor-version":[{"id":79546,"href":"https:\/\/global-exam.com\/blog\/wp-json\/wp\/v2\/pages\/70514\/revisions\/79546"}],"up":[{"embeddable":true,"href":"https:\/\/global-exam.com\/blog\/wp-json\/wp\/v2\/pages\/18664"}],"wp:attachment":[{"href":"https:\/\/global-exam.com\/blog\/wp-json\/wp\/v2\/media?parent=70514"}],"curies":[{"name":"wp","href":"https:\/\/api.w.org\/{rel}","templated":true}]}}