{"id":70524,"date":"2021-12-13T17:58:46","date_gmt":"2021-12-13T16:58:46","guid":{"rendered":"https:\/\/global-exam.com\/blog\/?page_id=70524"},"modified":"2022-09-16T12:22:12","modified_gmt":"2022-09-16T10:22:12","slug":"categoria-instrucciones-linguaskill","status":"publish","type":"page","link":"https:\/\/global-exam.com\/blog\/es\/examenes\/bulats\/categoria-instrucciones-linguaskill\/","title":{"rendered":"Instrucciones del Linguaskill"},"content":{"rendered":"<p>Descubre la estructura del Linguaskill<\/p>\n<p>\u00bfBulats o Linguaskill? Como probablemente sepas, desde septiembre de 2018, la Universidad de Cambridge decidi\u00f3 revisar el Bulats y cambiar su nombre;\u00a0 la nueva prueba que lo sustituye <strong>se denomina Linguaskill.<\/strong><\/p>\n<p><strong>\u00bfGeneral o Negocios?<\/strong>\u00a0Linguaskill est\u00e1 disponible en dos opciones, lo que te da la posibilidad de elegir el tipo de lengua que deseas evaluar seg\u00fan tus objetivos. El General eval\u00faa el\u00a0<strong>lenguaje utilizado en la vida cotidiana<\/strong>, sin terminolog\u00eda empresarial especializada, con temas que incluyen estudiar y trabajar, hacer planes futuros, viajes y tecnolog\u00eda. Linguaskill Business eval\u00faa<strong>\u00a0el ingl\u00e9s utilizado en un entorno empresarial<\/strong>\u00a0<strong>y corporativo<\/strong>, y es m\u00e1s adecuado para reclutamiento en empresas donde los empleados deben estar familiarizados con la terminolog\u00eda comercial.<\/p>\n<p>Pero, \u00bfqu\u00e9 ha cambiado en la prueba? Como tendr\u00e1s ocasi\u00f3n de comprobar, Linguaskill sigue siendo\u00a0<strong>una prueba evolutiva<\/strong>, es decir, el nivel de preguntas evoluciona de acuerdo con las respuestas de los candidatos. Si los candidatos responden correctamente, el nivel se endurece, si responden falso, el nivel bajar\u00e1. Por lo tanto, la prueba es totalmente personalizable.<\/p>\n<p>En cuanto a la estructura misma de la prueba, no cambia. La prueba permanece administrada por internet y\u00a0<strong>los m\u00f3dulos son los mismos que en el Bulats<\/strong>: Comprensi\u00f3n lectora, Comprensi\u00f3n auditiva, Expresi\u00f3n escrita y Expresi\u00f3n oral.<\/p>\n<p>Los resultados se proporcionan instant\u00e1neamente para las actividades de\u00a0<strong>comprensi\u00f3n de lectura y comprensi\u00f3n auditiva<\/strong>, y en las siguientes 48 horas para todas las dem\u00e1s habilidades, en un formato de informe de examen claro y f\u00e1cil de entender.<\/p>\n<p>Descubre en esta secci\u00f3n el contenido, formato y duraci\u00f3n de cada una de las pruebas, con modelos de examen y tips, ejercicios para aprender y practicar el vocabulario espec\u00edfico Linguaskill y las instrucciones para familiarizarte con el examen.\u00a0Obt\u00e9n un resultado a la altura de tus expectativas.<\/p>\n","protected":false},"excerpt":{"rendered":"<p>Descubre la estructura del Linguaskill \u00bfBulats o Linguaskill? Como probablemente sepas, desde septiembre de 2018, la Universidad de Cambridge decidi\u00f3 revisar el [&hellip;]<\/p>\n","protected":false},"author":24,"featured_media":0,"parent":18604,"menu_order":0,"comment_status":"closed","ping_status":"closed","template":"","meta":[],"acf":[],"yoast_head":"<!-- This site is optimized with the Yoast SEO plugin v17.2.1 - https:\/\/yoast.com\/wordpress\/plugins\/seo\/ -->\n<title>Instrucciones del Linguaskill<\/title>\n<meta name=\"robots\" content=\"index, follow, max-snippet:-1, max-image-preview:large, max-video-preview:-1\" \/>\n<link rel=\"canonical\" href=\"https:\/\/global-exam.com\/blog\/es\/examenes\/bulats\/categoria-instrucciones-linguaskill\/\" \/>\n<meta property=\"og:locale\" content=\"fr_FR\" \/>\n<meta property=\"og:type\" content=\"article\" \/>\n<meta property=\"og:title\" content=\"Instrucciones del Linguaskill\" \/>\n<meta property=\"og:description\" content=\"Descubre la estructura del Linguaskill \u00bfBulats o Linguaskill? Como probablemente sepas, desde septiembre de 2018, la Universidad de Cambridge decidi\u00f3 revisar el [&hellip;]\" \/>\n<meta property=\"og:url\" content=\"https:\/\/global-exam.com\/blog\/es\/examenes\/bulats\/categoria-instrucciones-linguaskill\/\" \/>\n<meta property=\"og:site_name\" content=\"GlobalExam Blog\" \/>\n<meta property=\"article:publisher\" content=\"https:\/\/www.facebook.com\/Global.Exam\" \/>\n<meta property=\"article:modified_time\" content=\"2022-09-16T10:22:12+00:00\" \/>\n<meta name=\"twitter:card\" content=\"summary_large_image\" \/>\n<meta name=\"twitter:site\" content=\"@Global_Exam\" \/>\n<meta name=\"twitter:label1\" content=\"Dur\u00e9e de lecture estim\u00e9e\" \/>\n\t<meta name=\"twitter:data1\" content=\"2 minutes\" \/>\n<script type=\"application\/ld+json\" class=\"yoast-schema-graph\">{\"@context\":\"https:\/\/schema.org\",\"@graph\":[{\"@type\":\"WebSite\",\"@id\":\"https:\/\/global-exam.com\/blog\/#website\",\"url\":\"https:\/\/global-exam.com\/blog\/\",\"name\":\"GlobalExam Blog\",\"description\":\"Le blog du sp\\u00e9cialiste de la certification linguistique\",\"potentialAction\":[{\"@type\":\"SearchAction\",\"target\":{\"@type\":\"EntryPoint\",\"urlTemplate\":\"https:\/\/global-exam.com\/blog\/?s={search_term_string}\"},\"query-input\":\"required name=search_term_string\"}],\"inLanguage\":\"fr-FR\"},{\"@type\":\"WebPage\",\"@id\":\"https:\/\/global-exam.com\/blog\/es\/examenes\/bulats\/categoria-instrucciones-linguaskill\/#webpage\",\"url\":\"https:\/\/global-exam.com\/blog\/es\/examenes\/bulats\/categoria-instrucciones-linguaskill\/\",\"name\":\"Instrucciones del Linguaskill\",\"isPartOf\":{\"@id\":\"https:\/\/global-exam.com\/blog\/#website\"},\"datePublished\":\"2021-12-13T16:58:46+00:00\",\"dateModified\":\"2022-09-16T10:22:12+00:00\",\"breadcrumb\":{\"@id\":\"https:\/\/global-exam.com\/blog\/es\/examenes\/bulats\/categoria-instrucciones-linguaskill\/#breadcrumb\"},\"inLanguage\":\"fr-FR\",\"potentialAction\":[{\"@type\":\"ReadAction\",\"target\":[\"https:\/\/global-exam.com\/blog\/es\/examenes\/bulats\/categoria-instrucciones-linguaskill\/\"]}]},{\"@type\":\"BreadcrumbList\",\"@id\":\"https:\/\/global-exam.com\/blog\/es\/examenes\/bulats\/categoria-instrucciones-linguaskill\/#breadcrumb\",\"itemListElement\":[{\"@type\":\"ListItem\",\"position\":1,\"name\":\"Ex\\u00e1menes de idioma\",\"item\":\"https:\/\/global-exam.com\/blog\/es\/examenes\/\"},{\"@type\":\"ListItem\",\"position\":2,\"name\":\"Linguaskill (Bulats)\",\"item\":\"https:\/\/global-exam.com\/blog\/es\/examenes\/bulats\/\"},{\"@type\":\"ListItem\",\"position\":3,\"name\":\"Instrucciones del Linguaskill\"}]}]}<\/script>\n<!-- \/ Yoast SEO plugin. -->","yoast_head_json":{"title":"Instrucciones del Linguaskill","robots":{"index":"index","follow":"follow","max-snippet":"max-snippet:-1","max-image-preview":"max-image-preview:large","max-video-preview":"max-video-preview:-1"},"canonical":"https:\/\/global-exam.com\/blog\/es\/examenes\/bulats\/categoria-instrucciones-linguaskill\/","og_locale":"fr_FR","og_type":"article","og_title":"Instrucciones del Linguaskill","og_description":"Descubre la estructura del Linguaskill \u00bfBulats o Linguaskill? Como probablemente sepas, desde septiembre de 2018, la Universidad de Cambridge decidi\u00f3 revisar el [&hellip;]","og_url":"https:\/\/global-exam.com\/blog\/es\/examenes\/bulats\/categoria-instrucciones-linguaskill\/","og_site_name":"GlobalExam Blog","article_publisher":"https:\/\/www.facebook.com\/Global.Exam","article_modified_time":"2022-09-16T10:22:12+00:00","twitter_card":"summary_large_image","twitter_site":"@Global_Exam","twitter_misc":{"Dur\u00e9e de lecture estim\u00e9e":"2 minutes"},"schema":{"@context":"https:\/\/schema.org","@graph":[{"@type":"WebSite","@id":"https:\/\/global-exam.com\/blog\/#website","url":"https:\/\/global-exam.com\/blog\/","name":"GlobalExam Blog","description":"Le blog du sp\u00e9cialiste de la certification linguistique","potentialAction":[{"@type":"SearchAction","target":{"@type":"EntryPoint","urlTemplate":"https:\/\/global-exam.com\/blog\/?s={search_term_string}"},"query-input":"required name=search_term_string"}],"inLanguage":"fr-FR"},{"@type":"WebPage","@id":"https:\/\/global-exam.com\/blog\/es\/examenes\/bulats\/categoria-instrucciones-linguaskill\/#webpage","url":"https:\/\/global-exam.com\/blog\/es\/examenes\/bulats\/categoria-instrucciones-linguaskill\/","name":"Instrucciones del Linguaskill","isPartOf":{"@id":"https:\/\/global-exam.com\/blog\/#website"},"datePublished":"2021-12-13T16:58:46+00:00","dateModified":"2022-09-16T10:22:12+00:00","breadcrumb":{"@id":"https:\/\/global-exam.com\/blog\/es\/examenes\/bulats\/categoria-instrucciones-linguaskill\/#breadcrumb"},"inLanguage":"fr-FR","potentialAction":[{"@type":"ReadAction","target":["https:\/\/global-exam.com\/blog\/es\/examenes\/bulats\/categoria-instrucciones-linguaskill\/"]}]},{"@type":"BreadcrumbList","@id":"https:\/\/global-exam.com\/blog\/es\/examenes\/bulats\/categoria-instrucciones-linguaskill\/#breadcrumb","itemListElement":[{"@type":"ListItem","position":1,"name":"Ex\u00e1menes de idioma","item":"https:\/\/global-exam.com\/blog\/es\/examenes\/"},{"@type":"ListItem","position":2,"name":"Linguaskill (Bulats)","item":"https:\/\/global-exam.com\/blog\/es\/examenes\/bulats\/"},{"@type":"ListItem","position":3,"name":"Instrucciones del Linguaskill"}]}]}},"lang":"es","translations":{"es":70524},"pll_sync_post":[],"_links":{"self":[{"href":"https:\/\/global-exam.com\/blog\/wp-json\/wp\/v2\/pages\/70524"}],"collection":[{"href":"https:\/\/global-exam.com\/blog\/wp-json\/wp\/v2\/pages"}],"about":[{"href":"https:\/\/global-exam.com\/blog\/wp-json\/wp\/v2\/types\/page"}],"author":[{"embeddable":true,"href":"https:\/\/global-exam.com\/blog\/wp-json\/wp\/v2\/users\/24"}],"replies":[{"embeddable":true,"href":"https:\/\/global-exam.com\/blog\/wp-json\/wp\/v2\/comments?post=70524"}],"version-history":[{"count":5,"href":"https:\/\/global-exam.com\/blog\/wp-json\/wp\/v2\/pages\/70524\/revisions"}],"predecessor-version":[{"id":79558,"href":"https:\/\/global-exam.com\/blog\/wp-json\/wp\/v2\/pages\/70524\/revisions\/79558"}],"up":[{"embeddable":true,"href":"https:\/\/global-exam.com\/blog\/wp-json\/wp\/v2\/pages\/18604"}],"wp:attachment":[{"href":"https:\/\/global-exam.com\/blog\/wp-json\/wp\/v2\/media?parent=70524"}],"curies":[{"name":"wp","href":"https:\/\/api.w.org\/{rel}","templated":true}]}}