{"id":70534,"date":"2021-12-13T18:09:12","date_gmt":"2021-12-13T17:09:12","guid":{"rendered":"https:\/\/global-exam.com\/blog\/?page_id=70534"},"modified":"2022-09-16T16:41:25","modified_gmt":"2022-09-16T14:41:25","slug":"categoria-vocabulario-linguaskill","status":"publish","type":"page","link":"https:\/\/global-exam.com\/blog\/es\/examenes\/bulats\/categoria-vocabulario-linguaskill\/","title":{"rendered":"Vocabulario del Linguaskill"},"content":{"rendered":"<p>Domina el vocabulario del Linguaskill<\/p>\n<p>Los ex\u00e1menes de ingl\u00e9s se pueden clasificar en ex\u00e1menes acad\u00e9micos y profesionales. El <strong>Linguaskill<\/strong>\u00a0<strong>o Bulats<\/strong>\u00a0es un examen que mide tus competencias en ingl\u00e9s en un \u00e1mbito puramente profesional. A diferencia de otras pruebas, el examen LanguageSkill se divide en 3 m\u00f3dulos diferentes (<strong>Listening &amp; Reading, Writing, Speaking<\/strong>) y no tienes la obligaci\u00f3n de pasar los 3.<\/p>\n<p>Poco importa la prueba que decidas pasar siempre se aconseja practicar con antelaci\u00f3n, conocer la\u00a0<strong>estructura del examen y aprender vocabulario.<\/strong>\u00a0En esta categor\u00eda de GlobalExam trata sobre vocabulario y sin duda alguna te va a ser de gran ayuda. Vas a encontrar\u00a0<strong>m\u00faltiples fichas de vocabulario en ingl\u00e9s que te ayudar\u00e1n a entrenarte.<\/strong>\u00a0Cada una de ellas incluye una lista de las palabras con su\u00a0<strong>traducci\u00f3n<\/strong>\u00a0<strong>en espa\u00f1ol, expresiones y los diferentes usos de las palabras.<\/strong><\/p>\n<p>Tenemos temas como nombres de los\u00a0<strong>animales<\/strong>, los miembros de la\u00a0<strong>familia<\/strong>, la ropa y los accesorios, la diferencia entre los\u00a0<strong>n\u00fameros ordinales y cardinales<\/strong>, los animales del\u00a0<strong>mar,<\/strong>\u00a0la\u00a0<strong>sabana,<\/strong>\u00a0la\u00a0<strong>granja<\/strong>\u00a0y el\u00a0<strong>bosque,<\/strong>\u00a0los meses del\u00a0<strong>a\u00f1o,<\/strong>\u00a0los\u00a0<strong>sentimientos,<\/strong>\u00a0los nombres de los pa\u00edses y sus\u00a0<strong>nacionalidades<\/strong>\u00a0y\u00a0<strong>muchos m\u00e1s<\/strong>\u00a0temas.<\/p>\n<p>Cabe recordar que para el d\u00eda del examen, no basta con saber miles de palabras de memoria, debes haberte entrenado en toda la estructura del examen (Listening and Writing, Speaking, Reading). En GlobalExam, estamos para darte una mano y\u00a0<strong>ayudarte a obtener esa anhelada certificaci\u00f3n en ingl\u00e9s.\u00a0<\/strong><\/p>\n<p>Con nuestra plataforma tendr\u00e1s la opci\u00f3n de entrenarte con m\u00e1s de 200 ejercicios de pr\u00e1ctica corregidos. Adem\u00e1s,\u00a0<strong>puedes trabajar cada destreza del LinguaSkill con el modo examen,<\/strong>\u00a0lo que te permite poner a prueba tus conocimientos en un contexto real. Cada ejercicio est\u00e1 cronometrado con el objetivo que aprendas a manejar tu tiempo durante la prueba.<\/p>\n<p>En GlobalExam te proporcionamos todas las herramientas necesarias para entrenarte en l\u00ednea y sobre todo, a tu<strong>\u00a0propio ritmo.<\/strong>\u00a0Crea planes de estudio que se adapten a tus necesidades e intereses y empieza a practicar desde ya.<\/p>\n","protected":false},"excerpt":{"rendered":"<p>Domina el vocabulario del Linguaskill Los ex\u00e1menes de ingl\u00e9s se pueden clasificar en ex\u00e1menes acad\u00e9micos y profesionales. El Linguaskill\u00a0o Bulats\u00a0es un examen [&hellip;]<\/p>\n","protected":false},"author":24,"featured_media":0,"parent":18604,"menu_order":0,"comment_status":"closed","ping_status":"closed","template":"","meta":[],"acf":[],"yoast_head":"<!-- This site is optimized with the Yoast SEO plugin v17.2.1 - https:\/\/yoast.com\/wordpress\/plugins\/seo\/ -->\n<title>Vocabulario del Linguaskill<\/title>\n<meta name=\"robots\" content=\"index, follow, max-snippet:-1, max-image-preview:large, max-video-preview:-1\" \/>\n<link rel=\"canonical\" href=\"https:\/\/global-exam.com\/blog\/es\/examenes\/bulats\/categoria-vocabulario-linguaskill\/\" \/>\n<meta property=\"og:locale\" content=\"fr_FR\" \/>\n<meta property=\"og:type\" content=\"article\" \/>\n<meta property=\"og:title\" content=\"Vocabulario del Linguaskill\" \/>\n<meta property=\"og:description\" content=\"Domina el vocabulario del Linguaskill Los ex\u00e1menes de ingl\u00e9s se pueden clasificar en ex\u00e1menes acad\u00e9micos y profesionales. El Linguaskill\u00a0o Bulats\u00a0es un examen [&hellip;]\" \/>\n<meta property=\"og:url\" content=\"https:\/\/global-exam.com\/blog\/es\/examenes\/bulats\/categoria-vocabulario-linguaskill\/\" \/>\n<meta property=\"og:site_name\" content=\"GlobalExam Blog\" \/>\n<meta property=\"article:publisher\" content=\"https:\/\/www.facebook.com\/Global.Exam\" \/>\n<meta property=\"article:modified_time\" content=\"2022-09-16T14:41:25+00:00\" \/>\n<meta name=\"twitter:card\" content=\"summary_large_image\" \/>\n<meta name=\"twitter:site\" content=\"@Global_Exam\" \/>\n<meta name=\"twitter:label1\" content=\"Dur\u00e9e de lecture estim\u00e9e\" \/>\n\t<meta name=\"twitter:data1\" content=\"2 minutes\" \/>\n<script type=\"application\/ld+json\" class=\"yoast-schema-graph\">{\"@context\":\"https:\/\/schema.org\",\"@graph\":[{\"@type\":\"WebSite\",\"@id\":\"https:\/\/global-exam.com\/blog\/#website\",\"url\":\"https:\/\/global-exam.com\/blog\/\",\"name\":\"GlobalExam Blog\",\"description\":\"Le blog du sp\\u00e9cialiste de la certification linguistique\",\"potentialAction\":[{\"@type\":\"SearchAction\",\"target\":{\"@type\":\"EntryPoint\",\"urlTemplate\":\"https:\/\/global-exam.com\/blog\/?s={search_term_string}\"},\"query-input\":\"required name=search_term_string\"}],\"inLanguage\":\"fr-FR\"},{\"@type\":\"WebPage\",\"@id\":\"https:\/\/global-exam.com\/blog\/es\/examenes\/bulats\/categoria-vocabulario-linguaskill\/#webpage\",\"url\":\"https:\/\/global-exam.com\/blog\/es\/examenes\/bulats\/categoria-vocabulario-linguaskill\/\",\"name\":\"Vocabulario del Linguaskill\",\"isPartOf\":{\"@id\":\"https:\/\/global-exam.com\/blog\/#website\"},\"datePublished\":\"2021-12-13T17:09:12+00:00\",\"dateModified\":\"2022-09-16T14:41:25+00:00\",\"breadcrumb\":{\"@id\":\"https:\/\/global-exam.com\/blog\/es\/examenes\/bulats\/categoria-vocabulario-linguaskill\/#breadcrumb\"},\"inLanguage\":\"fr-FR\",\"potentialAction\":[{\"@type\":\"ReadAction\",\"target\":[\"https:\/\/global-exam.com\/blog\/es\/examenes\/bulats\/categoria-vocabulario-linguaskill\/\"]}]},{\"@type\":\"BreadcrumbList\",\"@id\":\"https:\/\/global-exam.com\/blog\/es\/examenes\/bulats\/categoria-vocabulario-linguaskill\/#breadcrumb\",\"itemListElement\":[{\"@type\":\"ListItem\",\"position\":1,\"name\":\"Ex\\u00e1menes de idioma\",\"item\":\"https:\/\/global-exam.com\/blog\/es\/examenes\/\"},{\"@type\":\"ListItem\",\"position\":2,\"name\":\"Linguaskill (Bulats)\",\"item\":\"https:\/\/global-exam.com\/blog\/es\/examenes\/bulats\/\"},{\"@type\":\"ListItem\",\"position\":3,\"name\":\"Vocabulario del Linguaskill\"}]}]}<\/script>\n<!-- \/ Yoast SEO plugin. -->","yoast_head_json":{"title":"Vocabulario del Linguaskill","robots":{"index":"index","follow":"follow","max-snippet":"max-snippet:-1","max-image-preview":"max-image-preview:large","max-video-preview":"max-video-preview:-1"},"canonical":"https:\/\/global-exam.com\/blog\/es\/examenes\/bulats\/categoria-vocabulario-linguaskill\/","og_locale":"fr_FR","og_type":"article","og_title":"Vocabulario del Linguaskill","og_description":"Domina el vocabulario del Linguaskill Los ex\u00e1menes de ingl\u00e9s se pueden clasificar en ex\u00e1menes acad\u00e9micos y profesionales. El Linguaskill\u00a0o Bulats\u00a0es un examen [&hellip;]","og_url":"https:\/\/global-exam.com\/blog\/es\/examenes\/bulats\/categoria-vocabulario-linguaskill\/","og_site_name":"GlobalExam Blog","article_publisher":"https:\/\/www.facebook.com\/Global.Exam","article_modified_time":"2022-09-16T14:41:25+00:00","twitter_card":"summary_large_image","twitter_site":"@Global_Exam","twitter_misc":{"Dur\u00e9e de lecture estim\u00e9e":"2 minutes"},"schema":{"@context":"https:\/\/schema.org","@graph":[{"@type":"WebSite","@id":"https:\/\/global-exam.com\/blog\/#website","url":"https:\/\/global-exam.com\/blog\/","name":"GlobalExam Blog","description":"Le blog du sp\u00e9cialiste de la certification linguistique","potentialAction":[{"@type":"SearchAction","target":{"@type":"EntryPoint","urlTemplate":"https:\/\/global-exam.com\/blog\/?s={search_term_string}"},"query-input":"required name=search_term_string"}],"inLanguage":"fr-FR"},{"@type":"WebPage","@id":"https:\/\/global-exam.com\/blog\/es\/examenes\/bulats\/categoria-vocabulario-linguaskill\/#webpage","url":"https:\/\/global-exam.com\/blog\/es\/examenes\/bulats\/categoria-vocabulario-linguaskill\/","name":"Vocabulario del Linguaskill","isPartOf":{"@id":"https:\/\/global-exam.com\/blog\/#website"},"datePublished":"2021-12-13T17:09:12+00:00","dateModified":"2022-09-16T14:41:25+00:00","breadcrumb":{"@id":"https:\/\/global-exam.com\/blog\/es\/examenes\/bulats\/categoria-vocabulario-linguaskill\/#breadcrumb"},"inLanguage":"fr-FR","potentialAction":[{"@type":"ReadAction","target":["https:\/\/global-exam.com\/blog\/es\/examenes\/bulats\/categoria-vocabulario-linguaskill\/"]}]},{"@type":"BreadcrumbList","@id":"https:\/\/global-exam.com\/blog\/es\/examenes\/bulats\/categoria-vocabulario-linguaskill\/#breadcrumb","itemListElement":[{"@type":"ListItem","position":1,"name":"Ex\u00e1menes de idioma","item":"https:\/\/global-exam.com\/blog\/es\/examenes\/"},{"@type":"ListItem","position":2,"name":"Linguaskill (Bulats)","item":"https:\/\/global-exam.com\/blog\/es\/examenes\/bulats\/"},{"@type":"ListItem","position":3,"name":"Vocabulario del Linguaskill"}]}]}},"lang":"es","translations":{"es":70534},"pll_sync_post":[],"_links":{"self":[{"href":"https:\/\/global-exam.com\/blog\/wp-json\/wp\/v2\/pages\/70534"}],"collection":[{"href":"https:\/\/global-exam.com\/blog\/wp-json\/wp\/v2\/pages"}],"about":[{"href":"https:\/\/global-exam.com\/blog\/wp-json\/wp\/v2\/types\/page"}],"author":[{"embeddable":true,"href":"https:\/\/global-exam.com\/blog\/wp-json\/wp\/v2\/users\/24"}],"replies":[{"embeddable":true,"href":"https:\/\/global-exam.com\/blog\/wp-json\/wp\/v2\/comments?post=70534"}],"version-history":[{"count":4,"href":"https:\/\/global-exam.com\/blog\/wp-json\/wp\/v2\/pages\/70534\/revisions"}],"predecessor-version":[{"id":79562,"href":"https:\/\/global-exam.com\/blog\/wp-json\/wp\/v2\/pages\/70534\/revisions\/79562"}],"up":[{"embeddable":true,"href":"https:\/\/global-exam.com\/blog\/wp-json\/wp\/v2\/pages\/18604"}],"wp:attachment":[{"href":"https:\/\/global-exam.com\/blog\/wp-json\/wp\/v2\/media?parent=70534"}],"curies":[{"name":"wp","href":"https:\/\/api.w.org\/{rel}","templated":true}]}}