{"id":70599,"date":"2021-12-14T11:54:46","date_gmt":"2021-12-14T10:54:46","guid":{"rendered":"https:\/\/global-exam.com\/blog\/?page_id=70599"},"modified":"2022-09-16T12:10:49","modified_gmt":"2022-09-16T10:10:49","slug":"categoria-instrucciones-dele","status":"publish","type":"page","link":"https:\/\/global-exam.com\/blog\/es\/examenes\/dele\/categoria-instrucciones-dele\/","title":{"rendered":"Instrucciones DELE"},"content":{"rendered":"<p>Descubre la estructura del DELE<\/p>\n<p>\u00bfDeseas certificar tu nivel de espa\u00f1ol? Deja que te hablamos del DELE (Diploma de Espa\u00f1ol como lengua extranjera), un certificado de competencia ling\u00fc\u00edstica <strong>reconocido oficialmente<\/strong>\u00a0el Ministerio de Educaci\u00f3n y Cultura de Espa\u00f1a.<\/p>\n<p>\u00bfQui\u00e9n se presenta al DELE? Este certificado va dirigido a todas aquellas personas que\u00a0<strong>no tienen el espa\u00f1ol como lengua materna<\/strong>\u00a0y que desean ir a un pa\u00eds de habla hispana, ya sea para estudiar en una universidad, hacer una pasant\u00eda o incluso trabajar.<\/p>\n<p>Toma nota: el DELE abre las puertas de Espa\u00f1a pero tambi\u00e9n de todo el continente sudamericano (excepto Brasil).\u00a0\u00bfQuieres pasarlo pero no sabes en qu\u00e9 consiste? No lo dudes, inf\u00f3rmate antes de presentarte. En esta secci\u00f3n tratamos de presentarte de manera sencilla\u00a0<strong>un examen de estructura compleja<\/strong>.<\/p>\n<p>Como ver\u00e1s, las competencias evaluadas son las mismas que para otros ex\u00e1menes (<strong>comprensi\u00f3n y expresi\u00f3n escrita y oral<\/strong>), pero la clave para comprender el DELE es saber que estas competencias se eval\u00faan de forma diferente en funci\u00f3n del nivel.<\/p>\n<p>As\u00ed, no existe un \u00fanico examen para situarte en los diferentes niveles del Marco Com\u00fan Europeo, sino cada uno de los niveles est\u00e1 asociado a un examen, con sus especificidades en cuanto a temas abordados, tipo de tareas, puntuaci\u00f3n y duraci\u00f3n.<\/p>\n<p><strong>El candidato es APTO o NO APTO<\/strong>, es decir, o bien obtiene el nivel para el que se ha presentado, o bien debe volver a presentarse al examen (el DELE A2-B1 constituye una excepci\u00f3n).<\/p>\n<p>Como ves, el DELE es un examen que exige conocer bien el terreno antes de aventurarse. Nuestro objetivo es guiarte para que te puedas familiarizar con las pruebas. Te proporcionamos\u00a0<strong>recursos y estrategias de preparaci\u00f3n<\/strong>\u00a0a trav\u00e9s de nuestra plataforma y de un equipo de docentes expertos en certificaciones.\u00a0Empieza a prepararte: \u00a1Dale al DELE!<\/p>\n","protected":false},"excerpt":{"rendered":"<p>Descubre la estructura del DELE \u00bfDeseas certificar tu nivel de espa\u00f1ol? Deja que te hablamos del DELE (Diploma de Espa\u00f1ol como lengua [&hellip;]<\/p>\n","protected":false},"author":24,"featured_media":0,"parent":18707,"menu_order":0,"comment_status":"closed","ping_status":"closed","template":"","meta":[],"acf":[],"yoast_head":"<!-- This site is optimized with the Yoast SEO plugin v17.2.1 - https:\/\/yoast.com\/wordpress\/plugins\/seo\/ -->\n<title>Instrucciones DELE<\/title>\n<meta name=\"robots\" content=\"index, follow, max-snippet:-1, max-image-preview:large, max-video-preview:-1\" \/>\n<link rel=\"canonical\" href=\"https:\/\/global-exam.com\/blog\/es\/examenes\/dele\/categoria-instrucciones-dele\/\" \/>\n<meta property=\"og:locale\" content=\"fr_FR\" \/>\n<meta property=\"og:type\" content=\"article\" \/>\n<meta property=\"og:title\" content=\"Instrucciones DELE\" \/>\n<meta property=\"og:description\" content=\"Descubre la estructura del DELE \u00bfDeseas certificar tu nivel de espa\u00f1ol? Deja que te hablamos del DELE (Diploma de Espa\u00f1ol como lengua [&hellip;]\" \/>\n<meta property=\"og:url\" content=\"https:\/\/global-exam.com\/blog\/es\/examenes\/dele\/categoria-instrucciones-dele\/\" \/>\n<meta property=\"og:site_name\" content=\"GlobalExam Blog\" \/>\n<meta property=\"article:publisher\" content=\"https:\/\/www.facebook.com\/Global.Exam\" \/>\n<meta property=\"article:modified_time\" content=\"2022-09-16T10:10:49+00:00\" \/>\n<meta name=\"twitter:card\" content=\"summary_large_image\" \/>\n<meta name=\"twitter:site\" content=\"@Global_Exam\" \/>\n<meta name=\"twitter:label1\" content=\"Dur\u00e9e de lecture estim\u00e9e\" \/>\n\t<meta name=\"twitter:data1\" content=\"2 minutes\" \/>\n<script type=\"application\/ld+json\" class=\"yoast-schema-graph\">{\"@context\":\"https:\/\/schema.org\",\"@graph\":[{\"@type\":\"WebSite\",\"@id\":\"https:\/\/global-exam.com\/blog\/#website\",\"url\":\"https:\/\/global-exam.com\/blog\/\",\"name\":\"GlobalExam Blog\",\"description\":\"Le blog du sp\\u00e9cialiste de la certification linguistique\",\"potentialAction\":[{\"@type\":\"SearchAction\",\"target\":{\"@type\":\"EntryPoint\",\"urlTemplate\":\"https:\/\/global-exam.com\/blog\/?s={search_term_string}\"},\"query-input\":\"required name=search_term_string\"}],\"inLanguage\":\"fr-FR\"},{\"@type\":\"WebPage\",\"@id\":\"https:\/\/global-exam.com\/blog\/es\/examenes\/dele\/categoria-instrucciones-dele\/#webpage\",\"url\":\"https:\/\/global-exam.com\/blog\/es\/examenes\/dele\/categoria-instrucciones-dele\/\",\"name\":\"Instrucciones DELE\",\"isPartOf\":{\"@id\":\"https:\/\/global-exam.com\/blog\/#website\"},\"datePublished\":\"2021-12-14T10:54:46+00:00\",\"dateModified\":\"2022-09-16T10:10:49+00:00\",\"breadcrumb\":{\"@id\":\"https:\/\/global-exam.com\/blog\/es\/examenes\/dele\/categoria-instrucciones-dele\/#breadcrumb\"},\"inLanguage\":\"fr-FR\",\"potentialAction\":[{\"@type\":\"ReadAction\",\"target\":[\"https:\/\/global-exam.com\/blog\/es\/examenes\/dele\/categoria-instrucciones-dele\/\"]}]},{\"@type\":\"BreadcrumbList\",\"@id\":\"https:\/\/global-exam.com\/blog\/es\/examenes\/dele\/categoria-instrucciones-dele\/#breadcrumb\",\"itemListElement\":[{\"@type\":\"ListItem\",\"position\":1,\"name\":\"Ex\\u00e1menes de idioma\",\"item\":\"https:\/\/global-exam.com\/blog\/es\/examenes\/\"},{\"@type\":\"ListItem\",\"position\":2,\"name\":\"DELE\",\"item\":\"https:\/\/global-exam.com\/blog\/es\/examenes\/dele\/\"},{\"@type\":\"ListItem\",\"position\":3,\"name\":\"Instrucciones DELE\"}]}]}<\/script>\n<!-- \/ Yoast SEO plugin. -->","yoast_head_json":{"title":"Instrucciones DELE","robots":{"index":"index","follow":"follow","max-snippet":"max-snippet:-1","max-image-preview":"max-image-preview:large","max-video-preview":"max-video-preview:-1"},"canonical":"https:\/\/global-exam.com\/blog\/es\/examenes\/dele\/categoria-instrucciones-dele\/","og_locale":"fr_FR","og_type":"article","og_title":"Instrucciones DELE","og_description":"Descubre la estructura del DELE \u00bfDeseas certificar tu nivel de espa\u00f1ol? Deja que te hablamos del DELE (Diploma de Espa\u00f1ol como lengua [&hellip;]","og_url":"https:\/\/global-exam.com\/blog\/es\/examenes\/dele\/categoria-instrucciones-dele\/","og_site_name":"GlobalExam Blog","article_publisher":"https:\/\/www.facebook.com\/Global.Exam","article_modified_time":"2022-09-16T10:10:49+00:00","twitter_card":"summary_large_image","twitter_site":"@Global_Exam","twitter_misc":{"Dur\u00e9e de lecture estim\u00e9e":"2 minutes"},"schema":{"@context":"https:\/\/schema.org","@graph":[{"@type":"WebSite","@id":"https:\/\/global-exam.com\/blog\/#website","url":"https:\/\/global-exam.com\/blog\/","name":"GlobalExam Blog","description":"Le blog du sp\u00e9cialiste de la certification linguistique","potentialAction":[{"@type":"SearchAction","target":{"@type":"EntryPoint","urlTemplate":"https:\/\/global-exam.com\/blog\/?s={search_term_string}"},"query-input":"required name=search_term_string"}],"inLanguage":"fr-FR"},{"@type":"WebPage","@id":"https:\/\/global-exam.com\/blog\/es\/examenes\/dele\/categoria-instrucciones-dele\/#webpage","url":"https:\/\/global-exam.com\/blog\/es\/examenes\/dele\/categoria-instrucciones-dele\/","name":"Instrucciones DELE","isPartOf":{"@id":"https:\/\/global-exam.com\/blog\/#website"},"datePublished":"2021-12-14T10:54:46+00:00","dateModified":"2022-09-16T10:10:49+00:00","breadcrumb":{"@id":"https:\/\/global-exam.com\/blog\/es\/examenes\/dele\/categoria-instrucciones-dele\/#breadcrumb"},"inLanguage":"fr-FR","potentialAction":[{"@type":"ReadAction","target":["https:\/\/global-exam.com\/blog\/es\/examenes\/dele\/categoria-instrucciones-dele\/"]}]},{"@type":"BreadcrumbList","@id":"https:\/\/global-exam.com\/blog\/es\/examenes\/dele\/categoria-instrucciones-dele\/#breadcrumb","itemListElement":[{"@type":"ListItem","position":1,"name":"Ex\u00e1menes de idioma","item":"https:\/\/global-exam.com\/blog\/es\/examenes\/"},{"@type":"ListItem","position":2,"name":"DELE","item":"https:\/\/global-exam.com\/blog\/es\/examenes\/dele\/"},{"@type":"ListItem","position":3,"name":"Instrucciones DELE"}]}]}},"lang":"es","translations":{"es":70599},"pll_sync_post":[],"_links":{"self":[{"href":"https:\/\/global-exam.com\/blog\/wp-json\/wp\/v2\/pages\/70599"}],"collection":[{"href":"https:\/\/global-exam.com\/blog\/wp-json\/wp\/v2\/pages"}],"about":[{"href":"https:\/\/global-exam.com\/blog\/wp-json\/wp\/v2\/types\/page"}],"author":[{"embeddable":true,"href":"https:\/\/global-exam.com\/blog\/wp-json\/wp\/v2\/users\/24"}],"replies":[{"embeddable":true,"href":"https:\/\/global-exam.com\/blog\/wp-json\/wp\/v2\/comments?post=70599"}],"version-history":[{"count":4,"href":"https:\/\/global-exam.com\/blog\/wp-json\/wp\/v2\/pages\/70599\/revisions"}],"predecessor-version":[{"id":79550,"href":"https:\/\/global-exam.com\/blog\/wp-json\/wp\/v2\/pages\/70599\/revisions\/79550"}],"up":[{"embeddable":true,"href":"https:\/\/global-exam.com\/blog\/wp-json\/wp\/v2\/pages\/18707"}],"wp:attachment":[{"href":"https:\/\/global-exam.com\/blog\/wp-json\/wp\/v2\/media?parent=70599"}],"curies":[{"name":"wp","href":"https:\/\/api.w.org\/{rel}","templated":true}]}}