{"id":70625,"date":"2021-12-14T12:11:15","date_gmt":"2021-12-14T11:11:15","guid":{"rendered":"https:\/\/global-exam.com\/blog\/?page_id=70625"},"modified":"2022-06-27T16:43:54","modified_gmt":"2022-06-27T14:43:54","slug":"categoria-introduccion-al-widaf","status":"publish","type":"page","link":"https:\/\/global-exam.com\/blog\/es\/examenes\/widaf\/categoria-introduccion-al-widaf\/","title":{"rendered":"Introducci\u00f3n al WiDaF"},"content":{"rendered":"<p>\u00bfDeseas\u00a0<strong>evaluar tu nivel de alem\u00e1n profesional<\/strong>?\u00a0 \u00a1El WiDaF es tu test!\u00a0El WIDAF es una\u00a0<strong>prueba oficial de nivel de alem\u00e1n<\/strong>, administrada y organizada por la C\u00e1mara de Comercio e Industria Franco-Alemana y reconocida internacionalmente. Es \u00fatil para las empresas porque eval\u00faa las habilidades de sus candidatos en alem\u00e1n en un entorno profesional.<\/p>\n<p>Si el alem\u00e1n no es tu lengua materna, y deseas demostrar tu nivel de manera oficial en un CV, eres el candidato perfecto.\u00a0Descubre en esta secci\u00f3n todas las informaciones necesarias para apuntarte al examen,\u00a0<strong>los tipos de pruebas y la puntuaci\u00f3n<\/strong>\u00a0que deber\u00e1s obtener para lograr el nivel deseado.<\/p>\n<p>Tenemos buenas noticias:\u00a0<strong>el WiDaF no se puede suspender<\/strong>; simplemente te permite evaluar tus competencias en lengua alemana. En los 15 d\u00edas h\u00e1biles posteriores al examen, te ser\u00e1 entregado un informe con una evaluaci\u00f3n de tus fortalezas y debilidades.<\/p>\n<p>La C\u00e1mara Franco-Alemana de Comercio e Industria te expedir\u00e1 un certificado donde constar\u00e1 la puntuaci\u00f3n que has alcanzado.<\/p>\n<p>El WiDaF, como la mayor\u00eda de los ex\u00e1menes de idiomas, est\u00e1 bastante estandarizado. Por lo tanto,\u00a0<strong>una preparaci\u00f3n rigurosa y efectiva ser\u00e1 una manera f\u00e1cil de mejorar tu calificaci\u00f3n final.\u00a0<\/strong><\/p>\n<p>Te mostramos en esta secci\u00f3n c\u00f3mo prepararte para obtener la puntuaci\u00f3n deseada y\u00a0 realizar un examen exitoso. An\u00edmate a descubrir todas tus posibilidades0<\/p>\n","protected":false},"excerpt":{"rendered":"<p>\u00bfDeseas\u00a0evaluar tu nivel de alem\u00e1n profesional?\u00a0 \u00a1El WiDaF es tu test!\u00a0El WIDAF es una\u00a0prueba oficial de nivel de alem\u00e1n, administrada y organizada [&hellip;]<\/p>\n","protected":false},"author":24,"featured_media":0,"parent":18688,"menu_order":0,"comment_status":"closed","ping_status":"closed","template":"","meta":[],"acf":[],"yoast_head":"<!-- This site is optimized with the Yoast SEO plugin v17.2.1 - https:\/\/yoast.com\/wordpress\/plugins\/seo\/ -->\n<title>Introducci\u00f3n al WiDaF<\/title>\n<meta name=\"robots\" content=\"index, follow, max-snippet:-1, max-image-preview:large, max-video-preview:-1\" \/>\n<link rel=\"canonical\" href=\"https:\/\/global-exam.com\/blog\/es\/examenes\/widaf\/categoria-introduccion-al-widaf\/\" \/>\n<meta property=\"og:locale\" content=\"fr_FR\" \/>\n<meta property=\"og:type\" content=\"article\" \/>\n<meta property=\"og:title\" content=\"Introducci\u00f3n al WiDaF\" \/>\n<meta property=\"og:description\" content=\"\u00bfDeseas\u00a0evaluar tu nivel de alem\u00e1n profesional?\u00a0 \u00a1El WiDaF es tu test!\u00a0El WIDAF es una\u00a0prueba oficial de nivel de alem\u00e1n, administrada y organizada [&hellip;]\" \/>\n<meta property=\"og:url\" content=\"https:\/\/global-exam.com\/blog\/es\/examenes\/widaf\/categoria-introduccion-al-widaf\/\" \/>\n<meta property=\"og:site_name\" content=\"GlobalExam Blog\" \/>\n<meta property=\"article:publisher\" content=\"https:\/\/www.facebook.com\/Global.Exam\" \/>\n<meta property=\"article:modified_time\" content=\"2022-06-27T14:43:54+00:00\" \/>\n<meta name=\"twitter:card\" content=\"summary_large_image\" \/>\n<meta name=\"twitter:site\" content=\"@Global_Exam\" \/>\n<meta name=\"twitter:label1\" content=\"Dur\u00e9e de lecture estim\u00e9e\" \/>\n\t<meta name=\"twitter:data1\" content=\"1 minute\" \/>\n<script type=\"application\/ld+json\" class=\"yoast-schema-graph\">{\"@context\":\"https:\/\/schema.org\",\"@graph\":[{\"@type\":\"WebSite\",\"@id\":\"https:\/\/global-exam.com\/blog\/#website\",\"url\":\"https:\/\/global-exam.com\/blog\/\",\"name\":\"GlobalExam Blog\",\"description\":\"Le blog du sp\\u00e9cialiste de la certification linguistique\",\"potentialAction\":[{\"@type\":\"SearchAction\",\"target\":{\"@type\":\"EntryPoint\",\"urlTemplate\":\"https:\/\/global-exam.com\/blog\/?s={search_term_string}\"},\"query-input\":\"required name=search_term_string\"}],\"inLanguage\":\"fr-FR\"},{\"@type\":\"WebPage\",\"@id\":\"https:\/\/global-exam.com\/blog\/es\/examenes\/widaf\/categoria-introduccion-al-widaf\/#webpage\",\"url\":\"https:\/\/global-exam.com\/blog\/es\/examenes\/widaf\/categoria-introduccion-al-widaf\/\",\"name\":\"Introducci\\u00f3n al WiDaF\",\"isPartOf\":{\"@id\":\"https:\/\/global-exam.com\/blog\/#website\"},\"datePublished\":\"2021-12-14T11:11:15+00:00\",\"dateModified\":\"2022-06-27T14:43:54+00:00\",\"breadcrumb\":{\"@id\":\"https:\/\/global-exam.com\/blog\/es\/examenes\/widaf\/categoria-introduccion-al-widaf\/#breadcrumb\"},\"inLanguage\":\"fr-FR\",\"potentialAction\":[{\"@type\":\"ReadAction\",\"target\":[\"https:\/\/global-exam.com\/blog\/es\/examenes\/widaf\/categoria-introduccion-al-widaf\/\"]}]},{\"@type\":\"BreadcrumbList\",\"@id\":\"https:\/\/global-exam.com\/blog\/es\/examenes\/widaf\/categoria-introduccion-al-widaf\/#breadcrumb\",\"itemListElement\":[{\"@type\":\"ListItem\",\"position\":1,\"name\":\"Ex\\u00e1menes de idioma\",\"item\":\"https:\/\/global-exam.com\/blog\/es\/examenes\/\"},{\"@type\":\"ListItem\",\"position\":2,\"name\":\"WiDaF\",\"item\":\"https:\/\/global-exam.com\/blog\/es\/examenes\/widaf\/\"},{\"@type\":\"ListItem\",\"position\":3,\"name\":\"Introducci\\u00f3n al WiDaF\"}]}]}<\/script>\n<!-- \/ Yoast SEO plugin. -->","yoast_head_json":{"title":"Introducci\u00f3n al WiDaF","robots":{"index":"index","follow":"follow","max-snippet":"max-snippet:-1","max-image-preview":"max-image-preview:large","max-video-preview":"max-video-preview:-1"},"canonical":"https:\/\/global-exam.com\/blog\/es\/examenes\/widaf\/categoria-introduccion-al-widaf\/","og_locale":"fr_FR","og_type":"article","og_title":"Introducci\u00f3n al WiDaF","og_description":"\u00bfDeseas\u00a0evaluar tu nivel de alem\u00e1n profesional?\u00a0 \u00a1El WiDaF es tu test!\u00a0El WIDAF es una\u00a0prueba oficial de nivel de alem\u00e1n, administrada y organizada [&hellip;]","og_url":"https:\/\/global-exam.com\/blog\/es\/examenes\/widaf\/categoria-introduccion-al-widaf\/","og_site_name":"GlobalExam Blog","article_publisher":"https:\/\/www.facebook.com\/Global.Exam","article_modified_time":"2022-06-27T14:43:54+00:00","twitter_card":"summary_large_image","twitter_site":"@Global_Exam","twitter_misc":{"Dur\u00e9e de lecture estim\u00e9e":"1 minute"},"schema":{"@context":"https:\/\/schema.org","@graph":[{"@type":"WebSite","@id":"https:\/\/global-exam.com\/blog\/#website","url":"https:\/\/global-exam.com\/blog\/","name":"GlobalExam Blog","description":"Le blog du sp\u00e9cialiste de la certification linguistique","potentialAction":[{"@type":"SearchAction","target":{"@type":"EntryPoint","urlTemplate":"https:\/\/global-exam.com\/blog\/?s={search_term_string}"},"query-input":"required name=search_term_string"}],"inLanguage":"fr-FR"},{"@type":"WebPage","@id":"https:\/\/global-exam.com\/blog\/es\/examenes\/widaf\/categoria-introduccion-al-widaf\/#webpage","url":"https:\/\/global-exam.com\/blog\/es\/examenes\/widaf\/categoria-introduccion-al-widaf\/","name":"Introducci\u00f3n al WiDaF","isPartOf":{"@id":"https:\/\/global-exam.com\/blog\/#website"},"datePublished":"2021-12-14T11:11:15+00:00","dateModified":"2022-06-27T14:43:54+00:00","breadcrumb":{"@id":"https:\/\/global-exam.com\/blog\/es\/examenes\/widaf\/categoria-introduccion-al-widaf\/#breadcrumb"},"inLanguage":"fr-FR","potentialAction":[{"@type":"ReadAction","target":["https:\/\/global-exam.com\/blog\/es\/examenes\/widaf\/categoria-introduccion-al-widaf\/"]}]},{"@type":"BreadcrumbList","@id":"https:\/\/global-exam.com\/blog\/es\/examenes\/widaf\/categoria-introduccion-al-widaf\/#breadcrumb","itemListElement":[{"@type":"ListItem","position":1,"name":"Ex\u00e1menes de idioma","item":"https:\/\/global-exam.com\/blog\/es\/examenes\/"},{"@type":"ListItem","position":2,"name":"WiDaF","item":"https:\/\/global-exam.com\/blog\/es\/examenes\/widaf\/"},{"@type":"ListItem","position":3,"name":"Introducci\u00f3n al WiDaF"}]}]}},"lang":"es","translations":{"es":70625},"pll_sync_post":[],"_links":{"self":[{"href":"https:\/\/global-exam.com\/blog\/wp-json\/wp\/v2\/pages\/70625"}],"collection":[{"href":"https:\/\/global-exam.com\/blog\/wp-json\/wp\/v2\/pages"}],"about":[{"href":"https:\/\/global-exam.com\/blog\/wp-json\/wp\/v2\/types\/page"}],"author":[{"embeddable":true,"href":"https:\/\/global-exam.com\/blog\/wp-json\/wp\/v2\/users\/24"}],"replies":[{"embeddable":true,"href":"https:\/\/global-exam.com\/blog\/wp-json\/wp\/v2\/comments?post=70625"}],"version-history":[{"count":3,"href":"https:\/\/global-exam.com\/blog\/wp-json\/wp\/v2\/pages\/70625\/revisions"}],"predecessor-version":[{"id":76580,"href":"https:\/\/global-exam.com\/blog\/wp-json\/wp\/v2\/pages\/70625\/revisions\/76580"}],"up":[{"embeddable":true,"href":"https:\/\/global-exam.com\/blog\/wp-json\/wp\/v2\/pages\/18688"}],"wp:attachment":[{"href":"https:\/\/global-exam.com\/blog\/wp-json\/wp\/v2\/media?parent=70625"}],"curies":[{"name":"wp","href":"https:\/\/api.w.org\/{rel}","templated":true}]}}