{"id":70668,"date":"2021-12-14T14:45:50","date_gmt":"2021-12-14T13:45:50","guid":{"rendered":"https:\/\/global-exam.com\/blog\/?page_id=70668"},"modified":"2022-07-01T15:14:59","modified_gmt":"2022-07-01T13:14:59","slug":"categoria-vocabulario-en-ingles","status":"publish","type":"page","link":"https:\/\/global-exam.com\/blog\/es\/aprendizaje-de-idiomas\/general-english-aprende-ingles-online\/categoria-vocabulario-en-ingles\/","title":{"rendered":"Vocabulario en ingl\u00e9s"},"content":{"rendered":"<p>\u00bfQuieres\u00a0<strong>aprender ingl\u00e9s<\/strong>\u00a0o\u00a0<strong>mejorar tu nivel<\/strong>\u00a0en este idioma? Hay un elemento indispensable que necesitas tener siempre a mano: el vocabulario. Cualquiera que sea tu nivel, es fundamental que poseas un repertorio amplio que te permitir\u00e1 comprender mejor los textos orales y escritos, pero sobre todo poder expresarte sin dificultad.<\/p>\n<p>Descubre en esta secci\u00f3n\u00a0<strong>vocabulario esencial<\/strong>\u00a0para poder hablar de tu entorno inmediato y de todo lo\u00a0<strong>relacionado con la vida cotidiana:<\/strong>\u00a0la ropa, los n\u00fameros cardinales y ordinales, los colores, las partes del cuerpo, comidas y bebidas, los pa\u00edses y nacionalidades, los nombres de animales\u2026<\/p>\n<p>Adem\u00e1s de vocabulario, te proporcionamos lo que necesitas para poder\u00a0<strong>comunicar de manera efectiva<\/strong>: aprende a decir la fecha y la hora, a pedir o indicar una direcci\u00f3n, a hablar de los miembros de tu familia, del tiempo, a comunicar durante un viaje y a expresar tus sentimientos.<\/p>\n<p>Tambi\u00e9n te proporcionamos\u00a0<strong>consejos<\/strong>\u00a0para que sepas en qu\u00e9 contexto usar cada t\u00e9rmino y para que tengas cuidado con los falsos amigos: esas palabras que se parecen mucho en dos idiomas, pero que tienen un significado totalmente distinto.<\/p>\n<p>Te mostramos tambi\u00e9n una gran variedad de\u00a0<strong>expresiones idiom\u00e1ticas<\/strong>\u00a0para que te expreses con la espontaneidad y la precisi\u00f3n de un hablante nativo.<\/p>\n<p>Nuestras\u00a0<strong>fichas pr\u00e1cticas<\/strong>\u00a0van acompa\u00f1adas de ejercicios para que puedas practicar y asimilar el vocabulario que te proporcionamos. Adem\u00e1s, estas fichas te ser\u00e1n tambi\u00e9n \u00fatiles si deseas presentarte a diferentes certificaciones de ingl\u00e9s.<\/p>\n<p>A trav\u00e9s de su plataforma e-learning GlobalExam te proporciona una gran variedad de\u00a0<strong>recursos<\/strong>, adem\u00e1s de tips y de consejos de expertos en certificaciones, para que puedas\u00a0<strong>mejorar y certificar tu nivel de ingl\u00e9s<\/strong>. Podr\u00e1s entrenarte en funci\u00f3n del nivel que te corresponda, de tu tema predilecto o del aspecto del idioma que desees trabajar. Gracias a esta flexibilidad a la hora de utilizar el material pedag\u00f3gico, y a la posibilidad de trabajar a tu ritmo, tendr\u00e1s ganas de practicar de manera regular y ver\u00e1s r\u00e1pidamente el progreso en tu aprendizaje.<\/p>\n","protected":false},"excerpt":{"rendered":"<p>\u00bfQuieres\u00a0aprender ingl\u00e9s\u00a0o\u00a0mejorar tu nivel\u00a0en este idioma? Hay un elemento indispensable que necesitas tener siempre a mano: el vocabulario. Cualquiera que sea tu [&hellip;]<\/p>\n","protected":false},"author":24,"featured_media":0,"parent":44616,"menu_order":0,"comment_status":"closed","ping_status":"closed","template":"","meta":[],"acf":[],"yoast_head":"<!-- This site is optimized with the Yoast SEO plugin v17.2.1 - https:\/\/yoast.com\/wordpress\/plugins\/seo\/ -->\n<title>Vocabulario en ingl\u00e9s<\/title>\n<meta name=\"robots\" content=\"index, follow, max-snippet:-1, max-image-preview:large, max-video-preview:-1\" \/>\n<link rel=\"canonical\" href=\"https:\/\/global-exam.com\/blog\/es\/aprendizaje-de-idiomas\/general-english-aprende-ingles-online\/categoria-vocabulario-en-ingles\/\" \/>\n<meta property=\"og:locale\" content=\"fr_FR\" \/>\n<meta property=\"og:type\" content=\"article\" \/>\n<meta property=\"og:title\" content=\"Vocabulario en ingl\u00e9s\" \/>\n<meta property=\"og:description\" content=\"\u00bfQuieres\u00a0aprender ingl\u00e9s\u00a0o\u00a0mejorar tu nivel\u00a0en este idioma? Hay un elemento indispensable que necesitas tener siempre a mano: el vocabulario. Cualquiera que sea tu [&hellip;]\" \/>\n<meta property=\"og:url\" content=\"https:\/\/global-exam.com\/blog\/es\/aprendizaje-de-idiomas\/general-english-aprende-ingles-online\/categoria-vocabulario-en-ingles\/\" \/>\n<meta property=\"og:site_name\" content=\"GlobalExam Blog\" \/>\n<meta property=\"article:publisher\" content=\"https:\/\/www.facebook.com\/Global.Exam\" \/>\n<meta property=\"article:modified_time\" content=\"2022-07-01T13:14:59+00:00\" \/>\n<meta name=\"twitter:card\" content=\"summary_large_image\" \/>\n<meta name=\"twitter:site\" content=\"@Global_Exam\" \/>\n<meta name=\"twitter:label1\" content=\"Dur\u00e9e de lecture estim\u00e9e\" \/>\n\t<meta name=\"twitter:data1\" content=\"2 minutes\" \/>\n<script type=\"application\/ld+json\" class=\"yoast-schema-graph\">{\"@context\":\"https:\/\/schema.org\",\"@graph\":[{\"@type\":\"WebSite\",\"@id\":\"https:\/\/global-exam.com\/blog\/#website\",\"url\":\"https:\/\/global-exam.com\/blog\/\",\"name\":\"GlobalExam Blog\",\"description\":\"Le blog du sp\\u00e9cialiste de la certification linguistique\",\"potentialAction\":[{\"@type\":\"SearchAction\",\"target\":{\"@type\":\"EntryPoint\",\"urlTemplate\":\"https:\/\/global-exam.com\/blog\/?s={search_term_string}\"},\"query-input\":\"required name=search_term_string\"}],\"inLanguage\":\"fr-FR\"},{\"@type\":\"WebPage\",\"@id\":\"https:\/\/global-exam.com\/blog\/es\/aprendizaje-de-idiomas\/general-english-aprende-ingles-online\/categoria-vocabulario-en-ingles\/#webpage\",\"url\":\"https:\/\/global-exam.com\/blog\/es\/aprendizaje-de-idiomas\/general-english-aprende-ingles-online\/categoria-vocabulario-en-ingles\/\",\"name\":\"Vocabulario en ingl\\u00e9s\",\"isPartOf\":{\"@id\":\"https:\/\/global-exam.com\/blog\/#website\"},\"datePublished\":\"2021-12-14T13:45:50+00:00\",\"dateModified\":\"2022-07-01T13:14:59+00:00\",\"breadcrumb\":{\"@id\":\"https:\/\/global-exam.com\/blog\/es\/aprendizaje-de-idiomas\/general-english-aprende-ingles-online\/categoria-vocabulario-en-ingles\/#breadcrumb\"},\"inLanguage\":\"fr-FR\",\"potentialAction\":[{\"@type\":\"ReadAction\",\"target\":[\"https:\/\/global-exam.com\/blog\/es\/aprendizaje-de-idiomas\/general-english-aprende-ingles-online\/categoria-vocabulario-en-ingles\/\"]}]},{\"@type\":\"BreadcrumbList\",\"@id\":\"https:\/\/global-exam.com\/blog\/es\/aprendizaje-de-idiomas\/general-english-aprende-ingles-online\/categoria-vocabulario-en-ingles\/#breadcrumb\",\"itemListElement\":[{\"@type\":\"ListItem\",\"position\":1,\"name\":\"Aprendizaje de idiomas\",\"item\":\"https:\/\/global-exam.com\/blog\/es\/aprendizaje-de-idiomas\/\"},{\"@type\":\"ListItem\",\"position\":2,\"name\":\"Aprende ingl\\u00e9s online con el Global General !\",\"item\":\"https:\/\/global-exam.com\/blog\/es\/aprendizaje-de-idiomas\/general-english-aprende-ingles-online\/\"},{\"@type\":\"ListItem\",\"position\":3,\"name\":\"Vocabulario en ingl\\u00e9s\"}]}]}<\/script>\n<!-- \/ Yoast SEO plugin. -->","yoast_head_json":{"title":"Vocabulario en ingl\u00e9s","robots":{"index":"index","follow":"follow","max-snippet":"max-snippet:-1","max-image-preview":"max-image-preview:large","max-video-preview":"max-video-preview:-1"},"canonical":"https:\/\/global-exam.com\/blog\/es\/aprendizaje-de-idiomas\/general-english-aprende-ingles-online\/categoria-vocabulario-en-ingles\/","og_locale":"fr_FR","og_type":"article","og_title":"Vocabulario en ingl\u00e9s","og_description":"\u00bfQuieres\u00a0aprender ingl\u00e9s\u00a0o\u00a0mejorar tu nivel\u00a0en este idioma? Hay un elemento indispensable que necesitas tener siempre a mano: el vocabulario. Cualquiera que sea tu [&hellip;]","og_url":"https:\/\/global-exam.com\/blog\/es\/aprendizaje-de-idiomas\/general-english-aprende-ingles-online\/categoria-vocabulario-en-ingles\/","og_site_name":"GlobalExam Blog","article_publisher":"https:\/\/www.facebook.com\/Global.Exam","article_modified_time":"2022-07-01T13:14:59+00:00","twitter_card":"summary_large_image","twitter_site":"@Global_Exam","twitter_misc":{"Dur\u00e9e de lecture estim\u00e9e":"2 minutes"},"schema":{"@context":"https:\/\/schema.org","@graph":[{"@type":"WebSite","@id":"https:\/\/global-exam.com\/blog\/#website","url":"https:\/\/global-exam.com\/blog\/","name":"GlobalExam Blog","description":"Le blog du sp\u00e9cialiste de la certification linguistique","potentialAction":[{"@type":"SearchAction","target":{"@type":"EntryPoint","urlTemplate":"https:\/\/global-exam.com\/blog\/?s={search_term_string}"},"query-input":"required name=search_term_string"}],"inLanguage":"fr-FR"},{"@type":"WebPage","@id":"https:\/\/global-exam.com\/blog\/es\/aprendizaje-de-idiomas\/general-english-aprende-ingles-online\/categoria-vocabulario-en-ingles\/#webpage","url":"https:\/\/global-exam.com\/blog\/es\/aprendizaje-de-idiomas\/general-english-aprende-ingles-online\/categoria-vocabulario-en-ingles\/","name":"Vocabulario en ingl\u00e9s","isPartOf":{"@id":"https:\/\/global-exam.com\/blog\/#website"},"datePublished":"2021-12-14T13:45:50+00:00","dateModified":"2022-07-01T13:14:59+00:00","breadcrumb":{"@id":"https:\/\/global-exam.com\/blog\/es\/aprendizaje-de-idiomas\/general-english-aprende-ingles-online\/categoria-vocabulario-en-ingles\/#breadcrumb"},"inLanguage":"fr-FR","potentialAction":[{"@type":"ReadAction","target":["https:\/\/global-exam.com\/blog\/es\/aprendizaje-de-idiomas\/general-english-aprende-ingles-online\/categoria-vocabulario-en-ingles\/"]}]},{"@type":"BreadcrumbList","@id":"https:\/\/global-exam.com\/blog\/es\/aprendizaje-de-idiomas\/general-english-aprende-ingles-online\/categoria-vocabulario-en-ingles\/#breadcrumb","itemListElement":[{"@type":"ListItem","position":1,"name":"Aprendizaje de idiomas","item":"https:\/\/global-exam.com\/blog\/es\/aprendizaje-de-idiomas\/"},{"@type":"ListItem","position":2,"name":"Aprende ingl\u00e9s online con el Global General !","item":"https:\/\/global-exam.com\/blog\/es\/aprendizaje-de-idiomas\/general-english-aprende-ingles-online\/"},{"@type":"ListItem","position":3,"name":"Vocabulario en ingl\u00e9s"}]}]}},"lang":"es","translations":{"es":70668},"pll_sync_post":[],"_links":{"self":[{"href":"https:\/\/global-exam.com\/blog\/wp-json\/wp\/v2\/pages\/70668"}],"collection":[{"href":"https:\/\/global-exam.com\/blog\/wp-json\/wp\/v2\/pages"}],"about":[{"href":"https:\/\/global-exam.com\/blog\/wp-json\/wp\/v2\/types\/page"}],"author":[{"embeddable":true,"href":"https:\/\/global-exam.com\/blog\/wp-json\/wp\/v2\/users\/24"}],"replies":[{"embeddable":true,"href":"https:\/\/global-exam.com\/blog\/wp-json\/wp\/v2\/comments?post=70668"}],"version-history":[{"count":3,"href":"https:\/\/global-exam.com\/blog\/wp-json\/wp\/v2\/pages\/70668\/revisions"}],"predecessor-version":[{"id":77252,"href":"https:\/\/global-exam.com\/blog\/wp-json\/wp\/v2\/pages\/70668\/revisions\/77252"}],"up":[{"embeddable":true,"href":"https:\/\/global-exam.com\/blog\/wp-json\/wp\/v2\/pages\/44616"}],"wp:attachment":[{"href":"https:\/\/global-exam.com\/blog\/wp-json\/wp\/v2\/media?parent=70668"}],"curies":[{"name":"wp","href":"https:\/\/api.w.org\/{rel}","templated":true}]}}