{"id":70730,"date":"2021-12-14T15:37:04","date_gmt":"2021-12-14T14:37:04","guid":{"rendered":"https:\/\/global-exam.com\/blog\/?page_id=70730"},"modified":"2022-08-18T16:30:39","modified_gmt":"2022-08-18T14:30:39","slug":"categorie-situations-de-communication-en-italien","status":"publish","type":"page","link":"https:\/\/global-exam.com\/blog\/fr\/apprentissage-des-langues\/general-italian-apprenez-litalien-en-ligne\/categorie-situations-de-communication-en-italien\/","title":{"rendered":"Situations de communication en italien"},"content":{"rendered":"<p>Ma\u00eetriser l&rsquo;italien dans toutes les situations<\/p>\n<p><span style=\"font-weight: 400;\">Dans cette cat\u00e9gorie vous pouvez retrouver <\/span><b>toutes nos fiches qui permettent de ma\u00eetriser les situations courantes en italien.<\/b><\/p>\n<p><span style=\"font-weight: 400;\">Quel que soit votre projet, que ce soit pour vos \u00e9tudes, le travail ou pour le passage d\u2019un examen, vous aurez besoin de <\/span><b>comprendre et savoir dialoguer en italien<\/b><span style=\"font-weight: 400;\">. Lors d\u2019un voyage vous vous retrouverez directement confront\u00e9s \u00e0 diff\u00e9rentes situations de la vie courante, c\u2019est pourquoi nous avons con\u00e7u des fiches pour vous aider.<\/span><\/p>\n<p><span style=\"font-weight: 400;\"><b>Nos conseils et nos indications pour apprendre l\u2019italien sont accessibles directement sur notre blog.<\/b>De plus, lorsque vous pr\u00e9parez un examen linguistique, vous aurez besoin de vous entra\u00eener \u00e0 parler la langue. Vous pouvez vous renseigner davantage dans nos articles consacr\u00e9s \u00e0 ce sujet.<\/span><\/p>\n","protected":false},"excerpt":{"rendered":"<p>Ma\u00eetriser l&rsquo;italien dans toutes les situations Dans cette cat\u00e9gorie vous pouvez retrouver toutes nos fiches qui permettent de ma\u00eetriser les situations courantes [&hellip;]<\/p>\n","protected":false},"author":24,"featured_media":77093,"parent":66325,"menu_order":0,"comment_status":"closed","ping_status":"closed","template":"","meta":[],"acf":[],"yoast_head":"<!-- This site is optimized with the Yoast SEO plugin v17.2.1 - https:\/\/yoast.com\/wordpress\/plugins\/seo\/ -->\n<title>Situations de communication en italien<\/title>\n<meta name=\"robots\" content=\"index, follow, max-snippet:-1, max-image-preview:large, max-video-preview:-1\" \/>\n<link rel=\"canonical\" href=\"https:\/\/global-exam.com\/blog\/fr\/apprentissage-des-langues\/general-italian-apprenez-litalien-en-ligne\/categorie-situations-de-communication-en-italien\/\" \/>\n<meta property=\"og:locale\" content=\"fr_FR\" \/>\n<meta property=\"og:type\" content=\"article\" \/>\n<meta property=\"og:title\" content=\"Situations de communication en italien\" \/>\n<meta property=\"og:description\" content=\"Ma\u00eetriser l&rsquo;italien dans toutes les situations Dans cette cat\u00e9gorie vous pouvez retrouver toutes nos fiches qui permettent de ma\u00eetriser les situations courantes [&hellip;]\" \/>\n<meta property=\"og:url\" content=\"https:\/\/global-exam.com\/blog\/fr\/apprentissage-des-langues\/general-italian-apprenez-litalien-en-ligne\/categorie-situations-de-communication-en-italien\/\" \/>\n<meta property=\"og:site_name\" content=\"GlobalExam Blog\" \/>\n<meta property=\"article:publisher\" content=\"https:\/\/www.facebook.com\/Global.Exam\" \/>\n<meta property=\"article:modified_time\" content=\"2022-08-18T14:30:39+00:00\" \/>\n<meta property=\"og:image\" content=\"https:\/\/global-exam.com\/blog\/wp-content\/uploads\/2022\/06\/apprendre-langues-e1656516516331.jpg\" \/>\n\t<meta property=\"og:image:width\" content=\"650\" \/>\n\t<meta property=\"og:image:height\" content=\"650\" \/>\n<meta name=\"twitter:card\" content=\"summary_large_image\" \/>\n<meta name=\"twitter:site\" content=\"@Global_Exam\" \/>\n<meta name=\"twitter:label1\" content=\"Dur\u00e9e de lecture estim\u00e9e\" \/>\n\t<meta name=\"twitter:data1\" content=\"3 minutes\" \/>\n<script type=\"application\/ld+json\" class=\"yoast-schema-graph\">{\"@context\":\"https:\/\/schema.org\",\"@graph\":[{\"@type\":\"WebSite\",\"@id\":\"https:\/\/global-exam.com\/blog\/#website\",\"url\":\"https:\/\/global-exam.com\/blog\/\",\"name\":\"GlobalExam Blog\",\"description\":\"Le blog du sp\\u00e9cialiste de la certification linguistique\",\"potentialAction\":[{\"@type\":\"SearchAction\",\"target\":{\"@type\":\"EntryPoint\",\"urlTemplate\":\"https:\/\/global-exam.com\/blog\/?s={search_term_string}\"},\"query-input\":\"required name=search_term_string\"}],\"inLanguage\":\"fr-FR\"},{\"@type\":\"ImageObject\",\"@id\":\"https:\/\/global-exam.com\/blog\/fr\/apprentissage-des-langues\/general-italian-apprenez-litalien-en-ligne\/categorie-situations-de-communication-en-italien\/#primaryimage\",\"inLanguage\":\"fr-FR\",\"url\":\"https:\/\/global-exam.com\/blog\/wp-content\/uploads\/2022\/06\/apprendre-langues-e1656516516331.jpg\",\"contentUrl\":\"https:\/\/global-exam.com\/blog\/wp-content\/uploads\/2022\/06\/apprendre-langues-e1656516516331.jpg\",\"width\":650,\"height\":650,\"caption\":\"Apprendre les langues en ligne\"},{\"@type\":\"WebPage\",\"@id\":\"https:\/\/global-exam.com\/blog\/fr\/apprentissage-des-langues\/general-italian-apprenez-litalien-en-ligne\/categorie-situations-de-communication-en-italien\/#webpage\",\"url\":\"https:\/\/global-exam.com\/blog\/fr\/apprentissage-des-langues\/general-italian-apprenez-litalien-en-ligne\/categorie-situations-de-communication-en-italien\/\",\"name\":\"Situations de communication en italien\",\"isPartOf\":{\"@id\":\"https:\/\/global-exam.com\/blog\/#website\"},\"primaryImageOfPage\":{\"@id\":\"https:\/\/global-exam.com\/blog\/fr\/apprentissage-des-langues\/general-italian-apprenez-litalien-en-ligne\/categorie-situations-de-communication-en-italien\/#primaryimage\"},\"datePublished\":\"2021-12-14T14:37:04+00:00\",\"dateModified\":\"2022-08-18T14:30:39+00:00\",\"breadcrumb\":{\"@id\":\"https:\/\/global-exam.com\/blog\/fr\/apprentissage-des-langues\/general-italian-apprenez-litalien-en-ligne\/categorie-situations-de-communication-en-italien\/#breadcrumb\"},\"inLanguage\":\"fr-FR\",\"potentialAction\":[{\"@type\":\"ReadAction\",\"target\":[\"https:\/\/global-exam.com\/blog\/fr\/apprentissage-des-langues\/general-italian-apprenez-litalien-en-ligne\/categorie-situations-de-communication-en-italien\/\"]}]},{\"@type\":\"BreadcrumbList\",\"@id\":\"https:\/\/global-exam.com\/blog\/fr\/apprentissage-des-langues\/general-italian-apprenez-litalien-en-ligne\/categorie-situations-de-communication-en-italien\/#breadcrumb\",\"itemListElement\":[{\"@type\":\"ListItem\",\"position\":1,\"name\":\"Apprentissage des langues\",\"item\":\"https:\/\/global-exam.com\/blog\/fr\/apprentissage-des-langues\/\"},{\"@type\":\"ListItem\",\"position\":2,\"name\":\"Apprenez l&rsquo;italien en ligne : General Italiano\",\"item\":\"https:\/\/global-exam.com\/blog\/fr\/apprentissage-des-langues\/general-italian-apprenez-litalien-en-ligne\/\"},{\"@type\":\"ListItem\",\"position\":3,\"name\":\"Situations de communication en italien\"}]}]}<\/script>\n<!-- \/ Yoast SEO plugin. -->","yoast_head_json":{"title":"Situations de communication en italien","robots":{"index":"index","follow":"follow","max-snippet":"max-snippet:-1","max-image-preview":"max-image-preview:large","max-video-preview":"max-video-preview:-1"},"canonical":"https:\/\/global-exam.com\/blog\/fr\/apprentissage-des-langues\/general-italian-apprenez-litalien-en-ligne\/categorie-situations-de-communication-en-italien\/","og_locale":"fr_FR","og_type":"article","og_title":"Situations de communication en italien","og_description":"Ma\u00eetriser l&rsquo;italien dans toutes les situations Dans cette cat\u00e9gorie vous pouvez retrouver toutes nos fiches qui permettent de ma\u00eetriser les situations courantes [&hellip;]","og_url":"https:\/\/global-exam.com\/blog\/fr\/apprentissage-des-langues\/general-italian-apprenez-litalien-en-ligne\/categorie-situations-de-communication-en-italien\/","og_site_name":"GlobalExam Blog","article_publisher":"https:\/\/www.facebook.com\/Global.Exam","article_modified_time":"2022-08-18T14:30:39+00:00","og_image":[{"width":650,"height":650,"url":"https:\/\/global-exam.com\/blog\/wp-content\/uploads\/2022\/06\/apprendre-langues-e1656516516331.jpg","path":"\/home\/forge\/prod-20220704.global-exam.com\/wp-content\/uploads\/2022\/06\/apprendre-langues-e1656516516331.jpg","size":"full","id":77093,"alt":"Apprendre les langues en ligne","pixels":422500,"type":"image\/jpeg"}],"twitter_card":"summary_large_image","twitter_site":"@Global_Exam","twitter_misc":{"Dur\u00e9e de lecture estim\u00e9e":"3 minutes"},"schema":{"@context":"https:\/\/schema.org","@graph":[{"@type":"WebSite","@id":"https:\/\/global-exam.com\/blog\/#website","url":"https:\/\/global-exam.com\/blog\/","name":"GlobalExam Blog","description":"Le blog du sp\u00e9cialiste de la certification linguistique","potentialAction":[{"@type":"SearchAction","target":{"@type":"EntryPoint","urlTemplate":"https:\/\/global-exam.com\/blog\/?s={search_term_string}"},"query-input":"required name=search_term_string"}],"inLanguage":"fr-FR"},{"@type":"ImageObject","@id":"https:\/\/global-exam.com\/blog\/fr\/apprentissage-des-langues\/general-italian-apprenez-litalien-en-ligne\/categorie-situations-de-communication-en-italien\/#primaryimage","inLanguage":"fr-FR","url":"https:\/\/global-exam.com\/blog\/wp-content\/uploads\/2022\/06\/apprendre-langues-e1656516516331.jpg","contentUrl":"https:\/\/global-exam.com\/blog\/wp-content\/uploads\/2022\/06\/apprendre-langues-e1656516516331.jpg","width":650,"height":650,"caption":"Apprendre les langues en ligne"},{"@type":"WebPage","@id":"https:\/\/global-exam.com\/blog\/fr\/apprentissage-des-langues\/general-italian-apprenez-litalien-en-ligne\/categorie-situations-de-communication-en-italien\/#webpage","url":"https:\/\/global-exam.com\/blog\/fr\/apprentissage-des-langues\/general-italian-apprenez-litalien-en-ligne\/categorie-situations-de-communication-en-italien\/","name":"Situations de communication en italien","isPartOf":{"@id":"https:\/\/global-exam.com\/blog\/#website"},"primaryImageOfPage":{"@id":"https:\/\/global-exam.com\/blog\/fr\/apprentissage-des-langues\/general-italian-apprenez-litalien-en-ligne\/categorie-situations-de-communication-en-italien\/#primaryimage"},"datePublished":"2021-12-14T14:37:04+00:00","dateModified":"2022-08-18T14:30:39+00:00","breadcrumb":{"@id":"https:\/\/global-exam.com\/blog\/fr\/apprentissage-des-langues\/general-italian-apprenez-litalien-en-ligne\/categorie-situations-de-communication-en-italien\/#breadcrumb"},"inLanguage":"fr-FR","potentialAction":[{"@type":"ReadAction","target":["https:\/\/global-exam.com\/blog\/fr\/apprentissage-des-langues\/general-italian-apprenez-litalien-en-ligne\/categorie-situations-de-communication-en-italien\/"]}]},{"@type":"BreadcrumbList","@id":"https:\/\/global-exam.com\/blog\/fr\/apprentissage-des-langues\/general-italian-apprenez-litalien-en-ligne\/categorie-situations-de-communication-en-italien\/#breadcrumb","itemListElement":[{"@type":"ListItem","position":1,"name":"Apprentissage des langues","item":"https:\/\/global-exam.com\/blog\/fr\/apprentissage-des-langues\/"},{"@type":"ListItem","position":2,"name":"Apprenez l&rsquo;italien en ligne : General Italiano","item":"https:\/\/global-exam.com\/blog\/fr\/apprentissage-des-langues\/general-italian-apprenez-litalien-en-ligne\/"},{"@type":"ListItem","position":3,"name":"Situations de communication en italien"}]}]}},"lang":"fr","translations":{"fr":70730},"pll_sync_post":[],"_links":{"self":[{"href":"https:\/\/global-exam.com\/blog\/wp-json\/wp\/v2\/pages\/70730"}],"collection":[{"href":"https:\/\/global-exam.com\/blog\/wp-json\/wp\/v2\/pages"}],"about":[{"href":"https:\/\/global-exam.com\/blog\/wp-json\/wp\/v2\/types\/page"}],"author":[{"embeddable":true,"href":"https:\/\/global-exam.com\/blog\/wp-json\/wp\/v2\/users\/24"}],"replies":[{"embeddable":true,"href":"https:\/\/global-exam.com\/blog\/wp-json\/wp\/v2\/comments?post=70730"}],"version-history":[{"count":7,"href":"https:\/\/global-exam.com\/blog\/wp-json\/wp\/v2\/pages\/70730\/revisions"}],"predecessor-version":[{"id":78253,"href":"https:\/\/global-exam.com\/blog\/wp-json\/wp\/v2\/pages\/70730\/revisions\/78253"}],"up":[{"embeddable":true,"href":"https:\/\/global-exam.com\/blog\/wp-json\/wp\/v2\/pages\/66325"}],"wp:featuredmedia":[{"embeddable":true,"href":"https:\/\/global-exam.com\/blog\/wp-json\/wp\/v2\/media\/77093"}],"wp:attachment":[{"href":"https:\/\/global-exam.com\/blog\/wp-json\/wp\/v2\/media?parent=70730"}],"curies":[{"name":"wp","href":"https:\/\/api.w.org\/{rel}","templated":true}]}}