{"id":70739,"date":"2021-12-14T16:05:34","date_gmt":"2021-12-14T15:05:34","guid":{"rendered":"https:\/\/global-exam.com\/blog\/?page_id=70739"},"modified":"2021-12-14T16:05:46","modified_gmt":"2021-12-14T15:05:46","slug":"categoria-donde-aprender-aleman","status":"publish","type":"page","link":"https:\/\/global-exam.com\/blog\/es\/aprender-el-aleman-con-el-global-general\/categoria-donde-aprender-aleman\/","title":{"rendered":"\u00bfD\u00f3nde aprender alem\u00e1n?"},"content":{"rendered":"<div class=\"fusion-fullwidth fullwidth-box fusion-builder-row-1 fusion-flex-container nonhundred-percent-fullwidth non-hundred-percent-height-scrolling\" style=\"background-color: rgba(255,255,255,0);background-position: center center;background-repeat: no-repeat;border-width: 0px 0px 0px 0px;border-color:#eae9e9;border-style:solid;\" ><div class=\"fusion-builder-row fusion-row fusion-flex-align-items-flex-start\" style=\"max-width:1456px;margin-left: calc(-4% \/ 2 );margin-right: calc(-4% \/ 2 );\"><div class=\"fusion-layout-column fusion_builder_column fusion-builder-column-0 fusion_builder_column_1_1 1_1 fusion-flex-column\"><div class=\"fusion-column-wrapper fusion-flex-justify-content-flex-start fusion-content-layout-column\" style=\"background-position:left top;background-repeat:no-repeat;-webkit-background-size:cover;-moz-background-size:cover;-o-background-size:cover;background-size:cover;padding: 0px 0px 0px 0px;\"><div class=\"fusion-text fusion-text-1\"><p>Tener conocimientos de alem\u00e1n te puede\u00a0<strong>abrir infinitas puertas, a nivel personal y profesional<\/strong>, ya sea en Alemania, o en tu propio pa\u00eds, a trav\u00e9s de las numerosas empresas alemanas implantadas. El alem\u00e1n es tambi\u00e9n la\u00a0<strong>segunda lengua m\u00e1s importante en el campo de la ciencia<\/strong>: ocupa el tercer puesto mundial en investigaci\u00f3n y desarrollo y ofrece becas de investigaci\u00f3n a cient\u00edficos extranjeros.<\/p>\n<p>Alemania concede muchas\u00a0<strong>becas de estudio<\/strong>, visados especiales de trabajo durante las vacaciones y, en determinadas profesiones, concede permisos de trabajo excepcionales. Gracias a tus conocimientos en alem\u00e1n podr\u00e1s tambi\u00e9n\u00a0<strong>viajar,<\/strong>\u00a0no s\u00f3lo a pa\u00edses de habla alemana sino a otros pa\u00edses de Europa, en particular de Europa del Este. Y descubrir el\u00a0<strong>patrimonio cultural alem\u00e1n<\/strong>, a trav\u00e9s de la\u00a0<strong>literatura,<\/strong>\u00a0la m\u00fasica, el arte o la filosof\u00eda.<\/p>\n<p>A trav\u00e9s de esta secci\u00f3n queremos apoyarte en tu proyecto de aprendizaje de esta lengua, cualesquiera que sean tus objetivos.\u00a0 Te mostramos aquellos\u00a0<strong>lugares en los que podr\u00e1s aprender este idioma<\/strong>, situados en algunas de las m\u00e1s importantes\u00a0<strong>ciudades espa\u00f1olas<\/strong>.<\/p>\n<\/div><style type=\"text\/css\">.fusion-accordian  #accordion-70739-1 .panel-title a .fa-fusion-box{ color: #ffffff;}.fusion-accordian  #accordion-70739-1 .panel-title a .fa-fusion-box:before{ font-size: 13px; width: 13px;}.fusion-accordian  #accordion-70739-1 .panel-title a{font-size:18px;}.fusion-accordian  #accordion-70739-1 .fa-fusion-box { background-color: #333333;border-color: #333333;}.fusion-accordian  #accordion-70739-1 .panel-title a:hover, #accordion-70739-1 .fusion-toggle-boxed-mode:hover .panel-title a { color: #fe6c35;}.fusion-accordian  #accordion-70739-1 .panel-title .active .fa-fusion-box,.fusion-accordian  #accordion-70739-1 .panel-title a:hover .fa-fusion-box { background-color: #fe6c35!important;border-color: #fe6c35!important;}<\/style><div class=\"accordian fusion-accordian\"><div class=\"panel-group\" id=\"accordion-70739-1\"><div class=\"fusion-panel panel-default fusion-toggle-no-divider\"><div class=\"panel-heading\"><h4 class=\"panel-title toggle\"><a aria-expanded=\"false\" aria-controls=\"1d690b91eb8e73726\" role=\"button\" data-toggle=\"collapse\" data-parent=\"#accordion-70739-1\" data-target=\"#1d690b91eb8e73726\" href=\"#1d690b91eb8e73726\"><span class=\"fusion-toggle-icon-wrapper\" aria-hidden=\"true\"><i class=\"fa-fusion-box\" aria-hidden=\"true\"><\/i><\/span><span class=\"fusion-toggle-heading\">Leer m\u00e1s<\/span><\/a><\/h4><\/div><div id=\"1d690b91eb8e73726\" class=\"panel-collapse collapse \"><div class=\"panel-body toggle-content fusion-clearfix\">\n<p>Te ofrecemos en primer lugar un panorama de los principales\u00a0<strong>cursos de alem\u00e1n<\/strong>\u00a0en Espa\u00f1a, las principales ciudades donde podr\u00e1s aprenderlo y\u00a0<strong>razones y consejos para que te lances a conocer este idioma<\/strong>. Te mostramos la oferta de cursos de alem\u00e1n disponible en Bilbao, y los cursos online, presenciales y dirigidos a ni\u00f1os que se desarrollan en\u00a0<strong>diversos centros y academias de Madrid<\/strong>. Por \u00faltimo, te hablamos de las ventajas y desventajas de estudiar en una academia y de las\u00a0<strong>posibilidades de estudiar en l\u00ednea<\/strong>.<\/p>\n<p>Esta es precisamente la opci\u00f3n que te ofrece GlobalExam a trav\u00e9s de su plataforma e-learning.\u00a0<strong>En funci\u00f3n de tu nivel<\/strong>, de tus objetivos y de tu ritmo de aprendizaje, podr\u00e1s acceder a un\u00a0<strong>contenido repleto de actividades l\u00fadicas<\/strong>, eficaces y adaptables para que trabajes de manera aut\u00f3noma. Beneficiar\u00e1s de correcciones instant\u00e1neas, con\u00a0<strong>explicaciones detalladas<\/strong>, y podr\u00e1s constatar\u00a0<strong>tu progreso<\/strong>\u00a0gracias a tus estad\u00edsticas de evaluaci\u00f3n. No esperes m\u00e1s: entra y pon todas nuestras posibilidades al servicio de tu aprendizaje.<\/p>\n<\/div><\/div><\/div><\/div><\/div><\/div><style type=\"text\/css\">.fusion-body .fusion-builder-column-0{width:100% !important;margin-top : 0px;margin-bottom : 20px;}.fusion-builder-column-0 > .fusion-column-wrapper {padding-top : 0px !important;padding-right : 0px !important;margin-right : 1.92%;padding-bottom : 0px !important;padding-left : 0px !important;margin-left : 1.92%;}@media only screen and (max-width:1024px) {.fusion-body .fusion-builder-column-0{width:100% !important;order : 0;}.fusion-builder-column-0 > .fusion-column-wrapper {margin-right : 1.92%;margin-left : 1.92%;}}@media only screen and (max-width:640px) {.fusion-body .fusion-builder-column-0{width:100% !important;order : 0;}.fusion-builder-column-0 > .fusion-column-wrapper {margin-right : 1.92%;margin-left : 1.92%;}}<\/style><\/div><div class=\"fusion-layout-column fusion_builder_column fusion-builder-column-1 fusion_builder_column_1_1 1_1 fusion-flex-column\"><div class=\"fusion-column-wrapper fusion-flex-justify-content-flex-start fusion-content-layout-column\" style=\"background-position:left top;background-repeat:no-repeat;-webkit-background-size:cover;-moz-background-size:cover;-o-background-size:cover;background-size:cover;padding: 0px 0px 0px 0px;\"><div class=\"fusion-blog-shortcode fusion-blog-shortcode-1 fusion-blog-archive fusion-blog-layout-grid-wrapper fusion-blog-pagination\"><style type=\"text\/css\">.fusion-blog-shortcode-1 .fusion-blog-layout-grid .fusion-post-grid{padding:20px;}.fusion-blog-shortcode-1 .fusion-posts-container{margin-left: -20px !important; margin-right:-20px !important;}<\/style><div class=\"fusion-posts-container fusion-posts-container-pagination fusion-blog-layout-grid fusion-blog-layout-grid-2 isotope fusion-blog-equal-heights\" data-pages=\"1\" data-grid-col-space=\"40\" style=\"margin: -20px -20px 0;min-height:500px;\"><article id=\"blog-1-post-62766\" class=\"fusion-post-grid post-62766 post type-post status-publish format-standard has-post-thumbnail hentry category-general-german-donde-aprender-aleman\">\n<div class=\"fusion-post-wrapper\" style=\"background-color:rgba(255,255,255,1);border:1px solid #eae9e9;border-bottom-width:3px;\">\n\n\t\t\t<div class=\"fusion-flexslider flexslider fusion-flexslider-loading fusion-post-slideshow\" style=\"border-color:#eae9e9;\">\n\t\t<ul class=\"slides\">\n\t\t\t\n\t\t\t\t\t\t\t\t\t\t\t\t\t\t<li><div  class=\"fusion-image-wrapper\" aria-haspopup=\"true\">\n\t\t\t\t  \t\t\t<a href=\"https:\/\/global-exam.com\/blog\/es\/general-german-aprender-aleman-en-espana-los-mejores-cursos-para-tu-preparacion\/\" aria-label=\"\u00bfD\u00f3nde aprender alem\u00e1n en Espa\u00f1a, cu\u00e1les son las cursos?\">\n\t\t\t\t\t\t\t<img width=\"1170\" height=\"541\" src=\"https:\/\/global-exam.com\/blog\/wp-content\/uploads\/2021\/09\/aprender-aleman-espana-e1631178729303.jpg\" class=\"attachment-full size-full wp-post-image\" alt=\"Aprende el aleman en Espa\u00f1a.\" srcset=\"https:\/\/global-exam.com\/blog\/wp-content\/uploads\/2021\/09\/aprender-aleman-espana-e1631178729303-200x92.jpg 200w, https:\/\/global-exam.com\/blog\/wp-content\/uploads\/2021\/09\/aprender-aleman-espana-e1631178729303-400x185.jpg 400w, https:\/\/global-exam.com\/blog\/wp-content\/uploads\/2021\/09\/aprender-aleman-espana-e1631178729303-600x277.jpg 600w, https:\/\/global-exam.com\/blog\/wp-content\/uploads\/2021\/09\/aprender-aleman-espana-e1631178729303-800x370.jpg 800w, https:\/\/global-exam.com\/blog\/wp-content\/uploads\/2021\/09\/aprender-aleman-espana-e1631178729303.jpg 1170w\" sizes=\"(min-width: 2200px) 100vw, (min-width: 732px) 680px, (min-width: 640px) 732px, \" \/>\t\t\t<\/a>\n\t\t\t\t\t\t\t\t<\/div>\n<\/li>\n\t\t\t\n\t\t\t\n\t\t\t\t\t\t\t\t<\/ul>\n\t<\/div>\n\t<div class=\"fusion-post-content-wrapper\" style=\"padding:30px 25px 20px 25px;\"><div class=\"fusion-post-content post-content\"><h2 class=\"blog-shortcode-post-title entry-title\"><a href=\"https:\/\/global-exam.com\/blog\/es\/general-german-aprender-aleman-en-espana-los-mejores-cursos-para-tu-preparacion\/\">\u00bfD\u00f3nde aprender alem\u00e1n en Espa\u00f1a, cu\u00e1les son las cursos?<\/a><\/h2><p class=\"fusion-single-line-meta\"><span class=\"updated\" style=\"display:none;\">2021-10-19T17:31:19+02:00<\/span><span>09\/09\/2021<\/span><span class=\"fusion-inline-sep\">|<\/span><\/p><div class=\"fusion-content-sep sep-single sep-solid\" style=\"border-color:#e0dede;\"><\/div><div class=\"fusion-post-content-container\"><p> Actualmente existe una amplia oferta de cursos de alem\u00e1n en Espa\u00f1a. Si deseas aprender alem\u00e1n, seguramente ya te habr\u00e1s dado cuenta de que la [...]<\/p><\/div><\/div><\/div><div class=\"fusion-clearfix\"><\/div><\/div>\n<\/article>\n<article id=\"blog-1-post-62756\" class=\"fusion-post-grid post-62756 post type-post status-publish format-standard has-post-thumbnail hentry category-general-german-donde-aprender-aleman\">\n<div class=\"fusion-post-wrapper\" style=\"background-color:rgba(255,255,255,1);border:1px solid #eae9e9;border-bottom-width:3px;\">\n\n\t\t\t<div class=\"fusion-flexslider flexslider fusion-flexslider-loading fusion-post-slideshow\" style=\"border-color:#eae9e9;\">\n\t\t<ul class=\"slides\">\n\t\t\t\n\t\t\t\t\t\t\t\t\t\t\t\t\t\t<li><div  class=\"fusion-image-wrapper\" aria-haspopup=\"true\">\n\t\t\t\t  \t\t\t<a href=\"https:\/\/global-exam.com\/blog\/es\/general-german-aprender-aleman-en-bilbao-que-curso-centro-o-academia-elegir\/\" aria-label=\"\u00bfD\u00f3nde aprender alem\u00e1n en Bilbao, cu\u00e1les son las academias?\">\n\t\t\t\t\t\t\t<img width=\"1170\" height=\"541\" src=\"https:\/\/global-exam.com\/blog\/wp-content\/uploads\/2021\/09\/aprender-aleman-bilbao-e1631177243272.jpg\" class=\"attachment-full size-full wp-post-image\" alt=\"Aprende el aleman en Bilbao.\" srcset=\"https:\/\/global-exam.com\/blog\/wp-content\/uploads\/2021\/09\/aprender-aleman-bilbao-e1631177243272-200x92.jpg 200w, https:\/\/global-exam.com\/blog\/wp-content\/uploads\/2021\/09\/aprender-aleman-bilbao-e1631177243272-400x185.jpg 400w, https:\/\/global-exam.com\/blog\/wp-content\/uploads\/2021\/09\/aprender-aleman-bilbao-e1631177243272-600x277.jpg 600w, https:\/\/global-exam.com\/blog\/wp-content\/uploads\/2021\/09\/aprender-aleman-bilbao-e1631177243272-800x370.jpg 800w, https:\/\/global-exam.com\/blog\/wp-content\/uploads\/2021\/09\/aprender-aleman-bilbao-e1631177243272.jpg 1170w\" sizes=\"(min-width: 2200px) 100vw, (min-width: 732px) 680px, (min-width: 640px) 732px, \" \/>\t\t\t<\/a>\n\t\t\t\t\t\t\t\t<\/div>\n<\/li>\n\t\t\t\n\t\t\t\n\t\t\t\t\t\t\t\t<\/ul>\n\t<\/div>\n\t<div class=\"fusion-post-content-wrapper\" style=\"padding:30px 25px 20px 25px;\"><div class=\"fusion-post-content post-content\"><h2 class=\"blog-shortcode-post-title entry-title\"><a href=\"https:\/\/global-exam.com\/blog\/es\/general-german-aprender-aleman-en-bilbao-que-curso-centro-o-academia-elegir\/\">\u00bfD\u00f3nde aprender alem\u00e1n en Bilbao, cu\u00e1les son las academias?<\/a><\/h2><p class=\"fusion-single-line-meta\"><span class=\"updated\" style=\"display:none;\">2021-10-19T17:11:02+02:00<\/span><span>09\/09\/2021<\/span><span class=\"fusion-inline-sep\">|<\/span><\/p><div class=\"fusion-content-sep sep-single sep-solid\" style=\"border-color:#e0dede;\"><\/div><div class=\"fusion-post-content-container\"><p> El aprendizaje del alem\u00e1n en Espa\u00f1a ha tomado mucha importancia en los \u00faltimos a\u00f1os.\u00a0 Ya sea por razones de estudio, de trabajo o de [...]<\/p><\/div><\/div><\/div><div class=\"fusion-clearfix\"><\/div><\/div>\n<\/article>\n<article id=\"blog-1-post-62740\" class=\"fusion-post-grid post-62740 post type-post status-publish format-standard has-post-thumbnail hentry category-general-german-donde-aprender-aleman\">\n<div class=\"fusion-post-wrapper\" style=\"background-color:rgba(255,255,255,1);border:1px solid #eae9e9;border-bottom-width:3px;\">\n\n\t\t\t<div class=\"fusion-flexslider flexslider fusion-flexslider-loading fusion-post-slideshow\" style=\"border-color:#eae9e9;\">\n\t\t<ul class=\"slides\">\n\t\t\t\n\t\t\t\t\t\t\t\t\t\t\t\t\t\t<li><div  class=\"fusion-image-wrapper\" aria-haspopup=\"true\">\n\t\t\t\t  \t\t\t<a href=\"https:\/\/global-exam.com\/blog\/es\/general-german-donde-aprender-aleman-en-madrid-los-mejores-cursos\/\" aria-label=\"Aprender alem\u00e1n en Madrid: cursos, ventajas y desventajas\">\n\t\t\t\t\t\t\t<img width=\"1170\" height=\"541\" src=\"https:\/\/global-exam.com\/blog\/wp-content\/uploads\/2021\/09\/aprender-aleman-madrid-e1631176331518.jpg\" class=\"attachment-full size-full wp-post-image\" alt=\"Descubre donde aprender el aleman en Madrid.\" srcset=\"https:\/\/global-exam.com\/blog\/wp-content\/uploads\/2021\/09\/aprender-aleman-madrid-e1631176331518-200x92.jpg 200w, https:\/\/global-exam.com\/blog\/wp-content\/uploads\/2021\/09\/aprender-aleman-madrid-e1631176331518-400x185.jpg 400w, https:\/\/global-exam.com\/blog\/wp-content\/uploads\/2021\/09\/aprender-aleman-madrid-e1631176331518-600x277.jpg 600w, https:\/\/global-exam.com\/blog\/wp-content\/uploads\/2021\/09\/aprender-aleman-madrid-e1631176331518-800x370.jpg 800w, https:\/\/global-exam.com\/blog\/wp-content\/uploads\/2021\/09\/aprender-aleman-madrid-e1631176331518.jpg 1170w\" sizes=\"(min-width: 2200px) 100vw, (min-width: 732px) 680px, (min-width: 640px) 732px, \" \/>\t\t\t<\/a>\n\t\t\t\t\t\t\t\t<\/div>\n<\/li>\n\t\t\t\n\t\t\t\n\t\t\t\t\t\t\t\t<\/ul>\n\t<\/div>\n\t<div class=\"fusion-post-content-wrapper\" style=\"padding:30px 25px 20px 25px;\"><div class=\"fusion-post-content post-content\"><h2 class=\"blog-shortcode-post-title entry-title\"><a href=\"https:\/\/global-exam.com\/blog\/es\/general-german-donde-aprender-aleman-en-madrid-los-mejores-cursos\/\">Aprender alem\u00e1n en Madrid: cursos, ventajas y desventajas<\/a><\/h2><p class=\"fusion-single-line-meta\"><span class=\"updated\" style=\"display:none;\">2021-10-19T17:46:48+02:00<\/span><span>09\/09\/2021<\/span><span class=\"fusion-inline-sep\">|<\/span><\/p><div class=\"fusion-content-sep sep-single sep-solid\" style=\"border-color:#e0dede;\"><\/div><div class=\"fusion-post-content-container\"><p> A pesar del auge de recursos para aprender idiomas en l\u00ednea, algunas personas siguen prefiriendo las clases presenciales, para mantener un cierto contacto social [...]<\/p><\/div><\/div><\/div><div class=\"fusion-clearfix\"><\/div><\/div>\n<\/article>\n<div class=\"fusion-clearfix\"><\/div><\/div><\/div><\/div><style type=\"text\/css\">.fusion-body .fusion-builder-column-1{width:100% !important;margin-top : 0px;margin-bottom : 0px;}.fusion-builder-column-1 > .fusion-column-wrapper {padding-top : 0px !important;padding-right : 0px !important;margin-right : 1.92%;padding-bottom : 0px !important;padding-left : 0px !important;margin-left : 1.92%;}@media only screen and (max-width:1024px) {.fusion-body .fusion-builder-column-1{width:100% !important;}.fusion-builder-column-1 > .fusion-column-wrapper {margin-right : 1.92%;margin-left : 1.92%;}}@media only screen and (max-width:640px) {.fusion-body .fusion-builder-column-1{width:100% !important;}.fusion-builder-column-1 > .fusion-column-wrapper {margin-right : 1.92%;margin-left : 1.92%;}}<\/style><\/div><\/div><style type=\"text\/css\">.fusion-body .fusion-flex-container.fusion-builder-row-1{ padding-top : 0px;margin-top : 0px;padding-right : 0px;padding-bottom : 0px;margin-bottom : 0px;padding-left : 0px;}<\/style><\/div>\n","protected":false},"excerpt":{"rendered":"","protected":false},"author":24,"featured_media":0,"parent":62217,"menu_order":0,"comment_status":"closed","ping_status":"closed","template":"","meta":[],"acf":[],"yoast_head":"<!-- This site is optimized with the Yoast SEO plugin v17.2.1 - https:\/\/yoast.com\/wordpress\/plugins\/seo\/ -->\n<title>\u00bfD\u00f3nde aprender alem\u00e1n?<\/title>\n<meta name=\"robots\" content=\"index, follow, max-snippet:-1, max-image-preview:large, max-video-preview:-1\" \/>\n<link rel=\"canonical\" href=\"https:\/\/global-exam.com\/blog\/es\/aprender-el-aleman-con-el-global-general\/categoria-donde-aprender-aleman\/\" \/>\n<meta property=\"og:locale\" content=\"fr_FR\" \/>\n<meta property=\"og:type\" content=\"article\" \/>\n<meta property=\"og:title\" content=\"\u00bfD\u00f3nde aprender alem\u00e1n?\" \/>\n<meta property=\"og:url\" content=\"https:\/\/global-exam.com\/blog\/es\/aprender-el-aleman-con-el-global-general\/categoria-donde-aprender-aleman\/\" \/>\n<meta property=\"og:site_name\" content=\"GlobalExam Blog\" \/>\n<meta property=\"article:publisher\" content=\"https:\/\/www.facebook.com\/Global.Exam\" \/>\n<meta property=\"article:modified_time\" content=\"2021-12-14T15:05:46+00:00\" \/>\n<meta name=\"twitter:card\" content=\"summary_large_image\" \/>\n<meta name=\"twitter:site\" content=\"@Global_Exam\" \/>\n<meta name=\"twitter:label1\" content=\"Dur\u00e9e de lecture estim\u00e9e\" \/>\n\t<meta name=\"twitter:data1\" content=\"5 minutes\" \/>\n<script type=\"application\/ld+json\" class=\"yoast-schema-graph\">{\"@context\":\"https:\/\/schema.org\",\"@graph\":[{\"@type\":\"WebSite\",\"@id\":\"https:\/\/global-exam.com\/blog\/#website\",\"url\":\"https:\/\/global-exam.com\/blog\/\",\"name\":\"GlobalExam Blog\",\"description\":\"Le blog du sp\\u00e9cialiste de la certification linguistique\",\"potentialAction\":[{\"@type\":\"SearchAction\",\"target\":{\"@type\":\"EntryPoint\",\"urlTemplate\":\"https:\/\/global-exam.com\/blog\/?s={search_term_string}\"},\"query-input\":\"required name=search_term_string\"}],\"inLanguage\":\"fr-FR\"},{\"@type\":\"WebPage\",\"@id\":\"https:\/\/global-exam.com\/blog\/es\/aprender-el-aleman-con-el-global-general\/categoria-donde-aprender-aleman\/#webpage\",\"url\":\"https:\/\/global-exam.com\/blog\/es\/aprender-el-aleman-con-el-global-general\/categoria-donde-aprender-aleman\/\",\"name\":\"\\u00bfD\\u00f3nde aprender alem\\u00e1n?\",\"isPartOf\":{\"@id\":\"https:\/\/global-exam.com\/blog\/#website\"},\"datePublished\":\"2021-12-14T15:05:34+00:00\",\"dateModified\":\"2021-12-14T15:05:46+00:00\",\"breadcrumb\":{\"@id\":\"https:\/\/global-exam.com\/blog\/es\/aprender-el-aleman-con-el-global-general\/categoria-donde-aprender-aleman\/#breadcrumb\"},\"inLanguage\":\"fr-FR\",\"potentialAction\":[{\"@type\":\"ReadAction\",\"target\":[\"https:\/\/global-exam.com\/blog\/es\/aprender-el-aleman-con-el-global-general\/categoria-donde-aprender-aleman\/\"]}]},{\"@type\":\"BreadcrumbList\",\"@id\":\"https:\/\/global-exam.com\/blog\/es\/aprender-el-aleman-con-el-global-general\/categoria-donde-aprender-aleman\/#breadcrumb\",\"itemListElement\":[{\"@type\":\"ListItem\",\"position\":1,\"name\":\"Aprender el alem\\u00e1n con el Global General\",\"item\":\"https:\/\/global-exam.com\/blog\/es\/general-german-aprender-el-aleman-online\/\"},{\"@type\":\"ListItem\",\"position\":2,\"name\":\"\\u00bfD\\u00f3nde aprender alem\\u00e1n?\"}]}]}<\/script>\n<!-- \/ Yoast SEO plugin. -->","yoast_head_json":{"title":"\u00bfD\u00f3nde aprender alem\u00e1n?","robots":{"index":"index","follow":"follow","max-snippet":"max-snippet:-1","max-image-preview":"max-image-preview:large","max-video-preview":"max-video-preview:-1"},"canonical":"https:\/\/global-exam.com\/blog\/es\/aprender-el-aleman-con-el-global-general\/categoria-donde-aprender-aleman\/","og_locale":"fr_FR","og_type":"article","og_title":"\u00bfD\u00f3nde aprender alem\u00e1n?","og_url":"https:\/\/global-exam.com\/blog\/es\/aprender-el-aleman-con-el-global-general\/categoria-donde-aprender-aleman\/","og_site_name":"GlobalExam Blog","article_publisher":"https:\/\/www.facebook.com\/Global.Exam","article_modified_time":"2021-12-14T15:05:46+00:00","twitter_card":"summary_large_image","twitter_site":"@Global_Exam","twitter_misc":{"Dur\u00e9e de lecture estim\u00e9e":"5 minutes"},"schema":{"@context":"https:\/\/schema.org","@graph":[{"@type":"WebSite","@id":"https:\/\/global-exam.com\/blog\/#website","url":"https:\/\/global-exam.com\/blog\/","name":"GlobalExam Blog","description":"Le blog du sp\u00e9cialiste de la certification linguistique","potentialAction":[{"@type":"SearchAction","target":{"@type":"EntryPoint","urlTemplate":"https:\/\/global-exam.com\/blog\/?s={search_term_string}"},"query-input":"required name=search_term_string"}],"inLanguage":"fr-FR"},{"@type":"WebPage","@id":"https:\/\/global-exam.com\/blog\/es\/aprender-el-aleman-con-el-global-general\/categoria-donde-aprender-aleman\/#webpage","url":"https:\/\/global-exam.com\/blog\/es\/aprender-el-aleman-con-el-global-general\/categoria-donde-aprender-aleman\/","name":"\u00bfD\u00f3nde aprender alem\u00e1n?","isPartOf":{"@id":"https:\/\/global-exam.com\/blog\/#website"},"datePublished":"2021-12-14T15:05:34+00:00","dateModified":"2021-12-14T15:05:46+00:00","breadcrumb":{"@id":"https:\/\/global-exam.com\/blog\/es\/aprender-el-aleman-con-el-global-general\/categoria-donde-aprender-aleman\/#breadcrumb"},"inLanguage":"fr-FR","potentialAction":[{"@type":"ReadAction","target":["https:\/\/global-exam.com\/blog\/es\/aprender-el-aleman-con-el-global-general\/categoria-donde-aprender-aleman\/"]}]},{"@type":"BreadcrumbList","@id":"https:\/\/global-exam.com\/blog\/es\/aprender-el-aleman-con-el-global-general\/categoria-donde-aprender-aleman\/#breadcrumb","itemListElement":[{"@type":"ListItem","position":1,"name":"Aprender el alem\u00e1n con el Global General","item":"https:\/\/global-exam.com\/blog\/es\/general-german-aprender-el-aleman-online\/"},{"@type":"ListItem","position":2,"name":"\u00bfD\u00f3nde aprender alem\u00e1n?"}]}]}},"lang":"es","translations":{"es":70739},"pll_sync_post":[],"_links":{"self":[{"href":"https:\/\/global-exam.com\/blog\/wp-json\/wp\/v2\/pages\/70739"}],"collection":[{"href":"https:\/\/global-exam.com\/blog\/wp-json\/wp\/v2\/pages"}],"about":[{"href":"https:\/\/global-exam.com\/blog\/wp-json\/wp\/v2\/types\/page"}],"author":[{"embeddable":true,"href":"https:\/\/global-exam.com\/blog\/wp-json\/wp\/v2\/users\/24"}],"replies":[{"embeddable":true,"href":"https:\/\/global-exam.com\/blog\/wp-json\/wp\/v2\/comments?post=70739"}],"version-history":[{"count":2,"href":"https:\/\/global-exam.com\/blog\/wp-json\/wp\/v2\/pages\/70739\/revisions"}],"predecessor-version":[{"id":70741,"href":"https:\/\/global-exam.com\/blog\/wp-json\/wp\/v2\/pages\/70739\/revisions\/70741"}],"up":[{"embeddable":true,"href":"https:\/\/global-exam.com\/blog\/wp-json\/wp\/v2\/pages\/62217"}],"wp:attachment":[{"href":"https:\/\/global-exam.com\/blog\/wp-json\/wp\/v2\/media?parent=70739"}],"curies":[{"name":"wp","href":"https:\/\/api.w.org\/{rel}","templated":true}]}}