{"id":73297,"date":"2022-01-03T17:10:08","date_gmt":"2022-01-03T16:10:08","guid":{"rendered":"https:\/\/global-exam.com\/blog\/?page_id=73297"},"modified":"2022-06-27T16:43:34","modified_gmt":"2022-06-27T14:43:34","slug":"categoria-vocabolario-cambridge-fce","status":"publish","type":"page","link":"https:\/\/global-exam.com\/blog\/it\/esami\/cambridge-fce\/categoria-vocabolario-cambridge-fce\/","title":{"rendered":"Vocabolario Cambridge FCE"},"content":{"rendered":"<p>\u00abLe parole sono importanti!\u00bb\u2026 E come dare torto al mitico Nanni Moretti? Dopotutto, sarebbe piuttosto complicato rispondere alle domande dell\u2019esame senza capire un\u2019acca di quello che ti viene richiesto! Se anche tu non hai dubbi al riguardo, questa \u00e8 la sezione che fa per te: negli articoli che leggerai qui, troverai un sacco di consigli utili all\u2019<strong>arricchimento del tuo vocabolario<\/strong>\u00a0in preparazione al test FCE.<\/p>\n<p>Apprendere e tenere a mente nuovi vocaboli in un\u2019altra lingua non \u00e8 sempre cos\u00ec facile, ma fortunatamente esistono molte vie e scorciatoie per arrivare a dei buoni risultati. Il miglior metodo \u00e8 ovviamente quello di\u00a0<strong>esercitarsi il pi\u00f9 possibile<\/strong>: per questo, esistono numerose risorse e strumenti, dai film alle serie, dalla musica ai libri. Ti stai domandando quali potrebbero essere i supporti e le tecniche di apprendimento pi\u00f9 adatte a te? Scopriamolo assieme!<\/p>\n<p>Tanto per iniziare, potrai usufruire delle <strong>risorse lessicali di GlobalExam<\/strong>: liste di parole, lezioni ed <strong>esercizi pratici<\/strong> per apprendere nuovi termini e nuove sfumature di significato utili sia per l\u2019esame, sia per la vita di tutti i giorni. Ricorda che l\u2019inglese \u00e8 la lingua pi\u00f9 utilizzata al mondo e, in effetti, ci imbattiamo in questa lingua sempre pi\u00f9 spesso, a volte senza nemmeno rendercene conto, che si tratti di consultare i nostri \u201caccount social\u201d o di leggere una \u201cnews\u201d sul \u201cweb\u201d: conoscere il maggior numero di parole possibili in inglese ti aiuter\u00e0 a migliorare la tua capacit\u00e0 di comunicazione, sia che tu stia affrontando il FCE, sia che tu stia viaggiando e debba chiedere indicazioni stradali!<\/p>\n<p>In questa categoria del blog, ti illustreremo in particolare quali sono secondo noi i migliori i e metodi per imparare \u2013 e soprattutto non scordare! \u2013 nuovi vocaboli in lingua inglese in <strong>modo efficace, spontaneo e coinvolgente<\/strong>. Fidati di GlobalExam: prepararsi al FCE e superarlo sar\u00e0 un gioco da ragazzi!<\/p>\n","protected":false},"excerpt":{"rendered":"<p>\u00abLe parole sono importanti!\u00bb\u2026 E come dare torto al mitico Nanni Moretti? Dopotutto, sarebbe piuttosto complicato rispondere alle domande dell\u2019esame senza capire [&hellip;]<\/p>\n","protected":false},"author":24,"featured_media":0,"parent":42319,"menu_order":0,"comment_status":"closed","ping_status":"closed","template":"","meta":[],"acf":[],"yoast_head":"<!-- This site is optimized with the Yoast SEO plugin v17.2.1 - https:\/\/yoast.com\/wordpress\/plugins\/seo\/ -->\n<title>Vocabolario Cambridge FCE<\/title>\n<meta name=\"robots\" content=\"index, follow, max-snippet:-1, max-image-preview:large, max-video-preview:-1\" \/>\n<link rel=\"canonical\" href=\"https:\/\/global-exam.com\/blog\/it\/esami\/cambridge-fce\/categoria-vocabolario-cambridge-fce\/\" \/>\n<meta property=\"og:locale\" content=\"fr_FR\" \/>\n<meta property=\"og:type\" content=\"article\" \/>\n<meta property=\"og:title\" content=\"Vocabolario Cambridge FCE\" \/>\n<meta property=\"og:description\" content=\"\u00abLe parole sono importanti!\u00bb\u2026 E come dare torto al mitico Nanni Moretti? Dopotutto, sarebbe piuttosto complicato rispondere alle domande dell\u2019esame senza capire [&hellip;]\" \/>\n<meta property=\"og:url\" content=\"https:\/\/global-exam.com\/blog\/it\/esami\/cambridge-fce\/categoria-vocabolario-cambridge-fce\/\" \/>\n<meta property=\"og:site_name\" content=\"GlobalExam Blog\" \/>\n<meta property=\"article:publisher\" content=\"https:\/\/www.facebook.com\/Global.Exam\" \/>\n<meta property=\"article:modified_time\" content=\"2022-06-27T14:43:34+00:00\" \/>\n<meta name=\"twitter:card\" content=\"summary_large_image\" \/>\n<meta name=\"twitter:site\" content=\"@Global_Exam\" \/>\n<meta name=\"twitter:label1\" content=\"Dur\u00e9e de lecture estim\u00e9e\" \/>\n\t<meta name=\"twitter:data1\" content=\"2 minutes\" \/>\n<script type=\"application\/ld+json\" class=\"yoast-schema-graph\">{\"@context\":\"https:\/\/schema.org\",\"@graph\":[{\"@type\":\"WebSite\",\"@id\":\"https:\/\/global-exam.com\/blog\/#website\",\"url\":\"https:\/\/global-exam.com\/blog\/\",\"name\":\"GlobalExam Blog\",\"description\":\"Le blog du sp\\u00e9cialiste de la certification linguistique\",\"potentialAction\":[{\"@type\":\"SearchAction\",\"target\":{\"@type\":\"EntryPoint\",\"urlTemplate\":\"https:\/\/global-exam.com\/blog\/?s={search_term_string}\"},\"query-input\":\"required name=search_term_string\"}],\"inLanguage\":\"fr-FR\"},{\"@type\":\"WebPage\",\"@id\":\"https:\/\/global-exam.com\/blog\/it\/esami\/cambridge-fce\/categoria-vocabolario-cambridge-fce\/#webpage\",\"url\":\"https:\/\/global-exam.com\/blog\/it\/esami\/cambridge-fce\/categoria-vocabolario-cambridge-fce\/\",\"name\":\"Vocabolario Cambridge FCE\",\"isPartOf\":{\"@id\":\"https:\/\/global-exam.com\/blog\/#website\"},\"datePublished\":\"2022-01-03T16:10:08+00:00\",\"dateModified\":\"2022-06-27T14:43:34+00:00\",\"breadcrumb\":{\"@id\":\"https:\/\/global-exam.com\/blog\/it\/esami\/cambridge-fce\/categoria-vocabolario-cambridge-fce\/#breadcrumb\"},\"inLanguage\":\"fr-FR\",\"potentialAction\":[{\"@type\":\"ReadAction\",\"target\":[\"https:\/\/global-exam.com\/blog\/it\/esami\/cambridge-fce\/categoria-vocabolario-cambridge-fce\/\"]}]},{\"@type\":\"BreadcrumbList\",\"@id\":\"https:\/\/global-exam.com\/blog\/it\/esami\/cambridge-fce\/categoria-vocabolario-cambridge-fce\/#breadcrumb\",\"itemListElement\":[{\"@type\":\"ListItem\",\"position\":1,\"name\":\"Esami\",\"item\":\"https:\/\/global-exam.com\/blog\/it\/esami\/\"},{\"@type\":\"ListItem\",\"position\":2,\"name\":\"Cambridge FCE\",\"item\":\"https:\/\/global-exam.com\/blog\/it\/esami\/cambridge-fce\/\"},{\"@type\":\"ListItem\",\"position\":3,\"name\":\"Vocabolario Cambridge FCE\"}]}]}<\/script>\n<!-- \/ Yoast SEO plugin. -->","yoast_head_json":{"title":"Vocabolario Cambridge FCE","robots":{"index":"index","follow":"follow","max-snippet":"max-snippet:-1","max-image-preview":"max-image-preview:large","max-video-preview":"max-video-preview:-1"},"canonical":"https:\/\/global-exam.com\/blog\/it\/esami\/cambridge-fce\/categoria-vocabolario-cambridge-fce\/","og_locale":"fr_FR","og_type":"article","og_title":"Vocabolario Cambridge FCE","og_description":"\u00abLe parole sono importanti!\u00bb\u2026 E come dare torto al mitico Nanni Moretti? Dopotutto, sarebbe piuttosto complicato rispondere alle domande dell\u2019esame senza capire [&hellip;]","og_url":"https:\/\/global-exam.com\/blog\/it\/esami\/cambridge-fce\/categoria-vocabolario-cambridge-fce\/","og_site_name":"GlobalExam Blog","article_publisher":"https:\/\/www.facebook.com\/Global.Exam","article_modified_time":"2022-06-27T14:43:34+00:00","twitter_card":"summary_large_image","twitter_site":"@Global_Exam","twitter_misc":{"Dur\u00e9e de lecture estim\u00e9e":"2 minutes"},"schema":{"@context":"https:\/\/schema.org","@graph":[{"@type":"WebSite","@id":"https:\/\/global-exam.com\/blog\/#website","url":"https:\/\/global-exam.com\/blog\/","name":"GlobalExam Blog","description":"Le blog du sp\u00e9cialiste de la certification linguistique","potentialAction":[{"@type":"SearchAction","target":{"@type":"EntryPoint","urlTemplate":"https:\/\/global-exam.com\/blog\/?s={search_term_string}"},"query-input":"required name=search_term_string"}],"inLanguage":"fr-FR"},{"@type":"WebPage","@id":"https:\/\/global-exam.com\/blog\/it\/esami\/cambridge-fce\/categoria-vocabolario-cambridge-fce\/#webpage","url":"https:\/\/global-exam.com\/blog\/it\/esami\/cambridge-fce\/categoria-vocabolario-cambridge-fce\/","name":"Vocabolario Cambridge FCE","isPartOf":{"@id":"https:\/\/global-exam.com\/blog\/#website"},"datePublished":"2022-01-03T16:10:08+00:00","dateModified":"2022-06-27T14:43:34+00:00","breadcrumb":{"@id":"https:\/\/global-exam.com\/blog\/it\/esami\/cambridge-fce\/categoria-vocabolario-cambridge-fce\/#breadcrumb"},"inLanguage":"fr-FR","potentialAction":[{"@type":"ReadAction","target":["https:\/\/global-exam.com\/blog\/it\/esami\/cambridge-fce\/categoria-vocabolario-cambridge-fce\/"]}]},{"@type":"BreadcrumbList","@id":"https:\/\/global-exam.com\/blog\/it\/esami\/cambridge-fce\/categoria-vocabolario-cambridge-fce\/#breadcrumb","itemListElement":[{"@type":"ListItem","position":1,"name":"Esami","item":"https:\/\/global-exam.com\/blog\/it\/esami\/"},{"@type":"ListItem","position":2,"name":"Cambridge FCE","item":"https:\/\/global-exam.com\/blog\/it\/esami\/cambridge-fce\/"},{"@type":"ListItem","position":3,"name":"Vocabolario Cambridge FCE"}]}]}},"lang":"it","translations":{"it":73297},"pll_sync_post":[],"_links":{"self":[{"href":"https:\/\/global-exam.com\/blog\/wp-json\/wp\/v2\/pages\/73297"}],"collection":[{"href":"https:\/\/global-exam.com\/blog\/wp-json\/wp\/v2\/pages"}],"about":[{"href":"https:\/\/global-exam.com\/blog\/wp-json\/wp\/v2\/types\/page"}],"author":[{"embeddable":true,"href":"https:\/\/global-exam.com\/blog\/wp-json\/wp\/v2\/users\/24"}],"replies":[{"embeddable":true,"href":"https:\/\/global-exam.com\/blog\/wp-json\/wp\/v2\/comments?post=73297"}],"version-history":[{"count":3,"href":"https:\/\/global-exam.com\/blog\/wp-json\/wp\/v2\/pages\/73297\/revisions"}],"predecessor-version":[{"id":76547,"href":"https:\/\/global-exam.com\/blog\/wp-json\/wp\/v2\/pages\/73297\/revisions\/76547"}],"up":[{"embeddable":true,"href":"https:\/\/global-exam.com\/blog\/wp-json\/wp\/v2\/pages\/42319"}],"wp:attachment":[{"href":"https:\/\/global-exam.com\/blog\/wp-json\/wp\/v2\/media?parent=73297"}],"curies":[{"name":"wp","href":"https:\/\/api.w.org\/{rel}","templated":true}]}}