{"id":73310,"date":"2022-01-03T17:32:57","date_gmt":"2022-01-03T16:32:57","guid":{"rendered":"https:\/\/global-exam.com\/blog\/?page_id=73310"},"modified":"2022-06-27T16:43:32","modified_gmt":"2022-06-27T14:43:32","slug":"categoria-materiali-per-allenarsi-cae","status":"publish","type":"page","link":"https:\/\/global-exam.com\/blog\/it\/esami\/c1-advanced\/categoria-materiali-per-allenarsi-cae\/","title":{"rendered":"Materiali per allenarsi CAE"},"content":{"rendered":"<p>Ti sei deciso ad affrontare il<strong>\u00a0Cambridge CAE<\/strong>\u00a0e sei talmente determinato che vuoi raggiungere il punteggio massimo? Bene, sei capitato nella sezione giusta! Grazie agli articoli che troverai qui sotto potrai avere una panoramica a 360\u00b0 della prova che ti aspetta, oltre ad armarti di preziosi\u00a0<strong>strumenti e consigli<\/strong>\u00a0funzionali che ti faranno brillare il giorno dell\u2019esame.<\/p>\n<p>Partiamo da una rassicurante certezza: il Cambridge CAE non fa mai sorprese. L\u2019esame presenta<strong>\u00a0sempre la stessa struttura<\/strong>, le stesse consegne e la stessa tipologia di esercizi: tutto \u00e8 ufficialmente prestabilito, e non vi \u00e8 in alcun modo la possibilit\u00e0 di incappare in qualche novit\u00e0 o qualcosa di inaspettato. Proprio per questa ragione,<strong>\u00a0il segreto \u00e8 l\u2019allenamento<\/strong>! Una volta raggiunto il livello di inglese richiesto dalla prova, e cio\u00e8 il<strong>\u00a0livello C1<\/strong>, quello che dovrai fare \u00e8 studiare e prendere dimestichezza con il\u00a0<strong>formato dell\u2019esame<\/strong>, gli esercizi, quello che ti viene richiesto e le relative tempistiche.<\/p>\n<p>Quando ti sentirai padrone della prova e delle sue modalit\u00e0 sarai pronto a sottoporti all\u2019esame: in effetti, a quel punto il test non sar\u00e0 altro che l\u2019ennesima esercitazione fatta a casa in autonomia.<\/p>\n<p>Vuoi sapere quale potrebbe essere un buon metodo per allenarti? Ascolta il nostro consiglio: iscriviti a <strong>GlobalExam!<\/strong> GlobalExam \u00e8 la nostra <strong>piattaforma e-learning<\/strong>, creata proprio per aiutare i candidati a preparare i test di certificazione linguistica. L\u2019esercitazione online di cui potrai usufruire con noi prevede due opzioni: una <strong>versione gratuita<\/strong>, che ti permetter\u00e0 di svolgere un test per misurare il tuo livello di inglese e di accedere a schede di ripasso vocabolario e grammatica, e una versione a pagamento, con cui avrai a disposizione <strong>simulazioni d\u2019esame con correzioni<\/strong>, esercizi mirati per ogni area linguistica, <strong>percorsi personalizzati<\/strong> sulla base di obiettivi prefissati e follow up dei tuoi progressi.<\/p>\n<p>Se l\u2019idea di prepararti online ti stuzzica, non temporeggiare: leggi gli articoli di questa sezione e registrati su GlobalExam per superare il CAE con il migliore punteggio!<\/p>\n","protected":false},"excerpt":{"rendered":"<p>Ti sei deciso ad affrontare il\u00a0Cambridge CAE\u00a0e sei talmente determinato che vuoi raggiungere il punteggio massimo? Bene, sei capitato nella sezione giusta! [&hellip;]<\/p>\n","protected":false},"author":24,"featured_media":0,"parent":45101,"menu_order":0,"comment_status":"closed","ping_status":"closed","template":"","meta":[],"acf":[],"yoast_head":"<!-- This site is optimized with the Yoast SEO plugin v17.2.1 - https:\/\/yoast.com\/wordpress\/plugins\/seo\/ -->\n<title>Materiali per allenarsi CAE<\/title>\n<meta name=\"robots\" content=\"index, follow, max-snippet:-1, max-image-preview:large, max-video-preview:-1\" \/>\n<link rel=\"canonical\" href=\"https:\/\/global-exam.com\/blog\/it\/esami\/c1-advanced\/categoria-materiali-per-allenarsi-cae\/\" \/>\n<meta property=\"og:locale\" content=\"fr_FR\" \/>\n<meta property=\"og:type\" content=\"article\" \/>\n<meta property=\"og:title\" content=\"Materiali per allenarsi CAE\" \/>\n<meta property=\"og:description\" content=\"Ti sei deciso ad affrontare il\u00a0Cambridge CAE\u00a0e sei talmente determinato che vuoi raggiungere il punteggio massimo? Bene, sei capitato nella sezione giusta! [&hellip;]\" \/>\n<meta property=\"og:url\" content=\"https:\/\/global-exam.com\/blog\/it\/esami\/c1-advanced\/categoria-materiali-per-allenarsi-cae\/\" \/>\n<meta property=\"og:site_name\" content=\"GlobalExam Blog\" \/>\n<meta property=\"article:publisher\" content=\"https:\/\/www.facebook.com\/Global.Exam\" \/>\n<meta property=\"article:modified_time\" content=\"2022-06-27T14:43:32+00:00\" \/>\n<meta name=\"twitter:card\" content=\"summary_large_image\" \/>\n<meta name=\"twitter:site\" content=\"@Global_Exam\" \/>\n<meta name=\"twitter:label1\" content=\"Dur\u00e9e de lecture estim\u00e9e\" \/>\n\t<meta name=\"twitter:data1\" content=\"2 minutes\" \/>\n<script type=\"application\/ld+json\" class=\"yoast-schema-graph\">{\"@context\":\"https:\/\/schema.org\",\"@graph\":[{\"@type\":\"WebSite\",\"@id\":\"https:\/\/global-exam.com\/blog\/#website\",\"url\":\"https:\/\/global-exam.com\/blog\/\",\"name\":\"GlobalExam Blog\",\"description\":\"Le blog du sp\\u00e9cialiste de la certification linguistique\",\"potentialAction\":[{\"@type\":\"SearchAction\",\"target\":{\"@type\":\"EntryPoint\",\"urlTemplate\":\"https:\/\/global-exam.com\/blog\/?s={search_term_string}\"},\"query-input\":\"required name=search_term_string\"}],\"inLanguage\":\"fr-FR\"},{\"@type\":\"WebPage\",\"@id\":\"https:\/\/global-exam.com\/blog\/it\/esami\/c1-advanced\/categoria-materiali-per-allenarsi-cae\/#webpage\",\"url\":\"https:\/\/global-exam.com\/blog\/it\/esami\/c1-advanced\/categoria-materiali-per-allenarsi-cae\/\",\"name\":\"Materiali per allenarsi CAE\",\"isPartOf\":{\"@id\":\"https:\/\/global-exam.com\/blog\/#website\"},\"datePublished\":\"2022-01-03T16:32:57+00:00\",\"dateModified\":\"2022-06-27T14:43:32+00:00\",\"breadcrumb\":{\"@id\":\"https:\/\/global-exam.com\/blog\/it\/esami\/c1-advanced\/categoria-materiali-per-allenarsi-cae\/#breadcrumb\"},\"inLanguage\":\"fr-FR\",\"potentialAction\":[{\"@type\":\"ReadAction\",\"target\":[\"https:\/\/global-exam.com\/blog\/it\/esami\/c1-advanced\/categoria-materiali-per-allenarsi-cae\/\"]}]},{\"@type\":\"BreadcrumbList\",\"@id\":\"https:\/\/global-exam.com\/blog\/it\/esami\/c1-advanced\/categoria-materiali-per-allenarsi-cae\/#breadcrumb\",\"itemListElement\":[{\"@type\":\"ListItem\",\"position\":1,\"name\":\"Esami\",\"item\":\"https:\/\/global-exam.com\/blog\/it\/esami\/\"},{\"@type\":\"ListItem\",\"position\":2,\"name\":\"C1 Advanced\",\"item\":\"https:\/\/global-exam.com\/blog\/it\/esami\/c1-advanced\/\"},{\"@type\":\"ListItem\",\"position\":3,\"name\":\"Materiali per allenarsi CAE\"}]}]}<\/script>\n<!-- \/ Yoast SEO plugin. -->","yoast_head_json":{"title":"Materiali per allenarsi CAE","robots":{"index":"index","follow":"follow","max-snippet":"max-snippet:-1","max-image-preview":"max-image-preview:large","max-video-preview":"max-video-preview:-1"},"canonical":"https:\/\/global-exam.com\/blog\/it\/esami\/c1-advanced\/categoria-materiali-per-allenarsi-cae\/","og_locale":"fr_FR","og_type":"article","og_title":"Materiali per allenarsi CAE","og_description":"Ti sei deciso ad affrontare il\u00a0Cambridge CAE\u00a0e sei talmente determinato che vuoi raggiungere il punteggio massimo? Bene, sei capitato nella sezione giusta! [&hellip;]","og_url":"https:\/\/global-exam.com\/blog\/it\/esami\/c1-advanced\/categoria-materiali-per-allenarsi-cae\/","og_site_name":"GlobalExam Blog","article_publisher":"https:\/\/www.facebook.com\/Global.Exam","article_modified_time":"2022-06-27T14:43:32+00:00","twitter_card":"summary_large_image","twitter_site":"@Global_Exam","twitter_misc":{"Dur\u00e9e de lecture estim\u00e9e":"2 minutes"},"schema":{"@context":"https:\/\/schema.org","@graph":[{"@type":"WebSite","@id":"https:\/\/global-exam.com\/blog\/#website","url":"https:\/\/global-exam.com\/blog\/","name":"GlobalExam Blog","description":"Le blog du sp\u00e9cialiste de la certification linguistique","potentialAction":[{"@type":"SearchAction","target":{"@type":"EntryPoint","urlTemplate":"https:\/\/global-exam.com\/blog\/?s={search_term_string}"},"query-input":"required name=search_term_string"}],"inLanguage":"fr-FR"},{"@type":"WebPage","@id":"https:\/\/global-exam.com\/blog\/it\/esami\/c1-advanced\/categoria-materiali-per-allenarsi-cae\/#webpage","url":"https:\/\/global-exam.com\/blog\/it\/esami\/c1-advanced\/categoria-materiali-per-allenarsi-cae\/","name":"Materiali per allenarsi CAE","isPartOf":{"@id":"https:\/\/global-exam.com\/blog\/#website"},"datePublished":"2022-01-03T16:32:57+00:00","dateModified":"2022-06-27T14:43:32+00:00","breadcrumb":{"@id":"https:\/\/global-exam.com\/blog\/it\/esami\/c1-advanced\/categoria-materiali-per-allenarsi-cae\/#breadcrumb"},"inLanguage":"fr-FR","potentialAction":[{"@type":"ReadAction","target":["https:\/\/global-exam.com\/blog\/it\/esami\/c1-advanced\/categoria-materiali-per-allenarsi-cae\/"]}]},{"@type":"BreadcrumbList","@id":"https:\/\/global-exam.com\/blog\/it\/esami\/c1-advanced\/categoria-materiali-per-allenarsi-cae\/#breadcrumb","itemListElement":[{"@type":"ListItem","position":1,"name":"Esami","item":"https:\/\/global-exam.com\/blog\/it\/esami\/"},{"@type":"ListItem","position":2,"name":"C1 Advanced","item":"https:\/\/global-exam.com\/blog\/it\/esami\/c1-advanced\/"},{"@type":"ListItem","position":3,"name":"Materiali per allenarsi CAE"}]}]}},"lang":"it","translations":{"it":73310},"pll_sync_post":[],"_links":{"self":[{"href":"https:\/\/global-exam.com\/blog\/wp-json\/wp\/v2\/pages\/73310"}],"collection":[{"href":"https:\/\/global-exam.com\/blog\/wp-json\/wp\/v2\/pages"}],"about":[{"href":"https:\/\/global-exam.com\/blog\/wp-json\/wp\/v2\/types\/page"}],"author":[{"embeddable":true,"href":"https:\/\/global-exam.com\/blog\/wp-json\/wp\/v2\/users\/24"}],"replies":[{"embeddable":true,"href":"https:\/\/global-exam.com\/blog\/wp-json\/wp\/v2\/comments?post=73310"}],"version-history":[{"count":5,"href":"https:\/\/global-exam.com\/blog\/wp-json\/wp\/v2\/pages\/73310\/revisions"}],"predecessor-version":[{"id":76543,"href":"https:\/\/global-exam.com\/blog\/wp-json\/wp\/v2\/pages\/73310\/revisions\/76543"}],"up":[{"embeddable":true,"href":"https:\/\/global-exam.com\/blog\/wp-json\/wp\/v2\/pages\/45101"}],"wp:attachment":[{"href":"https:\/\/global-exam.com\/blog\/wp-json\/wp\/v2\/media?parent=73310"}],"curies":[{"name":"wp","href":"https:\/\/api.w.org\/{rel}","templated":true}]}}