{"id":73415,"date":"2022-01-04T11:17:07","date_gmt":"2022-01-04T10:17:07","guid":{"rendered":"https:\/\/global-exam.com\/blog\/?page_id=73415"},"modified":"2022-06-27T16:43:25","modified_gmt":"2022-06-27T14:43:25","slug":"categoria-centri-desame-in-italia-toefl-ibt","status":"publish","type":"page","link":"https:\/\/global-exam.com\/blog\/it\/esami\/toefl-ibt\/categoria-centri-desame-in-italia-toefl-ibt\/","title":{"rendered":"Centri d\u2019esame in Italia TOEFL IBT"},"content":{"rendered":"<p>Conoscere l\u2019inglese \u00e8 una competenza dall\u2019importanza ormai innegabile, tanto nell\u2019ambito dei propri studi accademici, quanto per la ricerca di lavoro. Con il\u00a0<strong>TOEFL<\/strong>\u00a0(Test of English as a Foreign Language) potrai dimostrare la tua conoscenza della lingua inglese ad un\u00a0<strong>livello intermedio-avanzato<\/strong>, strumento che ti permetter\u00e0 di cogliere le migliori opportunit\u00e0. Il TOEFL \u00e8 in effetti una delle certificazioni linguistiche pi\u00f9 diffuse e richieste all\u2019internazionale, perch\u00e9 consente di attestare la tua padronanza dell\u2019inglese nelle<strong>\u00a04 abilit\u00e0 linguistiche<\/strong>\u00a0principali, ovvero lettura, ascolto, scrittura ed espressione orale.<\/p>\n<p>Se sei deciso ad<strong>\u00a0iscriverti al TOEFL in Italia<\/strong>, sei capitato nel posto giusto! In questa categoria del blog troverai tutte le informazioni di cui hai bisogno. Ti diremo nel dettaglio quali sono le<strong>\u00a0sedi d\u2019esame italiane<\/strong>\u00a0autorizzate da ETS e le relative<strong>\u00a0procedure di iscrizione<\/strong>: in questo modo, saprai sempre dove recarti, quando e munito di cosa!<\/p>\n<p>Le sedi d\u2019esame che ti presenteremo in questi articoli sono riconosciute e monitorate dall\u2019ente erogatore ETS, perch\u00e9 siano sempre adeguate agli standard di qualit\u00e0 richiesti: ogni sede locale potr\u00e0 ovviamente darti tutte le informazioni necessarie sull\u2019iscrizione agli esami e sulle sessioni attivate, oltre ad indicarti come e dove reperire il materiale idoneo per prepararti al test.<\/p>\n<p>Ti parleremo anche del ruolo di EAS Milano, centro ufficiale ETS per l\u2019erogazione e distribuzione degli esami TOEFL in Italia \u2013 per cui somministra tutti i test di propriet\u00e0 dell\u2019organizzazione americana (TOEFL iBT, TOEFL Junior, TOEFL Primary, TOEIC e TFI). Ovviamente, <strong>per prepararti al meglio al test TOEFL<\/strong> e superarlo con il punteggio pi\u00f9 alto l\u2019allenamento sar\u00e0 fondamentale: per questo ti consigliamo di fare tanta, <strong>tantissima pratica<\/strong> in vista dell\u2019esame! E perch\u00e9 non <strong>con GlobalExam<\/strong>? Con la nostra piattaforma online, ti proponiamo <strong>esercitazioni e simulazioni nelle reali condizioni dell\u2019esame<\/strong>, oltre a delle soluzioni studiate ad hoc per te dai nostri esperti linguistici. Cosa aspetti? Leggi gli articoli di questo blog, affidati a GlobalExam!<\/p>\n","protected":false},"excerpt":{"rendered":"<p>Conoscere l\u2019inglese \u00e8 una competenza dall\u2019importanza ormai innegabile, tanto nell\u2019ambito dei propri studi accademici, quanto per la ricerca di lavoro. Con il\u00a0TOEFL\u00a0(Test [&hellip;]<\/p>\n","protected":false},"author":24,"featured_media":0,"parent":47642,"menu_order":0,"comment_status":"closed","ping_status":"closed","template":"","meta":[],"acf":[],"yoast_head":"<!-- This site is optimized with the Yoast SEO plugin v17.2.1 - https:\/\/yoast.com\/wordpress\/plugins\/seo\/ -->\n<title>Centri d\u2019esame in Italia TOEFL IBT<\/title>\n<meta name=\"robots\" content=\"index, follow, max-snippet:-1, max-image-preview:large, max-video-preview:-1\" \/>\n<link rel=\"canonical\" href=\"https:\/\/global-exam.com\/blog\/it\/esami\/toefl-ibt\/categoria-centri-desame-in-italia-toefl-ibt\/\" \/>\n<meta property=\"og:locale\" content=\"fr_FR\" \/>\n<meta property=\"og:type\" content=\"article\" \/>\n<meta property=\"og:title\" content=\"Centri d\u2019esame in Italia TOEFL IBT\" \/>\n<meta property=\"og:description\" content=\"Conoscere l\u2019inglese \u00e8 una competenza dall\u2019importanza ormai innegabile, tanto nell\u2019ambito dei propri studi accademici, quanto per la ricerca di lavoro. Con il\u00a0TOEFL\u00a0(Test [&hellip;]\" \/>\n<meta property=\"og:url\" content=\"https:\/\/global-exam.com\/blog\/it\/esami\/toefl-ibt\/categoria-centri-desame-in-italia-toefl-ibt\/\" \/>\n<meta property=\"og:site_name\" content=\"GlobalExam Blog\" \/>\n<meta property=\"article:publisher\" content=\"https:\/\/www.facebook.com\/Global.Exam\" \/>\n<meta property=\"article:modified_time\" content=\"2022-06-27T14:43:25+00:00\" \/>\n<meta name=\"twitter:card\" content=\"summary_large_image\" \/>\n<meta name=\"twitter:site\" content=\"@Global_Exam\" \/>\n<meta name=\"twitter:label1\" content=\"Dur\u00e9e de lecture estim\u00e9e\" \/>\n\t<meta name=\"twitter:data1\" content=\"2 minutes\" \/>\n<script type=\"application\/ld+json\" class=\"yoast-schema-graph\">{\"@context\":\"https:\/\/schema.org\",\"@graph\":[{\"@type\":\"WebSite\",\"@id\":\"https:\/\/global-exam.com\/blog\/#website\",\"url\":\"https:\/\/global-exam.com\/blog\/\",\"name\":\"GlobalExam Blog\",\"description\":\"Le blog du sp\\u00e9cialiste de la certification linguistique\",\"potentialAction\":[{\"@type\":\"SearchAction\",\"target\":{\"@type\":\"EntryPoint\",\"urlTemplate\":\"https:\/\/global-exam.com\/blog\/?s={search_term_string}\"},\"query-input\":\"required name=search_term_string\"}],\"inLanguage\":\"fr-FR\"},{\"@type\":\"WebPage\",\"@id\":\"https:\/\/global-exam.com\/blog\/it\/esami\/toefl-ibt\/categoria-centri-desame-in-italia-toefl-ibt\/#webpage\",\"url\":\"https:\/\/global-exam.com\/blog\/it\/esami\/toefl-ibt\/categoria-centri-desame-in-italia-toefl-ibt\/\",\"name\":\"Centri d\\u2019esame in Italia TOEFL IBT\",\"isPartOf\":{\"@id\":\"https:\/\/global-exam.com\/blog\/#website\"},\"datePublished\":\"2022-01-04T10:17:07+00:00\",\"dateModified\":\"2022-06-27T14:43:25+00:00\",\"breadcrumb\":{\"@id\":\"https:\/\/global-exam.com\/blog\/it\/esami\/toefl-ibt\/categoria-centri-desame-in-italia-toefl-ibt\/#breadcrumb\"},\"inLanguage\":\"fr-FR\",\"potentialAction\":[{\"@type\":\"ReadAction\",\"target\":[\"https:\/\/global-exam.com\/blog\/it\/esami\/toefl-ibt\/categoria-centri-desame-in-italia-toefl-ibt\/\"]}]},{\"@type\":\"BreadcrumbList\",\"@id\":\"https:\/\/global-exam.com\/blog\/it\/esami\/toefl-ibt\/categoria-centri-desame-in-italia-toefl-ibt\/#breadcrumb\",\"itemListElement\":[{\"@type\":\"ListItem\",\"position\":1,\"name\":\"Esami\",\"item\":\"https:\/\/global-exam.com\/blog\/it\/esami\/\"},{\"@type\":\"ListItem\",\"position\":2,\"name\":\"TOEFL IBT\",\"item\":\"https:\/\/global-exam.com\/blog\/it\/esami\/toefl-ibt\/\"},{\"@type\":\"ListItem\",\"position\":3,\"name\":\"Centri d\\u2019esame in Italia TOEFL IBT\"}]}]}<\/script>\n<!-- \/ Yoast SEO plugin. -->","yoast_head_json":{"title":"Centri d\u2019esame in Italia TOEFL IBT","robots":{"index":"index","follow":"follow","max-snippet":"max-snippet:-1","max-image-preview":"max-image-preview:large","max-video-preview":"max-video-preview:-1"},"canonical":"https:\/\/global-exam.com\/blog\/it\/esami\/toefl-ibt\/categoria-centri-desame-in-italia-toefl-ibt\/","og_locale":"fr_FR","og_type":"article","og_title":"Centri d\u2019esame in Italia TOEFL IBT","og_description":"Conoscere l\u2019inglese \u00e8 una competenza dall\u2019importanza ormai innegabile, tanto nell\u2019ambito dei propri studi accademici, quanto per la ricerca di lavoro. Con il\u00a0TOEFL\u00a0(Test [&hellip;]","og_url":"https:\/\/global-exam.com\/blog\/it\/esami\/toefl-ibt\/categoria-centri-desame-in-italia-toefl-ibt\/","og_site_name":"GlobalExam Blog","article_publisher":"https:\/\/www.facebook.com\/Global.Exam","article_modified_time":"2022-06-27T14:43:25+00:00","twitter_card":"summary_large_image","twitter_site":"@Global_Exam","twitter_misc":{"Dur\u00e9e de lecture estim\u00e9e":"2 minutes"},"schema":{"@context":"https:\/\/schema.org","@graph":[{"@type":"WebSite","@id":"https:\/\/global-exam.com\/blog\/#website","url":"https:\/\/global-exam.com\/blog\/","name":"GlobalExam Blog","description":"Le blog du sp\u00e9cialiste de la certification linguistique","potentialAction":[{"@type":"SearchAction","target":{"@type":"EntryPoint","urlTemplate":"https:\/\/global-exam.com\/blog\/?s={search_term_string}"},"query-input":"required name=search_term_string"}],"inLanguage":"fr-FR"},{"@type":"WebPage","@id":"https:\/\/global-exam.com\/blog\/it\/esami\/toefl-ibt\/categoria-centri-desame-in-italia-toefl-ibt\/#webpage","url":"https:\/\/global-exam.com\/blog\/it\/esami\/toefl-ibt\/categoria-centri-desame-in-italia-toefl-ibt\/","name":"Centri d\u2019esame in Italia TOEFL IBT","isPartOf":{"@id":"https:\/\/global-exam.com\/blog\/#website"},"datePublished":"2022-01-04T10:17:07+00:00","dateModified":"2022-06-27T14:43:25+00:00","breadcrumb":{"@id":"https:\/\/global-exam.com\/blog\/it\/esami\/toefl-ibt\/categoria-centri-desame-in-italia-toefl-ibt\/#breadcrumb"},"inLanguage":"fr-FR","potentialAction":[{"@type":"ReadAction","target":["https:\/\/global-exam.com\/blog\/it\/esami\/toefl-ibt\/categoria-centri-desame-in-italia-toefl-ibt\/"]}]},{"@type":"BreadcrumbList","@id":"https:\/\/global-exam.com\/blog\/it\/esami\/toefl-ibt\/categoria-centri-desame-in-italia-toefl-ibt\/#breadcrumb","itemListElement":[{"@type":"ListItem","position":1,"name":"Esami","item":"https:\/\/global-exam.com\/blog\/it\/esami\/"},{"@type":"ListItem","position":2,"name":"TOEFL IBT","item":"https:\/\/global-exam.com\/blog\/it\/esami\/toefl-ibt\/"},{"@type":"ListItem","position":3,"name":"Centri d\u2019esame in Italia TOEFL IBT"}]}]}},"lang":"it","translations":{"it":73415},"pll_sync_post":[],"_links":{"self":[{"href":"https:\/\/global-exam.com\/blog\/wp-json\/wp\/v2\/pages\/73415"}],"collection":[{"href":"https:\/\/global-exam.com\/blog\/wp-json\/wp\/v2\/pages"}],"about":[{"href":"https:\/\/global-exam.com\/blog\/wp-json\/wp\/v2\/types\/page"}],"author":[{"embeddable":true,"href":"https:\/\/global-exam.com\/blog\/wp-json\/wp\/v2\/users\/24"}],"replies":[{"embeddable":true,"href":"https:\/\/global-exam.com\/blog\/wp-json\/wp\/v2\/comments?post=73415"}],"version-history":[{"count":3,"href":"https:\/\/global-exam.com\/blog\/wp-json\/wp\/v2\/pages\/73415\/revisions"}],"predecessor-version":[{"id":76531,"href":"https:\/\/global-exam.com\/blog\/wp-json\/wp\/v2\/pages\/73415\/revisions\/76531"}],"up":[{"embeddable":true,"href":"https:\/\/global-exam.com\/blog\/wp-json\/wp\/v2\/pages\/47642"}],"wp:attachment":[{"href":"https:\/\/global-exam.com\/blog\/wp-json\/wp\/v2\/media?parent=73415"}],"curies":[{"name":"wp","href":"https:\/\/api.w.org\/{rel}","templated":true}]}}